(3198,NULL,'USER_LOGIN',1,'2023-09-27 13:14:25',2,'(UserLogged,QMayet) - TZ=1;TZString=Europe/Paris;Screen=2560x1241','217.128.246.102','Mozilla/5.0 (Windows NT 10.0; Win64; x64) AppleWebKit/537.36 (KHTML, like Gecko) Chrome/116.0.0.0 Safari/537.36',NULL,'bd830efa8e0e897ff17af8b733d1b33351a733fd',NULL,NULL),(3199,NULL,'USER_LOGIN',1,'2023-09-28 12:31:51',10,'(UserLogged,LCauchon) - TZ=1;TZString=Europe/Paris;Screen=2133x1070','37.171.208.153','Mozilla/5.0 (Windows NT 10.0; Win64; x64) AppleWebKit/537.36 (KHTML, like Gecko) Chrome/117.0.0.0 Safari/537.36',NULL,'bd830efa8e0e897ff17af8b733d1b33351a733fd',NULL,NULL),(3200,NULL,'USER_LOGIN',1,'2023-09-28 14:48:48',2,'(UserLogged,QMayet) - TZ=1;TZString=Europe/Paris;Screen=2560x1241','90.27.11.88','Mozilla/5.0 (Windows NT 10.0; Win64; x64) AppleWebKit/537.36 (KHTML, like Gecko) Chrome/117.0.0.0 Safari/537.36',NULL,'bd830efa8e0e897ff17af8b733d1b33351a733fd',NULL,NULL),(3201,NULL,'USER_LOGIN',1,'2023-09-29 07:14:36',2,'(UserLogged,QMayet) - TZ=1;TZString=Europe/Paris;Screen=2560x1241','90.27.11.88','Mozilla/5.0 (Windows NT 10.0; Win64; x64) AppleWebKit/537.36 (KHTML, like Gecko) Chrome/117.0.0.0 Safari/537.36',NULL,'bd830efa8e0e897ff17af8b733d1b33351a733fd',NULL,NULL),(3202,NULL,'USER_LOGIN',1,'2023-09-29 08:58:05',10,'(UserLogged,LCauchon) - TZ=1;TZString=Europe/Paris;Screen=2133x1070','37.174.96.211','Mozilla/5.0 (Windows NT 10.0; Win64; x64) AppleWebKit/537.36 (KHTML, like Gecko) Chrome/117.0.0.0 Safari/537.36',NULL,'bd830efa8e0e897ff17af8b733d1b33351a733fd',NULL,NULL),(3203,NULL,'USER_LOGIN',1,'2023-09-29 10:45:17',2,'(UserLogged,QMayet) - TZ=1;TZString=Europe/Paris;Screen=2560x1241','217.128.246.102','Mozilla/5.0 (Windows NT 10.0; Win64; x64) AppleWebKit/537.36 (KHTML, like Gecko) Chrome/117.0.0.0 Safari/537.36',NULL,'bd830efa8e0e897ff17af8b733d1b33351a733fd',NULL,NULL),(3204,NULL,'USER_LOGIN',1,'2023-09-29 13:31:50',2,'(UserLogged,QMayet) - TZ=1;TZString=Europe/Paris;Screen=1277x1228','91.169.6.1','Mozilla/5.0 (Windows NT 10.0; Win64; x64) AppleWebKit/537.36 (KHTML, like Gecko) Chrome/117.0.0.0 Safari/537.36',NULL,'bd830efa8e0e897ff17af8b733d1b33351a733fd',NULL,NULL),(3205,NULL,'USER_LOGIN',1,'2023-09-29 18:22:54',2,'(UserLogged,QMayet) - TZ=1;TZString=Europe/Paris;Screen=2560x1241','217.128.246.102','Mozilla/5.0 (Windows NT 10.0; Win64; x64) AppleWebKit/537.36 (KHTML, like Gecko) Chrome/117.0.0.0 Safari/537.36',NULL,'bd830efa8e0e897ff17af8b733d1b33351a733fd',NULL,NULL),(3206,NULL,'USER_LOGIN',1,'2023-10-02 15:59:18',10,'(UserLogged,LCauchon) - TZ=1;TZString=Europe/Paris;Screen=2133x1067','217.128.246.102','Mozilla/5.0 (Windows NT 10.0; Win64; x64) AppleWebKit/537.36 (KHTML, like Gecko) Chrome/117.0.0.0 Safari/537.36',NULL,'bd830efa8e0e897ff17af8b733d1b33351a733fd',NULL,NULL),(3207,NULL,'USER_LOGIN_FAILED',1,'2023-10-03 14:46:52',NULL,'ErrorBadValueForCode - login=LCauchon','217.128.246.102','Mozilla/5.0 (Windows NT 10.0; Win64; x64) AppleWebKit/537.36 (KHTML, like Gecko) Chrome/117.0.0.0 Safari/537.36',NULL,'bd830efa8e0e897ff17af8b733d1b33351a733fd',NULL,NULL),(3208,NULL,'USER_LOGIN',1,'2023-10-03 14:46:58',10,'(UserLogged,LCauchon) - TZ=1;TZString=Europe/Paris;Screen=2133x1070','217.128.246.102','Mozilla/5.0 (Windows NT 10.0; Win64; x64) AppleWebKit/537.36 (KHTML, like Gecko) Chrome/117.0.0.0 Safari/537.36',NULL,'bd830efa8e0e897ff17af8b733d1b33351a733fd',NULL,NULL),(3209,NULL,'USER_LOGIN',1,'2023-10-04 13:40:12',2,'(UserLogged,QMayet) - TZ=1;TZString=Europe/Paris;Screen=2560x1241','217.128.246.102','Mozilla/5.0 (Windows NT 10.0; Win64; x64) AppleWebKit/537.36 (KHTML, like Gecko) Chrome/117.0.0.0 Safari/537.36',NULL,'bd830efa8e0e897ff17af8b733d1b33351a733fd',NULL,NULL),(3210,NULL,'USER_LOGIN_FAILED',1,'2023-10-04 13:47:24',NULL,'ErrorBadValueForCode - login=LCauchon','217.128.246.102','Mozilla/5.0 (Windows NT 10.0; Win64; x64) AppleWebKit/537.36 (KHTML, like Gecko) Chrome/117.0.0.0 Safari/537.36',NULL,'bd830efa8e0e897ff17af8b733d1b33351a733fd',NULL,NULL),(3211,NULL,'USER_LOGIN',1,'2023-10-04 19:26:28',2,'(UserLogged,QMayet) - TZ=1;TZString=Europe/Paris;Screen=2560x1241','80.215.128.41','Mozilla/5.0 (Windows NT 10.0; Win64; x64) AppleWebKit/537.36 (KHTML, like Gecko) Chrome/117.0.0.0 Safari/537.36',NULL,'bd830efa8e0e897ff17af8b733d1b33351a733fd',NULL,NULL),(3212,NULL,'USER_LOGIN_FAILED',1,'2023-10-06 13:01:23',NULL,'ErrorBadValueForCode - login=LCauchon','37.169.145.146','Mozilla/5.0 (Windows NT 10.0; Win64; x64) AppleWebKit/537.36 (KHTML, like Gecko) Chrome/117.0.0.0 Safari/537.36',NULL,'bd830efa8e0e897ff17af8b733d1b33351a733fd',NULL,NULL),(3213,NULL,'USER_LOGIN_FAILED',1,'2023-10-06 13:01:30',NULL,'ErrorBadValueForCode - login=LCauchon','37.169.145.146','Mozilla/5.0 (Windows NT 10.0; Win64; x64) AppleWebKit/537.36 (KHTML, like Gecko) Chrome/117.0.0.0 Safari/537.36',NULL,'bd830efa8e0e897ff17af8b733d1b33351a733fd',NULL,NULL),(3214,NULL,'USER_LOGIN',1,'2023-10-06 13:01:35',10,'(UserLogged,LCauchon) - TZ=1;TZString=Europe/Paris;Screen=2133x1070','37.169.145.146','Mozilla/5.0 (Windows NT 10.0; Win64; x64) AppleWebKit/537.36 (KHTML, like Gecko) Chrome/117.0.0.0 Safari/537.36',NULL,'bd830efa8e0e897ff17af8b733d1b33351a733fd',NULL,NULL),(3215,NULL,'USER_LOGIN',1,'2023-10-06 13:25:37',2,'(UserLogged,QMayet) - TZ=1;TZString=Europe/Paris;Screen=2560x1241','90.27.11.88','Mozilla/5.0 (Windows NT 10.0; Win64; x64) AppleWebKit/537.36 (KHTML, like Gecko) Chrome/117.0.0.0 Safari/537.36',NULL,'bd830efa8e0e897ff17af8b733d1b33351a733fd',NULL,NULL),(3216,NULL,'USER_LOGIN',1,'2023-10-06 16:31:01',2,'(UserLogged,QMayet) - TZ=1;TZString=Europe/Paris;Screen=1280x1240','90.27.11.88','Mozilla/5.0 (Windows NT 10.0; Win64; x64) AppleWebKit/537.36 (KHTML, like Gecko) Chrome/117.0.0.0 Safari/537.36',NULL,'bd830efa8e0e897ff17af8b733d1b33351a733fd',NULL,NULL),(3217,NULL,'USER_ENABLEDISABLE',1,'2023-10-06 16:32:42',2,'Désactivation utilisateur GVanhove','90.27.11.88','Mozilla/5.0 (Windows NT 10.0; Win64; x64) AppleWebKit/537.36 (KHTML, like Gecko) Chrome/117.0.0.0 Safari/537.36',NULL,'bd830efa8e0e897ff17af8b733d1b33351a733fd',NULL,NULL),(3218,NULL,'USER_ENABLEDISABLE',1,'2023-10-06 16:32:50',2,'Désactivation utilisateur CBlaevoet','90.27.11.88','Mozilla/5.0 (Windows NT 10.0; Win64; x64) AppleWebKit/537.36 (KHTML, like Gecko) Chrome/117.0.0.0 Safari/537.36',NULL,'bd830efa8e0e897ff17af8b733d1b33351a733fd',NULL,NULL),(3219,NULL,'USER_ENABLEDISABLE',1,'2023-10-06 16:32:58',2,'Désactivation utilisateur EDegend','90.27.11.88','Mozilla/5.0 (Windows NT 10.0; Win64; x64) AppleWebKit/537.36 (KHTML, like Gecko) Chrome/117.0.0.0 Safari/537.36',NULL,'bd830efa8e0e897ff17af8b733d1b33351a733fd',NULL,NULL),(3220,NULL,'USER_ENABLEDISABLE',1,'2023-10-06 16:33:04',2,'Désactivation utilisateur APichon','90.27.11.88','Mozilla/5.0 (Windows NT 10.0; Win64; x64) AppleWebKit/537.36 (KHTML, like Gecko) Chrome/117.0.0.0 Safari/537.36',NULL,'bd830efa8e0e897ff17af8b733d1b33351a733fd',NULL,NULL),(3221,NULL,'USER_CREATE',1,'2023-10-06 17:04:19',2,'Création utilisateur KMaillard','90.27.11.88','Mozilla/5.0 (Windows NT 10.0; Win64; x64) AppleWebKit/537.36 (KHTML, like Gecko) Chrome/117.0.0.0 Safari/537.36',NULL,'bd830efa8e0e897ff17af8b733d1b33351a733fd',NULL,NULL),(3222,NULL,'USER_NEW_PASSWORD',1,'2023-10-06 17:04:19',2,'Changement mot de passe de KMaillard','90.27.11.88','Mozilla/5.0 (Windows NT 10.0; Win64; x64) AppleWebKit/537.36 (KHTML, like Gecko) Chrome/117.0.0.0 Safari/537.36',NULL,'bd830efa8e0e897ff17af8b733d1b33351a733fd',NULL,NULL),(3223,NULL,'USER_NEW_PASSWORD',1,'2023-10-06 17:04:40',2,'Changement mot de passe de KMaillard','90.27.11.88','Mozilla/5.0 (Windows NT 10.0; Win64; x64) AppleWebKit/537.36 (KHTML, like Gecko) Chrome/117.0.0.0 Safari/537.36',NULL,'bd830efa8e0e897ff17af8b733d1b33351a733fd',NULL,NULL),(3224,NULL,'USER_LOGIN',1,'2023-10-09 07:41:02',2,'(UserLogged,QMayet) - TZ=1;TZString=Europe/Paris;Screen=2560x1241','217.128.246.102','Mozilla/5.0 (Windows NT 10.0; Win64; x64) AppleWebKit/537.36 (KHTML, like Gecko) Chrome/117.0.0.0 Safari/537.36',NULL,'bd830efa8e0e897ff17af8b733d1b33351a733fd',NULL,NULL),(3225,NULL,'USER_LOGIN',1,'2023-10-09 08:51:42',25,'(UserLogged,KMaillard) - TZ=1;TZString=Europe/Paris;Screen=1920x919','217.128.246.102','Mozilla/5.0 (Windows NT 10.0; Win64; x64; rv:109.0) Gecko/20100101 Firefox/118.0',NULL,'bd830efa8e0e897ff17af8b733d1b33351a733fd',NULL,NULL),(3226,NULL,'USER_LOGIN',1,'2023-10-09 10:11:48',2,'(UserLogged,QMayet) - TZ=1;TZString=Europe/Paris;Screen=2560x1241','217.128.246.102','Mozilla/5.0 (Windows NT 10.0; Win64; x64) AppleWebKit/537.36 (KHTML, like Gecko) Chrome/117.0.0.0 Safari/537.36',NULL,'bd830efa8e0e897ff17af8b733d1b33351a733fd',NULL,NULL),(3227,NULL,'USER_LOGIN',1,'2023-10-10 08:18:49',10,'(UserLogged,LCauchon) - TZ=1;TZString=Europe/Paris;Screen=2133x1067','37.165.141.92','Mozilla/5.0 (Windows NT 10.0; Win64; x64) AppleWebKit/537.36 (KHTML, like Gecko) Chrome/117.0.0.0 Safari/537.36',NULL,'bd830efa8e0e897ff17af8b733d1b33351a733fd',NULL,NULL),(3228,NULL,'USER_MODIFY',1,'2023-10-10 08:19:38',10,'Modification utilisateur SMauboussin','37.165.141.92','Mozilla/5.0 (Windows NT 10.0; Win64; x64) AppleWebKit/537.36 (KHTML, like Gecko) Chrome/117.0.0.0 Safari/537.36',NULL,'bd830efa8e0e897ff17af8b733d1b33351a733fd',NULL,NULL),(3229,NULL,'USER_LOGIN',1,'2023-10-10 09:30:14',6,'(UserLogged,MCMC) - TZ=1;TZString=Europe/Paris;Screen=2400x1163','80.14.216.234','Mozilla/5.0 (Windows NT 10.0; Win64; x64) AppleWebKit/537.36 (KHTML, like Gecko) Chrome/117.0.0.0 Safari/537.36',NULL,'bd830efa8e0e897ff17af8b733d1b33351a733fd',NULL,NULL),(3230,NULL,'USER_LOGIN_FAILED',1,'2023-10-11 09:43:51',NULL,'ErrorBadValueForCode - login=LCauchon','37.170.210.182','Mozilla/5.0 (Windows NT 10.0; Win64; x64) AppleWebKit/537.36 (KHTML, like Gecko) Chrome/118.0.0.0 Safari/537.36',NULL,'bd830efa8e0e897ff17af8b733d1b33351a733fd',NULL,NULL),(3231,NULL,'USER_LOGIN',1,'2023-10-11 09:43:59',10,'(UserLogged,LCauchon) - TZ=1;TZString=Europe/Paris;Screen=2133x1070','37.170.210.182','Mozilla/5.0 (Windows NT 10.0; Win64; x64) AppleWebKit/537.36 (KHTML, like Gecko) Chrome/118.0.0.0 Safari/537.36',NULL,'bd830efa8e0e897ff17af8b733d1b33351a733fd',NULL,NULL),(3232,NULL,'USER_LOGIN',1,'2023-10-11 15:50:08',11,'(UserLogged,NThoux) - TZ=1;TZString=Europe/Berlin;Screen=1879x949','217.128.246.102','Mozilla/5.0 (Windows NT 10.0; Win64; x64) AppleWebKit/537.36 (KHTML, like Gecko) Chrome/116.0.0.0 Safari/537.36 OPR/102.0.0.0',NULL,'bd830efa8e0e897ff17af8b733d1b33351a733fd',NULL,NULL),(3233,NULL,'USER_LOGIN',1,'2023-10-11 16:02:25',2,'(UserLogged,QMayet) - TZ=1;TZString=Europe/Paris;Screen=2560x1241','217.128.246.102','Mozilla/5.0 (Windows NT 10.0; Win64; x64) AppleWebKit/537.36 (KHTML, like Gecko) Chrome/117.0.0.0 Safari/537.36',NULL,'bd830efa8e0e897ff17af8b733d1b33351a733fd',NULL,NULL),(3234,NULL,'USER_LOGIN_FAILED',1,'2023-10-12 05:09:08',NULL,'Identifiant ou mot de passe incorrect - login=MrBonjour','104.28.42.19','Mozilla/5.0 (iPhone; CPU iPhone OS 17_0_3 like Mac OS X) AppleWebKit/605.1.15 (KHTML, like Gecko) Version/17.0.1 Mobile/15E148 Safari/604.1',NULL,'bd830efa8e0e897ff17af8b733d1b33351a733fd',NULL,NULL),(3235,NULL,'USER_LOGIN_FAILED',1,'2023-10-12 05:09:40',NULL,'Identifiant ou mot de passe incorrect - login=Alexis','104.28.42.19','Mozilla/5.0 (iPhone; CPU iPhone OS 17_0_3 like Mac OS X) AppleWebKit/605.1.15 (KHTML, like Gecko) Version/17.0.1 Mobile/15E148 Safari/604.1',NULL,'bd830efa8e0e897ff17af8b733d1b33351a733fd',NULL,NULL),(3236,NULL,'USER_LOGIN',1,'2023-10-12 09:27:12',2,'(UserLogged,QMayet) - TZ=1;TZString=Europe/Paris;Screen=2560x1241','217.128.246.102','Mozilla/5.0 (Windows NT 10.0; Win64; x64) AppleWebKit/537.36 (KHTML, like Gecko) Chrome/117.0.0.0 Safari/537.36',NULL,'bd830efa8e0e897ff17af8b733d1b33351a733fd',NULL,NULL),(3237,NULL,'USER_LOGIN_FAILED',1,'2023-10-12 10:45:12',NULL,'ErrorBadValueForCode - login=LCauchon','37.166.23.107','Mozilla/5.0 (Windows NT 10.0; Win64; x64) AppleWebKit/537.36 (KHTML, like Gecko) Chrome/118.0.0.0 Safari/537.36',NULL,'bd830efa8e0e897ff17af8b733d1b33351a733fd',NULL,NULL),(3238,NULL,'USER_LOGIN',1,'2023-10-12 10:45:20',10,'(UserLogged,LCauchon) - TZ=1;TZString=Europe/Paris;Screen=2133x1070','37.166.23.107','Mozilla/5.0 (Windows NT 10.0; Win64; x64) AppleWebKit/537.36 (KHTML, like Gecko) Chrome/118.0.0.0 Safari/537.36',NULL,'bd830efa8e0e897ff17af8b733d1b33351a733fd',NULL,NULL),(3239,NULL,'USER_LOGIN',1,'2023-10-12 14:16:44',10,'(UserLogged,LCauchon) - TZ=1;TZString=Europe/Paris;Screen=2133x1070','37.166.23.107','Mozilla/5.0 (Windows NT 10.0; Win64; x64) AppleWebKit/537.36 (KHTML, like Gecko) Chrome/118.0.0.0 Safari/537.36',NULL,'bd830efa8e0e897ff17af8b733d1b33351a733fd',NULL,NULL),(3240,NULL,'USER_LOGIN_FAILED',1,'2023-10-13 16:37:57',NULL,'ErrorBadValueForCode - login=LCauchon','217.128.246.102','Mozilla/5.0 (Windows NT 10.0; Win64; x64) AppleWebKit/537.36 (KHTML, like Gecko) Chrome/118.0.0.0 Safari/537.36',NULL,'bd830efa8e0e897ff17af8b733d1b33351a733fd',NULL,NULL),(3241,NULL,'USER_LOGIN',1,'2023-10-13 16:38:03',10,'(UserLogged,LCauchon) - TZ=1;TZString=Europe/Paris;Screen=2133x1070','217.128.246.102','Mozilla/5.0 (Windows NT 10.0; Win64; x64) AppleWebKit/537.36 (KHTML, like Gecko) Chrome/118.0.0.0 Safari/537.36',NULL,'bd830efa8e0e897ff17af8b733d1b33351a733fd',NULL,NULL),(3242,NULL,'USER_LOGIN_FAILED',1,'2023-10-14 11:44:02',NULL,'ErrorBadValueForCode - login=LCauchon','78.242.150.0','Mozilla/5.0 (Windows NT 10.0; Win64; x64) AppleWebKit/537.36 (KHTML, like Gecko) Chrome/118.0.0.0 Safari/537.36',NULL,'bd830efa8e0e897ff17af8b733d1b33351a733fd',NULL,NULL),(3243,NULL,'USER_LOGIN',1,'2023-10-14 11:44:09',10,'(UserLogged,LCauchon) - TZ=1;TZString=Europe/Paris;Screen=2133x1070','78.242.150.0','Mozilla/5.0 (Windows NT 10.0; Win64; x64) AppleWebKit/537.36 (KHTML, like Gecko) Chrome/118.0.0.0 Safari/537.36',NULL,'bd830efa8e0e897ff17af8b733d1b33351a733fd',NULL,NULL),(3244,NULL,'USER_LOGIN',1,'2023-10-14 13:59:06',2,'(UserLogged,QMayet) - TZ=1;TZString=Europe/Paris;Screen=2560x1241','90.27.11.88','Mozilla/5.0 (Windows NT 10.0; Win64; x64) AppleWebKit/537.36 (KHTML, like Gecko) Chrome/118.0.0.0 Safari/537.36',NULL,'bd830efa8e0e897ff17af8b733d1b33351a733fd',NULL,NULL),(3245,NULL,'USER_LOGIN',1,'2023-10-14 14:37:48',10,'(UserLogged,LCauchon) - TZ=1;TZString=Europe/Paris;Screen=2133x1067','78.242.150.0','Mozilla/5.0 (Windows NT 10.0; Win64; x64) AppleWebKit/537.36 (KHTML, like Gecko) Chrome/118.0.0.0 Safari/537.36',NULL,'bd830efa8e0e897ff17af8b733d1b33351a733fd',NULL,NULL),(3246,NULL,'USER_LOGIN_FAILED',1,'2023-10-14 19:02:07',NULL,'ErrorBadValueForCode - login=QMayet','90.27.11.88','Mozilla/5.0 (Windows NT 10.0; Win64; x64) AppleWebKit/537.36 (KHTML, like Gecko) Chrome/118.0.0.0 Safari/537.36',NULL,'bd830efa8e0e897ff17af8b733d1b33351a733fd',NULL,NULL),(3247,NULL,'USER_LOGIN',1,'2023-10-14 19:02:20',2,'(UserLogged,QMayet) - TZ=1;TZString=Europe/Paris;Screen=2560x1241','90.27.11.88','Mozilla/5.0 (Windows NT 10.0; Win64; x64) AppleWebKit/537.36 (KHTML, like Gecko) Chrome/118.0.0.0 Safari/537.36',NULL,'bd830efa8e0e897ff17af8b733d1b33351a733fd',NULL,NULL),(3248,NULL,'USER_LOGIN',1,'2023-10-15 08:25:45',2,'(UserLogged,QMayet) - TZ=1;TZString=Europe/Paris;Screen=2560x1241','90.27.11.88','Mozilla/5.0 (Windows NT 10.0; Win64; x64) AppleWebKit/537.36 (KHTML, like Gecko) Chrome/118.0.0.0 Safari/537.36',NULL,'bd830efa8e0e897ff17af8b733d1b33351a733fd',NULL,NULL),(3249,NULL,'USER_LOGIN',1,'2023-10-15 10:56:34',2,'(UserLogged,QMayet) - TZ=1;TZString=Europe/Paris;Screen=2560x1241','90.27.11.88','Mozilla/5.0 (Windows NT 10.0; Win64; x64) AppleWebKit/537.36 (KHTML, like Gecko) Chrome/118.0.0.0 Safari/537.36',NULL,'bd830efa8e0e897ff17af8b733d1b33351a733fd',NULL,NULL),(3250,NULL,'USER_LOGIN_FAILED',1,'2023-10-15 14:11:37',NULL,'ErrorBadValueForCode - login=QMayet','90.27.11.88','Mozilla/5.0 (Windows NT 10.0; Win64; x64) AppleWebKit/537.36 (KHTML, like Gecko) Chrome/118.0.0.0 Safari/537.36',NULL,'bd830efa8e0e897ff17af8b733d1b33351a733fd',NULL,NULL),(3251,NULL,'USER_LOGIN_FAILED',1,'2023-10-15 14:11:49',NULL,'ErrorBadValueForCode - login=QMayet','90.27.11.88','Mozilla/5.0 (Windows NT 10.0; Win64; x64) AppleWebKit/537.36 (KHTML, like Gecko) Chrome/118.0.0.0 Safari/537.36',NULL,'bd830efa8e0e897ff17af8b733d1b33351a733fd',NULL,NULL),(3252,NULL,'USER_LOGIN_FAILED',1,'2023-10-15 14:12:08',NULL,'ErrorBadValueForCode - login=QMayet','90.27.11.88','Mozilla/5.0 (Windows NT 10.0; Win64; x64) AppleWebKit/537.36 (KHTML, like Gecko) Chrome/118.0.0.0 Safari/537.36',NULL,'bd830efa8e0e897ff17af8b733d1b33351a733fd',NULL,NULL),(3253,NULL,'USER_LOGIN',1,'2023-10-15 14:16:16',10,'(UserLogged,LCauchon) - TZ=1;TZString=Europe/Paris;Screen=2133x1067','90.27.11.88','Mozilla/5.0 (Windows NT 10.0; Win64; x64) AppleWebKit/537.36 (KHTML, like Gecko) Chrome/118.0.0.0 Safari/537.36',NULL,'bd830efa8e0e897ff17af8b733d1b33351a733fd',NULL,NULL),(3254,NULL,'USER_LOGIN',1,'2023-10-15 14:18:37',10,'(UserLogged,LCauchon) - TZ=1;TZString=Europe/Paris;Screen=2560x1241','90.27.11.88','Mozilla/5.0 (Windows NT 10.0; Win64; x64) AppleWebKit/537.36 (KHTML, like Gecko) Chrome/118.0.0.0 Safari/537.36',NULL,'bd830efa8e0e897ff17af8b733d1b33351a733fd',NULL,NULL),(3255,NULL,'USER_LOGIN_FAILED',1,'2023-10-15 14:30:55',NULL,'ErrorBadValueForCode - login=LCauchon','90.27.11.88','Mozilla/5.0 (Windows NT 10.0; Win64; x64) AppleWebKit/537.36 (KHTML, like Gecko) Chrome/118.0.0.0 Safari/537.36',NULL,'bd830efa8e0e897ff17af8b733d1b33351a733fd',NULL,NULL),(3256,NULL,'USER_LOGIN_FAILED',1,'2023-10-15 14:31:14',NULL,'ErrorBadValueForCode - login=LCauchon','90.27.11.88','Mozilla/5.0 (Windows NT 10.0; Win64; x64) AppleWebKit/537.36 (KHTML, like Gecko) Chrome/118.0.0.0 Safari/537.36',NULL,'bd830efa8e0e897ff17af8b733d1b33351a733fd',NULL,NULL),(3257,NULL,'USER_LOGIN_FAILED',1,'2023-10-15 14:31:54',NULL,'ErrorBadValueForCode - login=QMayet','90.27.11.88','Mozilla/5.0 (Windows NT 10.0; Win64; x64) AppleWebKit/537.36 (KHTML, like Gecko) Chrome/118.0.0.0 Safari/537.36',NULL,'bd830efa8e0e897ff17af8b733d1b33351a733fd',NULL,NULL),(3258,NULL,'USER_LOGIN',1,'2023-10-16 10:45:05',2,'(UserLogged,QMayet) - TZ=1;TZString=Europe/Paris;Screen=2560x1241','37.167.252.195','Mozilla/5.0 (Windows NT 10.0; Win64; x64) AppleWebKit/537.36 (KHTML, like Gecko) Chrome/118.0.0.0 Safari/537.36',NULL,'bd830efa8e0e897ff17af8b733d1b33351a733fd',NULL,NULL),(3259,NULL,'USER_LOGIN_FAILED',1,'2023-10-16 13:17:00',NULL,'ErrorBadValueForCode - login=LCauchon','217.128.246.102','Mozilla/5.0 (Windows NT 10.0; Win64; x64) AppleWebKit/537.36 (KHTML, like Gecko) Chrome/118.0.0.0 Safari/537.36',NULL,'bd830efa8e0e897ff17af8b733d1b33351a733fd',NULL,NULL),(3260,NULL,'USER_LOGIN',1,'2023-10-16 13:17:06',10,'(UserLogged,LCauchon) - TZ=1;TZString=Europe/Paris;Screen=2133x1070','217.128.246.102','Mozilla/5.0 (Windows NT 10.0; Win64; x64) AppleWebKit/537.36 (KHTML, like Gecko) Chrome/118.0.0.0 Safari/537.36',NULL,'bd830efa8e0e897ff17af8b733d1b33351a733fd',NULL,NULL),(3261,NULL,'USER_LOGIN',1,'2023-10-16 13:53:05',21,'(UserLogged,SMauboussin) - TZ=1;TZString=Europe/Paris;Screen=1886x893','217.128.246.102','Mozilla/5.0 (Windows NT 10.0; Win64; x64) AppleWebKit/537.36 (KHTML, like Gecko) Chrome/118.0.0.0 Safari/537.36',NULL,'bd830efa8e0e897ff17af8b733d1b33351a733fd',NULL,NULL),(3262,NULL,'USER_LOGIN',1,'2023-10-16 14:36:40',2,'(UserLogged,QMayet) - TZ=1;TZString=Europe/Paris;Screen=2560x1241','217.128.246.102','Mozilla/5.0 (Windows NT 10.0; Win64; x64) AppleWebKit/537.36 (KHTML, like Gecko) Chrome/118.0.0.0 Safari/537.36',NULL,'bd830efa8e0e897ff17af8b733d1b33351a733fd',NULL,NULL),(3263,NULL,'USER_LOGIN',1,'2023-10-16 17:07:38',2,'(UserLogged,QMayet) - TZ=1;TZString=Europe/Paris;Screen=2560x1241','217.128.246.102','Mozilla/5.0 (Windows NT 10.0; Win64; x64) AppleWebKit/537.36 (KHTML, like Gecko) Chrome/118.0.0.0 Safari/537.36',NULL,'bd830efa8e0e897ff17af8b733d1b33351a733fd',NULL,NULL),(3264,NULL,'USER_LOGIN',1,'2023-10-16 21:20:45',2,'(UserLogged,QMayet) - TZ=1;TZString=Europe/Paris;Screen=2560x1241','91.169.6.1','Mozilla/5.0 (Windows NT 10.0; Win64; x64) AppleWebKit/537.36 (KHTML, like Gecko) Chrome/118.0.0.0 Safari/537.36',NULL,'bd830efa8e0e897ff17af8b733d1b33351a733fd',NULL,NULL),(3265,NULL,'USER_LOGIN',1,'2023-10-16 22:15:00',2,'(UserLogged,QMayet) - TZ=1;TZString=Europe/Paris;Screen=2560x1241','37.171.182.4','Mozilla/5.0 (Windows NT 10.0; Win64; x64) AppleWebKit/537.36 (KHTML, like Gecko) Chrome/118.0.0.0 Safari/537.36',NULL,'bd830efa8e0e897ff17af8b733d1b33351a733fd',NULL,NULL),(3266,NULL,'USER_LOGIN_FAILED',1,'2023-10-17 16:11:24',NULL,'ErrorBadValueForCode - login=MCMC','80.14.216.234','Mozilla/5.0 (Windows NT 10.0; Win64; x64) AppleWebKit/537.36 (KHTML, like Gecko) Chrome/118.0.0.0 Safari/537.36',NULL,'bd830efa8e0e897ff17af8b733d1b33351a733fd',NULL,NULL),(3267,NULL,'USER_LOGIN',1,'2023-10-17 16:11:36',6,'(UserLogged,MCMC) - TZ=1;TZString=Europe/Paris;Screen=2400x1163','80.14.216.234','Mozilla/5.0 (Windows NT 10.0; Win64; x64) AppleWebKit/537.36 (KHTML, like Gecko) Chrome/118.0.0.0 Safari/537.36',NULL,'bd830efa8e0e897ff17af8b733d1b33351a733fd',NULL,NULL),(3268,NULL,'USER_LOGIN',1,'2023-10-17 17:23:36',2,'(UserLogged,QMayet) - TZ=1;TZString=Europe/Paris;Screen=2560x1241','217.128.246.102','Mozilla/5.0 (Windows NT 10.0; Win64; x64) AppleWebKit/537.36 (KHTML, like Gecko) Chrome/118.0.0.0 Safari/537.36',NULL,'bd830efa8e0e897ff17af8b733d1b33351a733fd',NULL,NULL),(3269,NULL,'USER_LOGIN',1,'2023-10-18 07:29:07',6,'(UserLogged,MCMC) - TZ=1;TZString=Europe/Paris;Screen=2400x1163','80.14.216.234','Mozilla/5.0 (Windows NT 10.0; Win64; x64) AppleWebKit/537.36 (KHTML, like Gecko) Chrome/118.0.0.0 Safari/537.36',NULL,'bd830efa8e0e897ff17af8b733d1b33351a733fd',NULL,NULL),(3270,NULL,'USER_LOGIN',1,'2023-10-18 08:06:58',10,'(UserLogged,LCauchon) - TZ=1;TZString=Europe/Paris;Screen=2133x1067','37.166.189.31','Mozilla/5.0 (Windows NT 10.0; Win64; x64) AppleWebKit/537.36 (KHTML, like Gecko) Chrome/118.0.0.0 Safari/537.36',NULL,'bd830efa8e0e897ff17af8b733d1b33351a733fd',NULL,NULL),(3271,NULL,'USER_LOGIN',1,'2023-10-18 10:37:02',2,'(UserLogged,QMayet) - TZ=1;TZString=Europe/Paris;Screen=2560x1241','217.128.246.102','Mozilla/5.0 (Windows NT 10.0; Win64; x64) AppleWebKit/537.36 (KHTML, like Gecko) Chrome/118.0.0.0 Safari/537.36',NULL,'bd830efa8e0e897ff17af8b733d1b33351a733fd',NULL,NULL),(3272,NULL,'USER_LOGIN',1,'2023-10-18 14:56:44',10,'(UserLogged,LCauchon) - TZ=1;TZString=Europe/Paris;Screen=2133x1067','217.128.246.102','Mozilla/5.0 (Windows NT 10.0; Win64; x64) AppleWebKit/537.36 (KHTML, like Gecko) Chrome/118.0.0.0 Safari/537.36',NULL,'bd830efa8e0e897ff17af8b733d1b33351a733fd',NULL,NULL),(3273,NULL,'USER_LOGIN',1,'2023-10-18 15:19:20',2,'(UserLogged,QMayet) - TZ=1;TZString=Europe/Paris;Screen=2560x1241','217.128.246.102','Mozilla/5.0 (Windows NT 10.0; Win64; x64) AppleWebKit/537.36 (KHTML, like Gecko) Chrome/118.0.0.0 Safari/537.36',NULL,'bd830efa8e0e897ff17af8b733d1b33351a733fd',NULL,NULL),(3274,NULL,'USER_LOGIN',1,'2023-10-18 17:33:15',2,'(UserLogged,QMayet) - TZ=1;TZString=Europe/Paris;Screen=2560x1241','217.128.246.102','Mozilla/5.0 (Windows NT 10.0; Win64; x64) AppleWebKit/537.36 (KHTML, like Gecko) Chrome/118.0.0.0 Safari/537.36',NULL,'bd830efa8e0e897ff17af8b733d1b33351a733fd',NULL,NULL),(3275,NULL,'USER_LOGIN',1,'2023-10-19 06:27:07',6,'(UserLogged,MCMC) - TZ=1;TZString=Europe/Paris;Screen=2400x1163','80.14.216.234','Mozilla/5.0 (Windows NT 10.0; Win64; x64) AppleWebKit/537.36 (KHTML, like Gecko) Chrome/118.0.0.0 Safari/537.36',NULL,'bd830efa8e0e897ff17af8b733d1b33351a733fd',NULL,NULL),(3276,NULL,'USER_LOGIN',1,'2023-10-19 22:10:12',2,'(UserLogged,QMayet) - TZ=1;TZString=Europe/Paris;Screen=2560x1241','195.25.234.161','Mozilla/5.0 (Windows NT 10.0; Win64; x64) AppleWebKit/537.36 (KHTML, like Gecko) Chrome/118.0.0.0 Safari/537.36',NULL,'bd830efa8e0e897ff17af8b733d1b33351a733fd',NULL,NULL),(3277,NULL,'USER_LOGIN',1,'2023-10-20 06:18:50',6,'(UserLogged,MCMC) - TZ=1;TZString=Europe/Paris;Screen=2400x1163','80.14.216.234','Mozilla/5.0 (Windows NT 10.0; Win64; x64) AppleWebKit/537.36 (KHTML, like Gecko) Chrome/118.0.0.0 Safari/537.36',NULL,'bd830efa8e0e897ff17af8b733d1b33351a733fd',NULL,NULL),(3278,NULL,'USER_LOGIN',1,'2023-10-20 09:41:18',2,'(UserLogged,QMayet) - TZ=1;TZString=Europe/Paris;Screen=2560x1241','195.25.234.161','Mozilla/5.0 (Windows NT 10.0; Win64; x64) AppleWebKit/537.36 (KHTML, like Gecko) Chrome/118.0.0.0 Safari/537.36',NULL,'bd830efa8e0e897ff17af8b733d1b33351a733fd',NULL,NULL),(3279,NULL,'USER_LOGIN',1,'2023-10-21 19:59:47',2,'(UserLogged,QMayet) - TZ=1;TZString=Europe/Paris;Screen=2560x1241','90.27.11.88','Mozilla/5.0 (Windows NT 10.0; Win64; x64) AppleWebKit/537.36 (KHTML, like Gecko) Chrome/118.0.0.0 Safari/537.36',NULL,'bd830efa8e0e897ff17af8b733d1b33351a733fd',NULL,NULL),(3280,NULL,'USER_LOGIN',1,'2023-10-22 13:44:59',2,'(UserLogged,QMayet) - TZ=1;TZString=Europe/Paris;Screen=2560x1241','90.27.11.88','Mozilla/5.0 (Windows NT 10.0; Win64; x64) AppleWebKit/537.36 (KHTML, like Gecko) Chrome/118.0.0.0 Safari/537.36',NULL,'bd830efa8e0e897ff17af8b733d1b33351a733fd',NULL,NULL),(3281,NULL,'USER_LOGIN',1,'2023-10-22 18:00:18',2,'(UserLogged,QMayet) - TZ=1;TZString=Europe/Paris;Screen=2560x1241','90.27.11.88','Mozilla/5.0 (Windows NT 10.0; Win64; x64) AppleWebKit/537.36 (KHTML, like Gecko) Chrome/118.0.0.0 Safari/537.36',NULL,'bd830efa8e0e897ff17af8b733d1b33351a733fd',NULL,NULL),(3282,NULL,'USER_LOGIN',1,'2023-10-22 18:26:24',2,'(UserLogged,QMayet) - TZ=1;TZString=Europe/Paris;Screen=2560x1241','90.27.11.88','Mozilla/5.0 (Windows NT 10.0; Win64; x64) AppleWebKit/537.36 (KHTML, like Gecko) Chrome/118.0.0.0 Safari/537.36',NULL,'bd830efa8e0e897ff17af8b733d1b33351a733fd',NULL,NULL),(3283,NULL,'USER_LOGIN',1,'2023-10-23 06:46:09',6,'(UserLogged,MCMC) - TZ=1;TZString=Europe/Paris;Screen=2400x1163','80.14.216.234','Mozilla/5.0 (Windows NT 10.0; Win64; x64) AppleWebKit/537.36 (KHTML, like Gecko) Chrome/118.0.0.0 Safari/537.36',NULL,'bd830efa8e0e897ff17af8b733d1b33351a733fd',NULL,NULL),(3284,NULL,'USER_LOGIN',1,'2023-10-23 09:09:07',10,'(UserLogged,LCauchon) - TZ=1;TZString=Europe/Paris;Screen=2133x1067','217.128.246.102','Mozilla/5.0 (Windows NT 10.0; Win64; x64) AppleWebKit/537.36 (KHTML, like Gecko) Chrome/118.0.0.0 Safari/537.36',NULL,'bd830efa8e0e897ff17af8b733d1b33351a733fd',NULL,NULL),(3285,NULL,'USER_LOGIN_FAILED',1,'2023-10-23 15:27:41',NULL,'ErrorBadValueForCode - login=LCauchon','37.166.60.74','Mozilla/5.0 (Windows NT 10.0; Win64; x64) AppleWebKit/537.36 (KHTML, like Gecko) Chrome/118.0.0.0 Safari/537.36',NULL,'bd830efa8e0e897ff17af8b733d1b33351a733fd',NULL,NULL),(3286,NULL,'USER_LOGIN',1,'2023-10-23 15:27:49',10,'(UserLogged,LCauchon) - TZ=1;TZString=Europe/Paris;Screen=2133x1076','37.166.60.74','Mozilla/5.0 (Windows NT 10.0; Win64; x64) AppleWebKit/537.36 (KHTML, like Gecko) Chrome/118.0.0.0 Safari/537.36',NULL,'bd830efa8e0e897ff17af8b733d1b33351a733fd',NULL,NULL),(3287,NULL,'USER_LOGIN',1,'2023-10-23 16:53:25',2,'(UserLogged,QMayet) - TZ=1;TZString=Europe/Paris;Screen=2560x1241','81.255.211.60','Mozilla/5.0 (Windows NT 10.0; Win64; x64) AppleWebKit/537.36 (KHTML, like Gecko) Chrome/118.0.0.0 Safari/537.36',NULL,'bd830efa8e0e897ff17af8b733d1b33351a733fd',NULL,NULL),(3288,NULL,'USER_LOGIN',1,'2023-10-24 09:55:06',2,'(UserLogged,QMayet) - TZ=1;TZString=Europe/Paris;Screen=1920x931','81.255.211.60','Mozilla/5.0 (Windows NT 10.0; Win64; x64) AppleWebKit/537.36 (KHTML, like Gecko) Chrome/118.0.0.0 Safari/537.36',NULL,'bd830efa8e0e897ff17af8b733d1b33351a733fd',NULL,NULL),(3289,NULL,'USER_LOGIN',1,'2023-10-25 09:03:44',2,'(UserLogged,QMayet) - TZ=1;TZString=Europe/Paris;Screen=1920x931','217.128.246.102','Mozilla/5.0 (Windows NT 10.0; Win64; x64) AppleWebKit/537.36 (KHTML, like Gecko) Chrome/118.0.0.0 Safari/537.36',NULL,'bd830efa8e0e897ff17af8b733d1b33351a733fd',NULL,NULL),(3290,NULL,'USER_LOGIN_FAILED',1,'2023-10-25 09:11:03',NULL,'ErrorBadValueForCode - login=LCauchon','78.240.236.179','Mozilla/5.0 (Windows NT 10.0; Win64; x64) AppleWebKit/537.36 (KHTML, like Gecko) Chrome/118.0.0.0 Safari/537.36',NULL,'bd830efa8e0e897ff17af8b733d1b33351a733fd',NULL,NULL),(3291,NULL,'USER_LOGIN',1,'2023-10-25 09:11:11',10,'(UserLogged,LCauchon) - TZ=1;TZString=Europe/Paris;Screen=2133x1076','78.240.236.179','Mozilla/5.0 (Windows NT 10.0; Win64; x64) AppleWebKit/537.36 (KHTML, like Gecko) Chrome/118.0.0.0 Safari/537.36',NULL,'bd830efa8e0e897ff17af8b733d1b33351a733fd',NULL,NULL),(3292,NULL,'USER_LOGIN',1,'2023-10-26 08:40:50',10,'(UserLogged,LCauchon) - TZ=1;TZString=Europe/Paris;Screen=2133x1067','217.128.246.102','Mozilla/5.0 (Windows NT 10.0; Win64; x64) AppleWebKit/537.36 (KHTML, like Gecko) Chrome/118.0.0.0 Safari/537.36',NULL,'bd830efa8e0e897ff17af8b733d1b33351a733fd',NULL,NULL),(3293,NULL,'USER_LOGIN_FAILED',1,'2023-10-28 16:24:10',NULL,'ErrorBadValueForCode - login=LCauchon','217.128.246.102','Mozilla/5.0 (Windows NT 10.0; Win64; x64) AppleWebKit/537.36 (KHTML, like Gecko) Chrome/118.0.0.0 Safari/537.36',NULL,'bd830efa8e0e897ff17af8b733d1b33351a733fd',NULL,NULL),(3294,NULL,'USER_LOGIN',1,'2023-10-28 16:24:15',10,'(UserLogged,LCauchon) - TZ=1;TZString=Europe/Paris;Screen=2133x1070','217.128.246.102','Mozilla/5.0 (Windows NT 10.0; Win64; x64) AppleWebKit/537.36 (KHTML, like Gecko) Chrome/118.0.0.0 Safari/537.36',NULL,'bd830efa8e0e897ff17af8b733d1b33351a733fd',NULL,NULL),(3295,NULL,'USER_LOGIN',1,'2023-10-30 09:09:12',2,'(UserLogged,QMayet) - TZ=1;TZString=Europe/Paris;Screen=2560x1241','217.128.246.102','Mozilla/5.0 (Windows NT 10.0; Win64; x64) AppleWebKit/537.36 (KHTML, like Gecko) Chrome/118.0.0.0 Safari/537.36',NULL,'bd830efa8e0e897ff17af8b733d1b33351a733fd',NULL,NULL),(3296,NULL,'USER_LOGIN',1,'2023-10-30 09:41:11',10,'(UserLogged,LCauchon) - TZ=1;TZString=Europe/Paris;Screen=2133x1074','91.169.6.1','Mozilla/5.0 (Windows NT 10.0; Win64; x64) AppleWebKit/537.36 (KHTML, like Gecko) Chrome/118.0.0.0 Safari/537.36',NULL,'bd830efa8e0e897ff17af8b733d1b33351a733fd',NULL,NULL),(3297,NULL,'USER_LOGIN_FAILED',1,'2023-10-31 15:09:09',NULL,'ErrorBadValueForCode - login=LCauchon','217.128.246.102','Mozilla/5.0 (Windows NT 10.0; Win64; x64) AppleWebKit/537.36 (KHTML, like Gecko) Chrome/118.0.0.0 Safari/537.36',NULL,'bd830efa8e0e897ff17af8b733d1b33351a733fd',NULL,NULL),(3298,NULL,'USER_LOGIN',1,'2023-10-31 15:09:15',10,'(UserLogged,LCauchon) - TZ=1;TZString=Europe/Paris;Screen=2133x1070','217.128.246.102','Mozilla/5.0 (Windows NT 10.0; Win64; x64) AppleWebKit/537.36 (KHTML, like Gecko) Chrome/118.0.0.0 Safari/537.36',NULL,'bd830efa8e0e897ff17af8b733d1b33351a733fd',NULL,NULL),(3299,NULL,'USER_LOGIN',1,'2023-11-01 21:26:17',10,'(UserLogged,LCauchon) - TZ=1;TZString=Europe/Paris;Screen=2133x1076','91.169.6.1','Mozilla/5.0 (Windows NT 10.0; Win64; x64) AppleWebKit/537.36 (KHTML, like Gecko) Chrome/118.0.0.0 Safari/537.36',NULL,'bd830efa8e0e897ff17af8b733d1b33351a733fd',NULL,NULL),(3300,NULL,'USER_LOGIN',1,'2023-11-02 08:57:18',10,'(UserLogged,LCauchon) - TZ=1;TZString=Europe/Paris;Screen=2133x1056','37.166.247.222','Mozilla/5.0 (Windows NT 10.0; Win64; x64) AppleWebKit/537.36 (KHTML, like Gecko) Chrome/119.0.0.0 Safari/537.36',NULL,'bd830efa8e0e897ff17af8b733d1b33351a733fd',NULL,NULL),(3301,NULL,'USER_LOGIN',1,'2023-11-02 09:22:28',10,'(UserLogged,LCauchon) - TZ=1;TZString=Europe/Paris;Screen=2133x1058','91.169.6.1','Mozilla/5.0 (Windows NT 10.0; Win64; x64) AppleWebKit/537.36 (KHTML, like Gecko) Chrome/119.0.0.0 Safari/537.36',NULL,'bd830efa8e0e897ff17af8b733d1b33351a733fd',NULL,NULL),(3302,NULL,'USER_LOGIN',1,'2023-11-02 14:59:40',10,'(UserLogged,LCauchon) - TZ=1;TZString=Europe/Paris;Screen=2133x1058','37.166.253.174','Mozilla/5.0 (Windows NT 10.0; Win64; x64) AppleWebKit/537.36 (KHTML, like Gecko) Chrome/119.0.0.0 Safari/537.36',NULL,'bd830efa8e0e897ff17af8b733d1b33351a733fd',NULL,NULL),(3303,NULL,'USER_LOGIN',1,'2023-11-02 15:28:20',10,'(UserLogged,LCauchon) - TZ=1;TZString=Europe/Paris;Screen=1767x821','91.169.6.1','Mozilla/5.0 (Windows NT 10.0; Win64; x64) AppleWebKit/537.36 (KHTML, like Gecko) Chrome/119.0.0.0 Safari/537.36',NULL,'bd830efa8e0e897ff17af8b733d1b33351a733fd',NULL,NULL),(3304,NULL,'USER_LOGIN_FAILED',1,'2023-11-03 12:17:34',NULL,'ErrorBadValueForCode - login=LCauchon','217.128.246.102','Mozilla/5.0 (Windows NT 10.0; Win64; x64) AppleWebKit/537.36 (KHTML, like Gecko) Chrome/119.0.0.0 Safari/537.36',NULL,'bd830efa8e0e897ff17af8b733d1b33351a733fd',NULL,NULL),(3305,NULL,'USER_LOGIN',1,'2023-11-03 12:17:40',10,'(UserLogged,LCauchon) - TZ=1;TZString=Europe/Paris;Screen=2133x1070','217.128.246.102','Mozilla/5.0 (Windows NT 10.0; Win64; x64) AppleWebKit/537.36 (KHTML, like Gecko) Chrome/119.0.0.0 Safari/537.36',NULL,'bd830efa8e0e897ff17af8b733d1b33351a733fd',NULL,NULL),(3306,NULL,'USER_LOGIN',1,'2023-11-03 14:37:18',2,'(UserLogged,QMayet) - TZ=1;TZString=Europe/Paris;Screen=1920x923','87.88.148.206','Mozilla/5.0 (Windows NT 10.0; Win64; x64) AppleWebKit/537.36 (KHTML, like Gecko) Chrome/119.0.0.0 Safari/537.36',NULL,'bd830efa8e0e897ff17af8b733d1b33351a733fd',NULL,NULL),(3307,NULL,'USER_LOGIN',1,'2023-11-03 16:58:06',2,'(UserLogged,QMayet) - TZ=1;TZString=Europe/Paris;Screen=1920x923','212.195.54.20','Mozilla/5.0 (Windows NT 10.0; Win64; x64) AppleWebKit/537.36 (KHTML, like Gecko) Chrome/119.0.0.0 Safari/537.36',NULL,'bd830efa8e0e897ff17af8b733d1b33351a733fd',NULL,NULL),(3308,NULL,'USER_LOGIN_FAILED',1,'2023-11-03 17:24:48',NULL,'ErrorBadValueForCode - login=LCauchon','217.128.246.102','Mozilla/5.0 (Windows NT 10.0; Win64; x64) AppleWebKit/537.36 (KHTML, like Gecko) Chrome/119.0.0.0 Safari/537.36',NULL,'bd830efa8e0e897ff17af8b733d1b33351a733fd',NULL,NULL),(3309,NULL,'USER_LOGIN',1,'2023-11-03 17:24:54',10,'(UserLogged,LCauchon) - TZ=1;TZString=Europe/Paris;Screen=2133x1070','217.128.246.102','Mozilla/5.0 (Windows NT 10.0; Win64; x64) AppleWebKit/537.36 (KHTML, like Gecko) Chrome/119.0.0.0 Safari/537.36',NULL,'bd830efa8e0e897ff17af8b733d1b33351a733fd',NULL,NULL),(3310,NULL,'USER_LOGIN',1,'2023-11-04 13:20:48',2,'(UserLogged,QMayet) - TZ=1;TZString=Europe/Paris;Screen=1920x923','78.240.234.87','Mozilla/5.0 (Windows NT 10.0; Win64; x64) AppleWebKit/537.36 (KHTML, like Gecko) Chrome/119.0.0.0 Safari/537.36',NULL,'bd830efa8e0e897ff17af8b733d1b33351a733fd',NULL,NULL),(3311,NULL,'USER_LOGIN_FAILED',1,'2023-11-06 09:43:02',NULL,'ErrorBadValueForCode - login=LCauchon','78.242.91.153','Mozilla/5.0 (Windows NT 10.0; Win64; x64) AppleWebKit/537.36 (KHTML, like Gecko) Chrome/119.0.0.0 Safari/537.36',NULL,'bd830efa8e0e897ff17af8b733d1b33351a733fd',NULL,NULL),(3312,NULL,'USER_LOGIN',1,'2023-11-06 10:20:18',10,'(UserLogged,LCauchon) - TZ=1;TZString=Europe/Paris;Screen=2133x1076','78.242.91.153','Mozilla/5.0 (Windows NT 10.0; Win64; x64) AppleWebKit/537.36 (KHTML, like Gecko) Chrome/119.0.0.0 Safari/537.36',NULL,'bd830efa8e0e897ff17af8b733d1b33351a733fd',NULL,NULL),(3313,NULL,'USER_LOGIN',1,'2023-11-07 16:01:09',2,'(UserLogged,QMayet) - TZ=1;TZString=Europe/Paris;Screen=1920x923','217.128.246.102','Mozilla/5.0 (Windows NT 10.0; Win64; x64) AppleWebKit/537.36 (KHTML, like Gecko) Chrome/119.0.0.0 Safari/537.36',NULL,'bd830efa8e0e897ff17af8b733d1b33351a733fd',NULL,NULL),(3314,NULL,'USER_LOGIN',1,'2023-11-07 18:56:11',2,'(UserLogged,QMayet) - TZ=1;TZString=Europe/Paris;Screen=1920x923','217.128.246.102','Mozilla/5.0 (Windows NT 10.0; Win64; x64) AppleWebKit/537.36 (KHTML, like Gecko) Chrome/119.0.0.0 Safari/537.36',NULL,'bd830efa8e0e897ff17af8b733d1b33351a733fd',NULL,NULL),(3315,NULL,'USER_LOGIN',1,'2023-11-08 10:48:01',11,'(UserLogged,NThoux) - TZ=1;TZString=Europe/Berlin;Screen=1879x949','217.128.246.102','Mozilla/5.0 (Windows NT 10.0; Win64; x64) AppleWebKit/537.36 (KHTML, like Gecko) Chrome/116.0.0.0 Safari/537.36 OPR/102.0.0.0',NULL,'bd830efa8e0e897ff17af8b733d1b33351a733fd',NULL,NULL),(3316,NULL,'USER_LOGIN',1,'2023-11-08 13:25:44',2,'(UserLogged,QMayet) - TZ=1;TZString=Europe/Paris;Screen=1536x707','217.128.246.102','Mozilla/5.0 (Windows NT 10.0; Win64; x64) AppleWebKit/537.36 (KHTML, like Gecko) Chrome/119.0.0.0 Safari/537.36',NULL,'bd830efa8e0e897ff17af8b733d1b33351a733fd',NULL,NULL),(3317,NULL,'USER_LOGIN',1,'2023-11-09 10:21:19',2,'(UserLogged,QMayet) - TZ=1;TZString=Europe/Paris;Screen=1920x923','37.171.227.64','Mozilla/5.0 (Windows NT 10.0; Win64; x64) AppleWebKit/537.36 (KHTML, like Gecko) Chrome/119.0.0.0 Safari/537.36',NULL,'bd830efa8e0e897ff17af8b733d1b33351a733fd',NULL,NULL),(3318,NULL,'USER_LOGIN',1,'2023-11-09 12:23:36',2,'(UserLogged,QMayet) - TZ=1;TZString=Europe/Paris;Screen=1920x923','37.171.234.131','Mozilla/5.0 (Windows NT 10.0; Win64; x64) AppleWebKit/537.36 (KHTML, like Gecko) Chrome/119.0.0.0 Safari/537.36',NULL,'bd830efa8e0e897ff17af8b733d1b33351a733fd',NULL,NULL),(3319,NULL,'USER_LOGIN',1,'2023-11-09 13:40:06',10,'(UserLogged,LCauchon) - TZ=1;TZString=Europe/Paris;Screen=2133x1067','217.128.246.102','Mozilla/5.0 (Windows NT 10.0; Win64; x64) AppleWebKit/537.36 (KHTML, like Gecko) Chrome/119.0.0.0 Safari/537.36',NULL,'bd830efa8e0e897ff17af8b733d1b33351a733fd',NULL,NULL),(3320,NULL,'USER_LOGIN',1,'2023-11-14 19:13:39',2,'(UserLogged,QMayet) - TZ=1;TZString=Europe/Paris;Screen=1536x707','62.106.203.246','Mozilla/5.0 (Windows NT 10.0; Win64; x64) AppleWebKit/537.36 (KHTML, like Gecko) Chrome/119.0.0.0 Safari/537.36',NULL,'bd830efa8e0e897ff17af8b733d1b33351a733fd',NULL,NULL),(3321,NULL,'USER_LOGIN',1,'2023-11-14 22:12:10',2,'(UserLogged,QMayet) - TZ=1;TZString=Europe/Paris;Screen=1536x707','62.106.203.246','Mozilla/5.0 (Windows NT 10.0; Win64; x64) AppleWebKit/537.36 (KHTML, like Gecko) Chrome/119.0.0.0 Safari/537.36',NULL,'bd830efa8e0e897ff17af8b733d1b33351a733fd',NULL,NULL),(3322,NULL,'USER_LOGIN',1,'2023-11-15 10:06:00',11,'(UserLogged,NThoux) - TZ=1;TZString=Europe/Berlin;Screen=1879x949','217.128.246.102','Mozilla/5.0 (Windows NT 10.0; Win64; x64) AppleWebKit/537.36 (KHTML, like Gecko) Chrome/116.0.0.0 Safari/537.36 OPR/102.0.0.0',NULL,'bd830efa8e0e897ff17af8b733d1b33351a733fd',NULL,NULL),(3323,NULL,'USER_LOGIN',1,'2023-11-16 19:02:08',10,'(UserLogged,LCauchon) - TZ=1;TZString=Europe/Paris;Screen=2133x1067','62.106.203.246','Mozilla/5.0 (Windows NT 10.0; Win64; x64) AppleWebKit/537.36 (KHTML, like Gecko) Chrome/119.0.0.0 Safari/537.36',NULL,'bd830efa8e0e897ff17af8b733d1b33351a733fd',NULL,NULL),(3324,NULL,'USER_LOGIN_FAILED',1,'2023-11-16 21:19:46',NULL,'Identifiant ou mot de passe incorrect - login=APaccou','104.28.42.41','Mozilla/5.0 (Macintosh; Intel Mac OS X 10_15_7) AppleWebKit/605.1.15 (KHTML, like Gecko) Version/17.0 Safari/605.1.15',NULL,'bd830efa8e0e897ff17af8b733d1b33351a733fd',NULL,NULL),(3325,NULL,'USER_LOGIN_FAILED',1,'2023-11-16 21:20:02',NULL,'Identifiant ou mot de passe incorrect - login=MrBonjour','104.28.42.41','Mozilla/5.0 (Macintosh; Intel Mac OS X 10_15_7) AppleWebKit/605.1.15 (KHTML, like Gecko) Version/17.0 Safari/605.1.15',NULL,'bd830efa8e0e897ff17af8b733d1b33351a733fd',NULL,NULL),(3326,NULL,'USER_LOGIN',1,'2023-11-17 09:41:41',11,'(UserLogged,NThoux) - TZ=1;TZString=Europe/Berlin;Screen=1879x949','217.128.246.102','Mozilla/5.0 (Windows NT 10.0; Win64; x64) AppleWebKit/537.36 (KHTML, like Gecko) Chrome/116.0.0.0 Safari/537.36 OPR/102.0.0.0',NULL,'bd830efa8e0e897ff17af8b733d1b33351a733fd',NULL,NULL),(3327,NULL,'USER_LOGIN',1,'2023-11-17 12:33:00',2,'(UserLogged,QMayet) - TZ=1;TZString=Europe/Paris;Screen=767x698','37.166.27.29','Mozilla/5.0 (Windows NT 10.0; Win64; x64) AppleWebKit/537.36 (KHTML, like Gecko) Chrome/119.0.0.0 Safari/537.36',NULL,'bd830efa8e0e897ff17af8b733d1b33351a733fd',NULL,NULL),(3328,NULL,'USER_LOGIN_FAILED',1,'2023-11-17 17:21:08',NULL,'ErrorBadValueForCode - login=QMayet','37.166.141.37','Mozilla/5.0 (Windows NT 10.0; Win64; x64) AppleWebKit/537.36 (KHTML, like Gecko) Chrome/119.0.0.0 Safari/537.36',NULL,'bd830efa8e0e897ff17af8b733d1b33351a733fd',NULL,NULL),(3329,NULL,'USER_LOGIN',1,'2023-11-17 17:29:23',2,'(UserLogged,QMayet) - TZ=1;TZString=Europe/Paris;Screen=1707x786','37.166.141.37','Mozilla/5.0 (Windows NT 10.0; Win64; x64) AppleWebKit/537.36 (KHTML, like Gecko) Chrome/119.0.0.0 Safari/537.36',NULL,'bd830efa8e0e897ff17af8b733d1b33351a733fd',NULL,NULL),(3330,NULL,'USER_LOGIN',1,'2023-11-18 11:23:41',2,'(UserLogged,QMayet) - TZ=1;TZString=Europe/Paris;Screen=1707x786','37.174.91.155','Mozilla/5.0 (Windows NT 10.0; Win64; x64) AppleWebKit/537.36 (KHTML, like Gecko) Chrome/119.0.0.0 Safari/537.36',NULL,'bd830efa8e0e897ff17af8b733d1b33351a733fd',NULL,NULL),(3331,NULL,'USER_LOGIN',1,'2023-11-18 14:54:35',2,'(UserLogged,QMayet) - TZ=1;TZString=Europe/Paris;Screen=1707x786','37.166.208.167','Mozilla/5.0 (Windows NT 10.0; Win64; x64) AppleWebKit/537.36 (KHTML, like Gecko) Chrome/119.0.0.0 Safari/537.36',NULL,'bd830efa8e0e897ff17af8b733d1b33351a733fd',NULL,NULL),(3332,NULL,'USER_LOGIN',1,'2023-11-18 17:09:40',2,'(UserLogged,QMayet) - TZ=1;TZString=Europe/Paris;Screen=1707x786','37.170.18.154','Mozilla/5.0 (Windows NT 10.0; Win64; x64) AppleWebKit/537.36 (KHTML, like Gecko) Chrome/119.0.0.0 Safari/537.36',NULL,'bd830efa8e0e897ff17af8b733d1b33351a733fd',NULL,NULL),(3333,NULL,'USER_LOGIN',1,'2023-11-21 08:20:18',2,'(UserLogged,QMayet) - TZ=1;TZString=Europe/Paris;Screen=1707x786','37.170.223.169','Mozilla/5.0 (Windows NT 10.0; Win64; x64) AppleWebKit/537.36 (KHTML, like Gecko) Chrome/119.0.0.0 Safari/537.36',NULL,'bd830efa8e0e897ff17af8b733d1b33351a733fd',NULL,NULL),(3334,NULL,'USER_LOGIN',1,'2023-11-21 09:09:44',2,'(UserLogged,QMayet) - TZ=1;TZString=Europe/Paris;Screen=1707x786','90.27.11.88','Mozilla/5.0 (Windows NT 10.0; Win64; x64) AppleWebKit/537.36 (KHTML, like Gecko) Chrome/119.0.0.0 Safari/537.36',NULL,'bd830efa8e0e897ff17af8b733d1b33351a733fd',NULL,NULL),(3335,NULL,'USER_LOGIN_FAILED',1,'2023-11-21 10:43:14',NULL,'Identifiant ou mot de passe incorrect - login=QMayet','90.27.11.88','Mozilla/5.0 (Windows NT 10.0; Win64; x64) AppleWebKit/537.36 (KHTML, like Gecko) Chrome/119.0.0.0 Safari/537.36',NULL,'bd830efa8e0e897ff17af8b733d1b33351a733fd',NULL,NULL),(3336,NULL,'USER_LOGIN',1,'2023-11-21 10:43:27',2,'(UserLogged,QMayet) - TZ=1;TZString=Europe/Paris;Screen=1707x786','90.27.11.88','Mozilla/5.0 (Windows NT 10.0; Win64; x64) AppleWebKit/537.36 (KHTML, like Gecko) Chrome/119.0.0.0 Safari/537.36',NULL,'bd830efa8e0e897ff17af8b733d1b33351a733fd',NULL,NULL),(3337,NULL,'USER_LOGIN',1,'2023-11-21 14:03:15',11,'(UserLogged,NThoux) - TZ=1;TZString=Europe/Berlin;Screen=1879x949','217.128.246.102','Mozilla/5.0 (Windows NT 10.0; Win64; x64) AppleWebKit/537.36 (KHTML, like Gecko) Chrome/118.0.0.0 Safari/537.36 OPR/104.0.0.0',NULL,'bd830efa8e0e897ff17af8b733d1b33351a733fd',NULL,NULL),(3338,NULL,'USER_LOGIN',1,'2023-11-21 14:29:36',10,'(UserLogged,LCauchon) - TZ=1;TZString=Europe/Paris;Screen=2133x1070','217.128.246.102','Mozilla/5.0 (Windows NT 10.0; Win64; x64) AppleWebKit/537.36 (KHTML, like Gecko) Chrome/119.0.0.0 Safari/537.36',NULL,'bd830efa8e0e897ff17af8b733d1b33351a733fd',NULL,NULL),(3339,NULL,'USER_LOGIN',1,'2023-11-21 15:33:39',2,'(UserLogged,QMayet) - TZ=1;TZString=Europe/Paris;Screen=2133x1025','217.128.246.102','Mozilla/5.0 (Windows NT 10.0; Win64; x64) AppleWebKit/537.36 (KHTML, like Gecko) Chrome/119.0.0.0 Safari/537.36',NULL,'bd830efa8e0e897ff17af8b733d1b33351a733fd',NULL,NULL),(3340,NULL,'USER_LOGIN_FAILED',1,'2023-11-21 18:58:05',NULL,'ErrorBadValueForCode - login=QMayet','37.166.207.57','Mozilla/5.0 (Windows NT 10.0; Win64; x64) AppleWebKit/537.36 (KHTML, like Gecko) Chrome/119.0.0.0 Safari/537.36',NULL,'bd830efa8e0e897ff17af8b733d1b33351a733fd',NULL,NULL),(3341,NULL,'USER_LOGIN',1,'2023-11-21 18:58:14',2,'(UserLogged,QMayet) - TZ=1;TZString=Europe/Paris;Screen=1707x786','37.166.207.57','Mozilla/5.0 (Windows NT 10.0; Win64; x64) AppleWebKit/537.36 (KHTML, like Gecko) Chrome/119.0.0.0 Safari/537.36',NULL,'bd830efa8e0e897ff17af8b733d1b33351a733fd',NULL,NULL),(3342,NULL,'USER_LOGIN',1,'2023-11-22 08:51:01',2,'(UserLogged,QMayet) - TZ=1;TZString=Europe/Paris;Screen=2048x942','176.145.64.31','Mozilla/5.0 (Windows NT 10.0; Win64; x64) AppleWebKit/537.36 (KHTML, like Gecko) Chrome/119.0.0.0 Safari/537.36',NULL,'bd830efa8e0e897ff17af8b733d1b33351a733fd',NULL,NULL),(3343,NULL,'USER_LOGIN',1,'2023-11-22 11:34:35',10,'(UserLogged,LCauchon) - TZ=1;TZString=Europe/Paris;Screen=2133x1067','217.128.246.102','Mozilla/5.0 (Windows NT 10.0; Win64; x64) AppleWebKit/537.36 (KHTML, like Gecko) Chrome/119.0.0.0 Safari/537.36',NULL,'bd830efa8e0e897ff17af8b733d1b33351a733fd',NULL,NULL),(3344,NULL,'USER_LOGIN',1,'2023-11-22 16:05:00',6,'(UserLogged,MCMC) - TZ=1;TZString=Europe/Paris;Screen=2400x1148','80.14.216.234','Mozilla/5.0 (Windows NT 10.0; Win64; x64) AppleWebKit/537.36 (KHTML, like Gecko) Chrome/119.0.0.0 Safari/537.36',NULL,'bd830efa8e0e897ff17af8b733d1b33351a733fd',NULL,NULL),(3345,NULL,'USER_LOGIN_FAILED',1,'2023-11-23 13:15:15',NULL,'ErrorBadValueForCode - login=LCauchon','91.169.6.1','Mozilla/5.0 (Windows NT 10.0; Win64; x64) AppleWebKit/537.36 (KHTML, like Gecko) Chrome/119.0.0.0 Safari/537.36',NULL,'bd830efa8e0e897ff17af8b733d1b33351a733fd',NULL,NULL),(3346,NULL,'USER_LOGIN',1,'2023-11-23 13:15:24',10,'(UserLogged,LCauchon) - TZ=1;TZString=Europe/Paris;Screen=2133x1070','91.169.6.1','Mozilla/5.0 (Windows NT 10.0; Win64; x64) AppleWebKit/537.36 (KHTML, like Gecko) Chrome/119.0.0.0 Safari/537.36',NULL,'bd830efa8e0e897ff17af8b733d1b33351a733fd',NULL,NULL),(3347,NULL,'USER_LOGIN_FAILED',1,'2023-11-25 17:49:14',NULL,'ErrorBadValueForCode - login=LCauchon','217.128.246.102','Mozilla/5.0 (Windows NT 10.0; Win64; x64) AppleWebKit/537.36 (KHTML, like Gecko) Chrome/119.0.0.0 Safari/537.36',NULL,'bd830efa8e0e897ff17af8b733d1b33351a733fd',NULL,NULL),(3348,NULL,'USER_LOGIN',1,'2023-11-25 17:49:19',10,'(UserLogged,LCauchon) - TZ=1;TZString=Europe/Paris;Screen=2133x1070','217.128.246.102','Mozilla/5.0 (Windows NT 10.0; Win64; x64) AppleWebKit/537.36 (KHTML, like Gecko) Chrome/119.0.0.0 Safari/537.36',NULL,'bd830efa8e0e897ff17af8b733d1b33351a733fd',NULL,NULL),(3349,NULL,'USER_LOGIN',1,'2023-11-26 15:04:17',10,'(UserLogged,LCauchon) - TZ=1;TZString=Europe/Paris;Screen=2133x1067','217.128.246.102','Mozilla/5.0 (Windows NT 10.0; Win64; x64) AppleWebKit/537.36 (KHTML, like Gecko) Chrome/119.0.0.0 Safari/537.36',NULL,'bd830efa8e0e897ff17af8b733d1b33351a733fd',NULL,NULL),(3350,NULL,'USER_LOGIN_FAILED',1,'2023-11-27 10:09:39',NULL,'Identifiant ou mot de passe incorrect - login=QMayet','217.128.246.102','Mozilla/5.0 (Windows NT 10.0; Win64; x64) AppleWebKit/537.36 (KHTML, like Gecko) Chrome/119.0.0.0 Safari/537.36',NULL,'bd830efa8e0e897ff17af8b733d1b33351a733fd',NULL,NULL),(3351,NULL,'USER_LOGIN',1,'2023-11-27 10:09:49',2,'(UserLogged,QMayet) - TZ=1;TZString=Europe/Paris;Screen=2560x1230','217.128.246.102','Mozilla/5.0 (Windows NT 10.0; Win64; x64) AppleWebKit/537.36 (KHTML, like Gecko) Chrome/119.0.0.0 Safari/537.36',NULL,'bd830efa8e0e897ff17af8b733d1b33351a733fd',NULL,NULL),(3352,NULL,'USER_LOGIN',1,'2023-11-27 13:19:19',2,'(UserLogged,QMayet) - TZ=1;TZString=Europe/Paris;Screen=2133x1067','91.169.6.1','Mozilla/5.0 (Windows NT 10.0; Win64; x64) AppleWebKit/537.36 (KHTML, like Gecko) Chrome/119.0.0.0 Safari/537.36',NULL,'bd830efa8e0e897ff17af8b733d1b33351a733fd',NULL,NULL),(3353,NULL,'USER_LOGIN',1,'2023-11-29 08:54:45',10,'(UserLogged,LCauchon) - TZ=1;TZString=Europe/Paris;Screen=2133x1067','91.169.6.1','Mozilla/5.0 (Windows NT 10.0; Win64; x64) AppleWebKit/537.36 (KHTML, like Gecko) Chrome/119.0.0.0 Safari/537.36',NULL,'bd830efa8e0e897ff17af8b733d1b33351a733fd',NULL,NULL),(3354,NULL,'USER_LOGIN',1,'2023-11-29 15:56:44',10,'(UserLogged,LCauchon) - TZ=1;TZString=Europe/Paris;Screen=2133x1067','217.128.246.102','Mozilla/5.0 (Windows NT 10.0; Win64; x64) AppleWebKit/537.36 (KHTML, like Gecko) Chrome/119.0.0.0 Safari/537.36',NULL,'bd830efa8e0e897ff17af8b733d1b33351a733fd',NULL,NULL),(3355,NULL,'USER_LOGIN',1,'2023-11-30 10:58:27',25,'(UserLogged,KMaillard) - TZ=1;TZString=Europe/Paris;Screen=1536x703','217.128.246.102','Mozilla/5.0 (Windows NT 10.0; Win64; x64; rv:120.0) Gecko/20100101 Firefox/120.0',NULL,'bd830efa8e0e897ff17af8b733d1b33351a733fd',NULL,NULL),(3356,NULL,'USER_LOGIN',1,'2023-11-30 11:21:24',10,'(UserLogged,LCauchon) - TZ=1;TZString=Europe/Paris;Screen=2133x1070','91.169.6.1','Mozilla/5.0 (Windows NT 10.0; Win64; x64) AppleWebKit/537.36 (KHTML, like Gecko) Chrome/119.0.0.0 Safari/537.36',NULL,'bd830efa8e0e897ff17af8b733d1b33351a733fd',NULL,NULL),(3357,NULL,'USER_LOGIN_FAILED',1,'2023-11-30 16:29:19',NULL,'ErrorBadValueForCode - login=LCauchon','91.169.6.1','Mozilla/5.0 (Windows NT 10.0; Win64; x64) AppleWebKit/537.36 (KHTML, like Gecko) Chrome/119.0.0.0 Safari/537.36',NULL,'bd830efa8e0e897ff17af8b733d1b33351a733fd',NULL,NULL),(3358,NULL,'USER_LOGIN',1,'2023-11-30 16:29:30',10,'(UserLogged,LCauchon) - TZ=1;TZString=Europe/Paris;Screen=2133x1070','91.169.6.1','Mozilla/5.0 (Windows NT 10.0; Win64; x64) AppleWebKit/537.36 (KHTML, like Gecko) Chrome/119.0.0.0 Safari/537.36',NULL,'bd830efa8e0e897ff17af8b733d1b33351a733fd',NULL,NULL),(3359,NULL,'USER_LOGIN_FAILED',1,'2023-12-01 19:30:03',NULL,'Identifiant ou mot de passe incorrect - login=QMayet','91.169.6.1','Mozilla/5.0 (Windows NT 10.0; Win64; x64) AppleWebKit/537.36 (KHTML, like Gecko) Chrome/119.0.0.0 Safari/537.36',NULL,'bd830efa8e0e897ff17af8b733d1b33351a733fd',NULL,NULL),(3360,NULL,'USER_LOGIN',1,'2023-12-01 19:30:15',2,'(UserLogged,QMayet) - TZ=1;TZString=Europe/Paris;Screen=2048x942','91.169.6.1','Mozilla/5.0 (Windows NT 10.0; Win64; x64) AppleWebKit/537.36 (KHTML, like Gecko) Chrome/119.0.0.0 Safari/537.36',NULL,'bd830efa8e0e897ff17af8b733d1b33351a733fd',NULL,NULL),(3361,NULL,'USER_LOGIN',1,'2023-12-04 11:13:29',2,'(UserLogged,QMayet) - TZ=1;TZString=Europe/Paris;Screen=2048x942','81.255.233.49','Mozilla/5.0 (Windows NT 10.0; Win64; x64) AppleWebKit/537.36 (KHTML, like Gecko) Chrome/119.0.0.0 Safari/537.36',NULL,'bd830efa8e0e897ff17af8b733d1b33351a733fd',NULL,NULL),(3362,NULL,'USER_LOGIN',1,'2023-12-04 13:11:01',25,'(UserLogged,KMaillard) - TZ=1;TZString=Europe/Paris;Screen=1536x703','217.128.246.102','Mozilla/5.0 (Windows NT 10.0; Win64; x64; rv:120.0) Gecko/20100101 Firefox/120.0',NULL,'bd830efa8e0e897ff17af8b733d1b33351a733fd',NULL,NULL),(3363,NULL,'USER_LOGIN',1,'2023-12-04 16:09:44',10,'(UserLogged,LCauchon) - TZ=1;TZString=Europe/Paris;Screen=2133x1056','91.169.6.1','Mozilla/5.0 (Windows NT 10.0; Win64; x64) AppleWebKit/537.36 (KHTML, like Gecko) Chrome/119.0.0.0 Safari/537.36',NULL,'bd830efa8e0e897ff17af8b733d1b33351a733fd',NULL,NULL),(3364,NULL,'USER_LOGIN',1,'2023-12-05 07:44:32',10,'(UserLogged,LCauchon) - TZ=1;TZString=Europe/Paris;Screen=2133x1056','91.169.6.1','Mozilla/5.0 (Windows NT 10.0; Win64; x64) AppleWebKit/537.36 (KHTML, like Gecko) Chrome/119.0.0.0 Safari/537.36',NULL,'bd830efa8e0e897ff17af8b733d1b33351a733fd',NULL,NULL),(3365,NULL,'USER_LOGIN',1,'2023-12-05 09:48:25',2,'(UserLogged,QMayet) - TZ=1;TZString=Europe/Paris;Screen=2560x1230','217.128.246.102','Mozilla/5.0 (Windows NT 10.0; Win64; x64) AppleWebKit/537.36 (KHTML, like Gecko) Chrome/119.0.0.0 Safari/537.36',NULL,'bd830efa8e0e897ff17af8b733d1b33351a733fd',NULL,NULL),(3366,NULL,'USER_LOGIN',1,'2023-12-05 11:09:37',25,'(UserLogged,KMaillard) - TZ=1;TZString=Europe/Paris;Screen=1536x703','217.128.246.102','Mozilla/5.0 (Windows NT 10.0; Win64; x64; rv:120.0) Gecko/20100101 Firefox/120.0',NULL,'bd830efa8e0e897ff17af8b733d1b33351a733fd',NULL,NULL),(3367,NULL,'USER_LOGIN',1,'2023-12-05 12:45:01',25,'(UserLogged,KMaillard) - TZ=1;TZString=Europe/Paris;Screen=1536x703','217.128.246.102','Mozilla/5.0 (Windows NT 10.0; Win64; x64; rv:120.0) Gecko/20100101 Firefox/120.0',NULL,'bd830efa8e0e897ff17af8b733d1b33351a733fd',NULL,NULL),(3368,NULL,'USER_LOGIN',1,'2023-12-05 14:42:51',11,'(UserLogged,NThoux) - TZ=1;TZString=Europe/Berlin;Screen=1879x949','217.128.246.102','Mozilla/5.0 (Windows NT 10.0; Win64; x64) AppleWebKit/537.36 (KHTML, like Gecko) Chrome/118.0.0.0 Safari/537.36 OPR/104.0.0.0',NULL,'bd830efa8e0e897ff17af8b733d1b33351a733fd',NULL,NULL),(3369,NULL,'USER_LOGIN',1,'2023-12-05 15:02:32',2,'(UserLogged,QMayet) - TZ=1;TZString=Europe/Paris;Screen=2560x1230','217.128.246.102','Mozilla/5.0 (Windows NT 10.0; Win64; x64) AppleWebKit/537.36 (KHTML, like Gecko) Chrome/119.0.0.0 Safari/537.36',NULL,'bd830efa8e0e897ff17af8b733d1b33351a733fd',NULL,NULL),(3370,NULL,'USER_LOGIN',1,'2023-12-05 15:04:02',10,'(UserLogged,LCauchon) - TZ=1;TZString=Europe/Paris;Screen=2133x1070','217.128.246.102','Mozilla/5.0 (Windows NT 10.0; Win64; x64) AppleWebKit/537.36 (KHTML, like Gecko) Chrome/119.0.0.0 Safari/537.36',NULL,'bd830efa8e0e897ff17af8b733d1b33351a733fd',NULL,NULL),(3371,NULL,'USER_LOGIN',1,'2023-12-05 16:18:46',25,'(UserLogged,KMaillard) - TZ=1;TZString=Europe/Paris;Screen=1920x919','217.128.246.102','Mozilla/5.0 (Windows NT 10.0; Win64; x64; rv:120.0) Gecko/20100101 Firefox/120.0',NULL,'bd830efa8e0e897ff17af8b733d1b33351a733fd',NULL,NULL),(3372,NULL,'USER_LOGIN',1,'2023-12-05 17:16:31',2,'(UserLogged,QMayet) - TZ=1;TZString=Europe/Paris;Screen=2560x1230','217.128.246.102','Mozilla/5.0 (Windows NT 10.0; Win64; x64) AppleWebKit/537.36 (KHTML, like Gecko) Chrome/119.0.0.0 Safari/537.36',NULL,'bd830efa8e0e897ff17af8b733d1b33351a733fd',NULL,NULL),(3373,NULL,'USER_LOGIN',1,'2023-12-06 10:00:03',2,'(UserLogged,QMayet) - TZ=1;TZString=Europe/Paris;Screen=2560x1230','217.128.246.102','Mozilla/5.0 (Windows NT 10.0; Win64; x64) AppleWebKit/537.36 (KHTML, like Gecko) Chrome/119.0.0.0 Safari/537.36',NULL,'bd830efa8e0e897ff17af8b733d1b33351a733fd',NULL,NULL),(3374,NULL,'USER_LOGIN',1,'2023-12-07 09:28:57',2,'(UserLogged,QMayet) - TZ=1;TZString=Europe/Paris;Screen=2560x1230','217.128.246.102','Mozilla/5.0 (Windows NT 10.0; Win64; x64) AppleWebKit/537.36 (KHTML, like Gecko) Chrome/119.0.0.0 Safari/537.36',NULL,'bd830efa8e0e897ff17af8b733d1b33351a733fd',NULL,NULL),(3375,NULL,'USER_LOGIN_FAILED',1,'2023-12-07 11:04:56',NULL,'ErrorBadValueForCode - login=LCauchon','217.128.246.102','Mozilla/5.0 (Windows NT 10.0; Win64; x64) AppleWebKit/537.36 (KHTML, like Gecko) Chrome/119.0.0.0 Safari/537.36',NULL,'bd830efa8e0e897ff17af8b733d1b33351a733fd',NULL,NULL),(3376,NULL,'USER_LOGIN',1,'2023-12-07 11:05:09',10,'(UserLogged,LCauchon) - TZ=1;TZString=Europe/Paris;Screen=2133x1070','217.128.246.102','Mozilla/5.0 (Windows NT 10.0; Win64; x64) AppleWebKit/537.36 (KHTML, like Gecko) Chrome/119.0.0.0 Safari/537.36',NULL,'bd830efa8e0e897ff17af8b733d1b33351a733fd',NULL,NULL),(3377,NULL,'USER_LOGIN',1,'2023-12-08 17:50:28',2,'(UserLogged,QMayet) - TZ=1;TZString=Europe/Paris;Screen=2560x1230','217.128.246.102','Mozilla/5.0 (Windows NT 10.0; Win64; x64) AppleWebKit/537.36 (KHTML, like Gecko) Chrome/119.0.0.0 Safari/537.36',NULL,'bd830efa8e0e897ff17af8b733d1b33351a733fd',NULL,NULL),(3378,NULL,'USER_LOGIN',1,'2023-12-11 15:12:08',19,'(UserLogged,GTomczak) - TZ=1;TZString=Europe/Paris;Screen=1536x703','81.254.121.97','Mozilla/5.0 (Windows NT 10.0; Win64; x64) AppleWebKit/537.36 (KHTML, like Gecko) Chrome/120.0.0.0 Safari/537.36',NULL,'bd830efa8e0e897ff17af8b733d1b33351a733fd',NULL,NULL),(3379,NULL,'USER_LOGIN',1,'2023-12-11 16:26:18',2,'(UserLogged,QMayet) - TZ=1;TZString=Europe/Paris;Screen=2048x942','91.169.6.1','Mozilla/5.0 (Windows NT 10.0; Win64; x64) AppleWebKit/537.36 (KHTML, like Gecko) Chrome/119.0.0.0 Safari/537.36',NULL,'bd830efa8e0e897ff17af8b733d1b33351a733fd',NULL,NULL),(3380,NULL,'USER_LOGIN',1,'2023-12-12 08:53:19',21,'(UserLogged,SMauboussin) - TZ=1;TZString=Europe/Paris;Screen=1920x970','217.128.246.102','Mozilla/5.0 (Windows NT 10.0; Win64; x64) AppleWebKit/537.36 (KHTML, like Gecko) Chrome/120.0.0.0 Safari/537.36',NULL,'bd830efa8e0e897ff17af8b733d1b33351a733fd',NULL,NULL),(3381,NULL,'USER_LOGIN_FAILED',1,'2023-12-12 11:11:36',NULL,'ErrorBadValueForCode - login=LCauchon','217.128.246.102','Mozilla/5.0 (Windows NT 10.0; Win64; x64) AppleWebKit/537.36 (KHTML, like Gecko) Chrome/120.0.0.0 Safari/537.36',NULL,'bd830efa8e0e897ff17af8b733d1b33351a733fd',NULL,NULL),(3382,NULL,'USER_LOGIN',1,'2023-12-12 11:11:42',10,'(UserLogged,LCauchon) - TZ=1;TZString=Europe/Paris;Screen=2133x1070','217.128.246.102','Mozilla/5.0 (Windows NT 10.0; Win64; x64) AppleWebKit/537.36 (KHTML, like Gecko) Chrome/120.0.0.0 Safari/537.36',NULL,'bd830efa8e0e897ff17af8b733d1b33351a733fd',NULL,NULL),(3383,NULL,'USER_LOGIN',1,'2023-12-13 15:43:19',2,'(UserLogged,QMayet) - TZ=1;TZString=Europe/Paris;Screen=2560x1230','217.128.246.102','Mozilla/5.0 (Windows NT 10.0; Win64; x64) AppleWebKit/537.36 (KHTML, like Gecko) Chrome/120.0.0.0 Safari/537.36',NULL,'bd830efa8e0e897ff17af8b733d1b33351a733fd',NULL,NULL),(3384,NULL,'USER_LOGIN_FAILED',1,'2023-12-14 11:16:51',NULL,'ErrorBadValueForCode - login=LCauchon','217.128.246.102','Mozilla/5.0 (Windows NT 10.0; Win64; x64) AppleWebKit/537.36 (KHTML, like Gecko) Chrome/120.0.0.0 Safari/537.36',NULL,'bd830efa8e0e897ff17af8b733d1b33351a733fd',NULL,NULL),(3385,NULL,'USER_LOGIN',1,'2023-12-14 11:16:57',10,'(UserLogged,LCauchon) - TZ=1;TZString=Europe/Paris;Screen=2133x1070','217.128.246.102','Mozilla/5.0 (Windows NT 10.0; Win64; x64) AppleWebKit/537.36 (KHTML, like Gecko) Chrome/120.0.0.0 Safari/537.36',NULL,'bd830efa8e0e897ff17af8b733d1b33351a733fd',NULL,NULL),(3386,NULL,'USER_LOGIN',1,'2023-12-14 14:33:25',2,'(UserLogged,QMayet) - TZ=1;TZString=Europe/Paris;Screen=2560x1214','217.128.246.102','Mozilla/5.0 (Windows NT 10.0; Win64; x64) AppleWebKit/537.36 (KHTML, like Gecko) Chrome/120.0.0.0 Safari/537.36',NULL,'bd830efa8e0e897ff17af8b733d1b33351a733fd',NULL,NULL),(3387,NULL,'USER_LOGIN',1,'2023-12-15 14:48:11',2,'(UserLogged,QMayet) - TZ=1;TZString=Europe/Paris;Screen=2048x926','217.128.246.102','Mozilla/5.0 (Windows NT 10.0; Win64; x64) AppleWebKit/537.36 (KHTML, like Gecko) Chrome/120.0.0.0 Safari/537.36',NULL,'bd830efa8e0e897ff17af8b733d1b33351a733fd',NULL,NULL),(3388,NULL,'USER_LOGIN',1,'2023-12-16 10:05:31',10,'(UserLogged,LCauchon) - TZ=1;TZString=Europe/Paris;Screen=2115x977','91.169.6.1','Mozilla/5.0 (Windows NT 10.0; Win64; x64) AppleWebKit/537.36 (KHTML, like Gecko) Chrome/120.0.0.0 Safari/537.36',NULL,'bd830efa8e0e897ff17af8b733d1b33351a733fd',NULL,NULL),(3389,NULL,'USER_LOGIN',1,'2023-12-19 13:57:15',2,'(UserLogged,QMayet) - TZ=1;TZString=Europe/Paris;Screen=2048x926','91.169.6.1','Mozilla/5.0 (Windows NT 10.0; Win64; x64) AppleWebKit/537.36 (KHTML, like Gecko) Chrome/120.0.0.0 Safari/537.36',NULL,'bd830efa8e0e897ff17af8b733d1b33351a733fd',NULL,NULL),(3390,NULL,'USER_LOGIN',1,'2023-12-19 14:19:14',2,'(UserLogged,QMayet) - TZ=1;TZString=Europe/Paris;Screen=2048x926','91.169.6.1','Mozilla/5.0 (Windows NT 10.0; Win64; x64) AppleWebKit/537.36 (KHTML, like Gecko) Chrome/120.0.0.0 Safari/537.36',NULL,'bd830efa8e0e897ff17af8b733d1b33351a733fd',NULL,NULL),(3391,NULL,'USER_LOGIN',1,'2023-12-20 14:22:38',2,'(UserLogged,QMayet) - TZ=1;TZString=Europe/Paris;Screen=2560x1214','217.128.246.102','Mozilla/5.0 (Windows NT 10.0; Win64; x64) AppleWebKit/537.36 (KHTML, like Gecko) Chrome/120.0.0.0 Safari/537.36',NULL,'bd830efa8e0e897ff17af8b733d1b33351a733fd',NULL,NULL),(3392,NULL,'USER_LOGIN',1,'2023-12-21 15:56:28',11,'(UserLogged,NThoux) - TZ=1;TZString=Europe/Berlin;Screen=1879x949','217.128.246.102','Mozilla/5.0 (Windows NT 10.0; Win64; x64) AppleWebKit/537.36 (KHTML, like Gecko) Chrome/119.0.0.0 Safari/537.36 OPR/105.0.0.0',NULL,'bd830efa8e0e897ff17af8b733d1b33351a733fd',NULL,NULL),(3393,NULL,'USER_LOGIN',1,'2023-12-21 16:50:33',2,'(UserLogged,QMayet) - TZ=1;TZString=Europe/Paris;Screen=2048x926','217.128.246.102','Mozilla/5.0 (Windows NT 10.0; Win64; x64) AppleWebKit/537.36 (KHTML, like Gecko) Chrome/120.0.0.0 Safari/537.36',NULL,'bd830efa8e0e897ff17af8b733d1b33351a733fd',NULL,NULL),(3394,NULL,'USER_MODIFY',1,'2023-12-21 16:55:16',2,'Modification utilisateur KMaillard - Permissions ajout&eacute;s (id=771)','217.128.246.102','Mozilla/5.0 (Windows NT 10.0; Win64; x64) AppleWebKit/537.36 (KHTML, like Gecko) Chrome/120.0.0.0 Safari/537.36',NULL,'bd830efa8e0e897ff17af8b733d1b33351a733fd',NULL,NULL),(3395,NULL,'USER_MODIFY',1,'2023-12-21 16:55:24',2,'Modification utilisateur KMaillard - Permissions ajout&eacute;s (id=772)','217.128.246.102','Mozilla/5.0 (Windows NT 10.0; Win64; x64) AppleWebKit/537.36 (KHTML, like Gecko) Chrome/120.0.0.0 Safari/537.36',NULL,'bd830efa8e0e897ff17af8b733d1b33351a733fd',NULL,NULL),(3396,NULL,'USER_MODIFY',1,'2023-12-21 16:55:31',2,'Modification utilisateur KMaillard - Permissions ajout&eacute;s (id=773)','217.128.246.102','Mozilla/5.0 (Windows NT 10.0; Win64; x64) AppleWebKit/537.36 (KHTML, like Gecko) Chrome/120.0.0.0 Safari/537.36',NULL,'bd830efa8e0e897ff17af8b733d1b33351a733fd',NULL,NULL),(3397,NULL,'USER_MODIFY',1,'2023-12-21 16:55:36',2,'Modification utilisateur KMaillard - Permissions ajout&eacute;s (id=20001)','217.128.246.102','Mozilla/5.0 (Windows NT 10.0; Win64; x64) AppleWebKit/537.36 (KHTML, like Gecko) Chrome/120.0.0.0 Safari/537.36',NULL,'bd830efa8e0e897ff17af8b733d1b33351a733fd',NULL,NULL),(3398,NULL,'USER_MODIFY',1,'2023-12-21 16:55:40',2,'Modification utilisateur KMaillard - Permissions ajout&eacute;s (id=20002)','217.128.246.102','Mozilla/5.0 (Windows NT 10.0; Win64; x64) AppleWebKit/537.36 (KHTML, like Gecko) Chrome/120.0.0.0 Safari/537.36',NULL,'bd830efa8e0e897ff17af8b733d1b33351a733fd',NULL,NULL),(3399,NULL,'USER_MODIFY',1,'2023-12-21 16:55:45',2,'Modification utilisateur KMaillard - Permissions ajout&eacute;s (id=20003)','217.128.246.102','Mozilla/5.0 (Windows NT 10.0; Win64; x64) AppleWebKit/537.36 (KHTML, like Gecko) Chrome/120.0.0.0 Safari/537.36',NULL,'bd830efa8e0e897ff17af8b733d1b33351a733fd',NULL,NULL),(3400,NULL,'USER_MODIFY',1,'2023-12-21 16:56:36',2,'Modification utilisateur LPraud - Permissions ajout&eacute;s (id=771)','217.128.246.102','Mozilla/5.0 (Windows NT 10.0; Win64; x64) AppleWebKit/537.36 (KHTML, like Gecko) Chrome/120.0.0.0 Safari/537.36',NULL,'bd830efa8e0e897ff17af8b733d1b33351a733fd',NULL,NULL),(3401,NULL,'USER_MODIFY',1,'2023-12-21 16:56:39',2,'Modification utilisateur LPraud - Permissions ajout&eacute;s (id=772)','217.128.246.102','Mozilla/5.0 (Windows NT 10.0; Win64; x64) AppleWebKit/537.36 (KHTML, like Gecko) Chrome/120.0.0.0 Safari/537.36',NULL,'bd830efa8e0e897ff17af8b733d1b33351a733fd',NULL,NULL),(3402,NULL,'USER_MODIFY',1,'2023-12-21 16:56:42',2,'Modification utilisateur LPraud - Permissions ajout&eacute;s (id=773)','217.128.246.102','Mozilla/5.0 (Windows NT 10.0; Win64; x64) AppleWebKit/537.36 (KHTML, like Gecko) Chrome/120.0.0.0 Safari/537.36',NULL,'bd830efa8e0e897ff17af8b733d1b33351a733fd',NULL,NULL),(3403,NULL,'USER_MODIFY',1,'2023-12-21 16:56:46',2,'Modification utilisateur LPraud - Permissions ajout&eacute;s (id=20001)','217.128.246.102','Mozilla/5.0 (Windows NT 10.0; Win64; x64) AppleWebKit/537.36 (KHTML, like Gecko) Chrome/120.0.0.0 Safari/537.36',NULL,'bd830efa8e0e897ff17af8b733d1b33351a733fd',NULL,NULL),(3404,NULL,'USER_MODIFY',1,'2023-12-21 16:56:49',2,'Modification utilisateur LPraud - Permissions ajout&eacute;s (id=20002)','217.128.246.102','Mozilla/5.0 (Windows NT 10.0; Win64; x64) AppleWebKit/537.36 (KHTML, like Gecko) Chrome/120.0.0.0 Safari/537.36',NULL,'bd830efa8e0e897ff17af8b733d1b33351a733fd',NULL,NULL),(3405,NULL,'USER_MODIFY',1,'2023-12-21 16:56:53',2,'Modification utilisateur LPraud - Permissions ajout&eacute;s (id=20003)','217.128.246.102','Mozilla/5.0 (Windows NT 10.0; Win64; x64) AppleWebKit/537.36 (KHTML, like Gecko) Chrome/120.0.0.0 Safari/537.36',NULL,'bd830efa8e0e897ff17af8b733d1b33351a733fd',NULL,NULL),(3406,NULL,'USER_LOGIN',1,'2023-12-22 15:00:22',2,'(UserLogged,QMayet) - TZ=1;TZString=Europe/Paris;Screen=2048x926','217.128.246.102','Mozilla/5.0 (Windows NT 10.0; Win64; x64) AppleWebKit/537.36 (KHTML, like Gecko) Chrome/120.0.0.0 Safari/537.36',NULL,'bd830efa8e0e897ff17af8b733d1b33351a733fd',NULL,NULL),(3407,NULL,'USER_LOGIN_FAILED',1,'2023-12-22 16:23:15',NULL,'ErrorBadValueForCode - login=LCauchon','217.128.246.102','Mozilla/5.0 (Windows NT 10.0; Win64; x64) AppleWebKit/537.36 (KHTML, like Gecko) Chrome/120.0.0.0 Safari/537.36',NULL,'bd830efa8e0e897ff17af8b733d1b33351a733fd',NULL,NULL),(3408,NULL,'USER_LOGIN',1,'2023-12-22 16:23:20',10,'(UserLogged,LCauchon) - TZ=1;TZString=Europe/Paris;Screen=2133x1058','217.128.246.102','Mozilla/5.0 (Windows NT 10.0; Win64; x64) AppleWebKit/537.36 (KHTML, like Gecko) Chrome/120.0.0.0 Safari/537.36',NULL,'bd830efa8e0e897ff17af8b733d1b33351a733fd',NULL,NULL),(3409,NULL,'USER_LOGIN',1,'2023-12-22 16:59:29',10,'(UserLogged,LCauchon) - TZ=1;TZString=Europe/Paris;Screen=2133x1056','217.128.246.102','Mozilla/5.0 (Windows NT 10.0; Win64; x64) AppleWebKit/537.36 (KHTML, like Gecko) Chrome/120.0.0.0 Safari/537.36',NULL,'bd830efa8e0e897ff17af8b733d1b33351a733fd',NULL,NULL),(3410,NULL,'USER_LOGIN_FAILED',1,'2023-12-26 10:46:50',NULL,'ErrorBadValueForCode - login=LCauchon','91.169.6.1','Mozilla/5.0 (Windows NT 10.0; Win64; x64) AppleWebKit/537.36 (KHTML, like Gecko) Chrome/120.0.0.0 Safari/537.36',NULL,'bd830efa8e0e897ff17af8b733d1b33351a733fd',NULL,NULL),(3411,NULL,'USER_LOGIN_FAILED',1,'2023-12-26 10:47:03',NULL,'Identifiant ou mot de passe incorrect - login=LCauchon','91.169.6.1','Mozilla/5.0 (Windows NT 10.0; Win64; x64) AppleWebKit/537.36 (KHTML, like Gecko) Chrome/120.0.0.0 Safari/537.36',NULL,'bd830efa8e0e897ff17af8b733d1b33351a733fd',NULL,NULL),(3412,NULL,'USER_LOGIN',1,'2023-12-26 10:47:09',10,'(UserLogged,LCauchon) - TZ=1;TZString=Europe/Paris;Screen=2133x1058','91.169.6.1','Mozilla/5.0 (Windows NT 10.0; Win64; x64) AppleWebKit/537.36 (KHTML, like Gecko) Chrome/120.0.0.0 Safari/537.36',NULL,'bd830efa8e0e897ff17af8b733d1b33351a733fd',NULL,NULL),(3413,NULL,'USER_LOGIN',1,'2023-12-26 15:25:58',2,'(UserLogged,QMayet) - TZ=1;TZString=Europe/Paris;Screen=1022x925','91.169.6.1','Mozilla/5.0 (Windows NT 10.0; Win64; x64) AppleWebKit/537.36 (KHTML, like Gecko) Chrome/120.0.0.0 Safari/537.36',NULL,'bd830efa8e0e897ff17af8b733d1b33351a733fd',NULL,NULL),(3414,NULL,'USER_LOGIN_FAILED',1,'2023-12-26 21:36:26',NULL,'Identifiant ou mot de passe incorrect - login=alexis.paccou@qbranch.fr','104.28.42.41','Mozilla/5.0 (Macintosh; Intel Mac OS X 10_15_7) AppleWebKit/605.1.15 (KHTML, like Gecko) Version/17.0 Safari/605.1.15',NULL,'bd830efa8e0e897ff17af8b733d1b33351a733fd',NULL,NULL),(3415,NULL,'USER_LOGIN_FAILED',1,'2023-12-26 21:36:47',NULL,'Identifiant ou mot de passe incorrect - login=APaccou','104.28.42.41','Mozilla/5.0 (Macintosh; Intel Mac OS X 10_15_7) AppleWebKit/605.1.15 (KHTML, like Gecko) Version/17.0 Safari/605.1.15',NULL,'bd830efa8e0e897ff17af8b733d1b33351a733fd',NULL,NULL),(3416,NULL,'USER_LOGIN_FAILED',1,'2023-12-26 21:37:09',NULL,'Identifiant ou mot de passe incorrect - login=MrBonjour','104.28.42.41','Mozilla/5.0 (Macintosh; Intel Mac OS X 10_15_7) AppleWebKit/605.1.15 (KHTML, like Gecko) Version/17.0 Safari/605.1.15',NULL,'bd830efa8e0e897ff17af8b733d1b33351a733fd',NULL,NULL),(3417,NULL,'USER_LOGIN_FAILED',1,'2023-12-26 21:37:20',NULL,'Identifiant ou mot de passe incorrect - login=MrBonjour','104.28.42.41','Mozilla/5.0 (Macintosh; Intel Mac OS X 10_15_7) AppleWebKit/605.1.15 (KHTML, like Gecko) Version/17.0 Safari/605.1.15',NULL,'bd830efa8e0e897ff17af8b733d1b33351a733fd',NULL,NULL),(3418,NULL,'USER_LOGIN',1,'2023-12-26 23:03:03',10,'(UserLogged,LCauchon) - TZ=1;TZString=Europe/Paris;Screen=2133x1058','91.169.6.1','Mozilla/5.0 (Windows NT 10.0; Win64; x64) AppleWebKit/537.36 (KHTML, like Gecko) Chrome/120.0.0.0 Safari/537.36',NULL,'bd830efa8e0e897ff17af8b733d1b33351a733fd',NULL,NULL),(3419,NULL,'USER_LOGIN',1,'2023-12-27 01:29:56',10,'(UserLogged,LCauchon) - TZ=1;TZString=Europe/Paris;Screen=2133x1058','91.169.6.1','Mozilla/5.0 (Windows NT 10.0; Win64; x64) AppleWebKit/537.36 (KHTML, like Gecko) Chrome/120.0.0.0 Safari/537.36',NULL,'bd830efa8e0e897ff17af8b733d1b33351a733fd',NULL,NULL),(3420,NULL,'USER_LOGIN',1,'2023-12-27 01:38:28',10,'(UserLogged,LCauchon) - TZ=1;TZString=Europe/Paris;Screen=2133x1058','91.169.6.1','Mozilla/5.0 (Windows NT 10.0; Win64; x64) AppleWebKit/537.36 (KHTML, like Gecko) Chrome/120.0.0.0 Safari/537.36',NULL,'bd830efa8e0e897ff17af8b733d1b33351a733fd',NULL,NULL),(3421,NULL,'USER_LOGIN',1,'2023-12-27 13:03:32',10,'(UserLogged,LCauchon) - TZ=1;TZString=Europe/Paris;Screen=2133x1056','91.169.6.1','Mozilla/5.0 (Windows NT 10.0; Win64; x64) AppleWebKit/537.36 (KHTML, like Gecko) Chrome/120.0.0.0 Safari/537.36',NULL,'bd830efa8e0e897ff17af8b733d1b33351a733fd',NULL,NULL),(3422,NULL,'USER_LOGIN',1,'2023-12-28 10:33:06',10,'(UserLogged,LCauchon) - TZ=1;TZString=Europe/Paris;Screen=2133x1056','91.169.6.1','Mozilla/5.0 (Windows NT 10.0; Win64; x64) AppleWebKit/537.36 (KHTML, like Gecko) Chrome/120.0.0.0 Safari/537.36',NULL,'bd830efa8e0e897ff17af8b733d1b33351a733fd',NULL,NULL);
INSERT INTO `llx_events` (`rowid`, `tms`, `type`, `entity`, `dateevent`, `fk_user`, `description`, `ip`, `user_agent`, `fk_object`, `prefix_session`, `authentication_method`, `fk_oauth_token`) VALUES (3423,NULL,'USER_LOGIN',1,'2023-12-28 12:49:21',10,'(UserLogged,LCauchon) - TZ=1;TZString=Europe/Paris;Screen=2133x1058','37.170.27.28','Mozilla/5.0 (Windows NT 10.0; Win64; x64) AppleWebKit/537.36 (KHTML, like Gecko) Chrome/120.0.0.0 Safari/537.36',NULL,'bd830efa8e0e897ff17af8b733d1b33351a733fd',NULL,NULL),(3424,NULL,'USER_LOGIN',1,'2023-12-29 08:37:18',10,'(UserLogged,LCauchon) - TZ=1;TZString=Europe/Paris;Screen=2133x1056','91.169.6.1','Mozilla/5.0 (Windows NT 10.0; Win64; x64) AppleWebKit/537.36 (KHTML, like Gecko) Chrome/120.0.0.0 Safari/537.36',NULL,'bd830efa8e0e897ff17af8b733d1b33351a733fd',NULL,NULL),(3425,NULL,'USER_LOGIN_FAILED',1,'2023-12-29 10:55:42',NULL,'ErrorBadValueForCode - login=QMayet','91.169.6.1','Mozilla/5.0 (Windows NT 10.0; Win64; x64) AppleWebKit/537.36 (KHTML, like Gecko) Chrome/120.0.0.0 Safari/537.36',NULL,'bd830efa8e0e897ff17af8b733d1b33351a733fd',NULL,NULL),(3426,NULL,'USER_LOGIN',1,'2023-12-29 10:55:57',2,'(UserLogged,QMayet) - TZ=1;TZString=Europe/Paris;Screen=2048x926','91.169.6.1','Mozilla/5.0 (Windows NT 10.0; Win64; x64) AppleWebKit/537.36 (KHTML, like Gecko) Chrome/120.0.0.0 Safari/537.36',NULL,'bd830efa8e0e897ff17af8b733d1b33351a733fd',NULL,NULL),(3427,NULL,'USER_LOGIN_FAILED',1,'2023-12-29 12:02:42',NULL,'ErrorBadValueForCode - login=QMayet','91.169.6.1','Mozilla/5.0 (Windows NT 10.0; Win64; x64) AppleWebKit/537.36 (KHTML, like Gecko) Chrome/120.0.0.0 Safari/537.36',NULL,'bd830efa8e0e897ff17af8b733d1b33351a733fd',NULL,NULL),(3428,NULL,'USER_LOGIN',1,'2023-12-29 12:02:51',2,'(UserLogged,QMayet) - TZ=1;TZString=Europe/Paris;Screen=2048x926','91.169.6.1','Mozilla/5.0 (Windows NT 10.0; Win64; x64) AppleWebKit/537.36 (KHTML, like Gecko) Chrome/120.0.0.0 Safari/537.36',NULL,'bd830efa8e0e897ff17af8b733d1b33351a733fd',NULL,NULL),(3429,NULL,'USER_LOGIN',1,'2023-12-29 12:25:43',10,'(UserLogged,LCauchon) - TZ=1;TZString=Europe/Paris;Screen=2133x1058','91.169.6.1','Mozilla/5.0 (Windows NT 10.0; Win64; x64) AppleWebKit/537.36 (KHTML, like Gecko) Chrome/120.0.0.0 Safari/537.36',NULL,'bd830efa8e0e897ff17af8b733d1b33351a733fd',NULL,NULL),(3430,NULL,'USER_LOGIN',1,'2023-12-29 14:46:24',10,'(UserLogged,LCauchon) - TZ=1;TZString=Europe/Paris;Screen=2133x1058','91.169.6.1','Mozilla/5.0 (Windows NT 10.0; Win64; x64) AppleWebKit/537.36 (KHTML, like Gecko) Chrome/120.0.0.0 Safari/537.36',NULL,'bd830efa8e0e897ff17af8b733d1b33351a733fd',NULL,NULL),(3431,NULL,'USER_LOGIN',1,'2023-12-29 14:49:45',2,'(UserLogged,QMayet) - TZ=1;TZString=Europe/Paris;Screen=2048x926','91.169.6.1','Mozilla/5.0 (Windows NT 10.0; Win64; x64) AppleWebKit/537.36 (KHTML, like Gecko) Chrome/120.0.0.0 Safari/537.36',NULL,'bd830efa8e0e897ff17af8b733d1b33351a733fd',NULL,NULL),(3432,NULL,'USER_LOGIN',1,'2023-12-29 15:10:29',10,'(UserLogged,LCauchon) - TZ=1;TZString=Europe/Paris;Screen=996x1056','91.169.6.1','Mozilla/5.0 (Windows NT 10.0; Win64; x64) AppleWebKit/537.36 (KHTML, like Gecko) Chrome/120.0.0.0 Safari/537.36',NULL,'bd830efa8e0e897ff17af8b733d1b33351a733fd',NULL,NULL),(3433,NULL,'USER_LOGIN_FAILED',1,'2023-12-29 15:10:43',NULL,'ErrorBadValueForCode - login=LCauchon','91.169.6.1','Mozilla/5.0 (Windows NT 10.0; Win64; x64) AppleWebKit/537.36 (KHTML, like Gecko) Chrome/120.0.0.0 Safari/537.36',NULL,'bd830efa8e0e897ff17af8b733d1b33351a733fd',NULL,NULL),(3434,NULL,'USER_LOGIN',1,'2023-12-29 15:10:50',10,'(UserLogged,LCauchon) - TZ=1;TZString=Europe/Paris;Screen=2133x1058','91.169.6.1','Mozilla/5.0 (Windows NT 10.0; Win64; x64) AppleWebKit/537.36 (KHTML, like Gecko) Chrome/120.0.0.0 Safari/537.36',NULL,'bd830efa8e0e897ff17af8b733d1b33351a733fd',NULL,NULL),(3435,NULL,'USER_LOGIN',1,'2023-12-29 15:11:06',10,'(UserLogged,LCauchon) - TZ=1;TZString=Europe/Paris;Screen=2133x1058','91.169.6.1','Mozilla/5.0 (Windows NT 10.0; Win64; x64) AppleWebKit/537.36 (KHTML, like Gecko) Chrome/120.0.0.0 Safari/537.36',NULL,'bd830efa8e0e897ff17af8b733d1b33351a733fd',NULL,NULL),(3436,NULL,'USER_LOGIN',1,'2023-12-29 15:13:56',10,'(UserLogged,LCauchon) - TZ=1;TZString=Europe/Paris;Screen=1064x1056','91.169.6.1','Mozilla/5.0 (Windows NT 10.0; Win64; x64) AppleWebKit/537.36 (KHTML, like Gecko) Chrome/120.0.0.0 Safari/537.36',NULL,'bd830efa8e0e897ff17af8b733d1b33351a733fd',NULL,NULL),(3437,NULL,'USER_LOGIN_FAILED',1,'2023-12-29 15:14:00',NULL,'ErrorBadValueForCode - login=LCauchon','91.169.6.1','Mozilla/5.0 (Windows NT 10.0; Win64; x64) AppleWebKit/537.36 (KHTML, like Gecko) Chrome/120.0.0.0 Safari/537.36',NULL,'bd830efa8e0e897ff17af8b733d1b33351a733fd',NULL,NULL),(3438,NULL,'USER_LOGIN',1,'2023-12-29 15:14:06',10,'(UserLogged,LCauchon) - TZ=1;TZString=Europe/Paris;Screen=1064x1056','91.169.6.1','Mozilla/5.0 (Windows NT 10.0; Win64; x64) AppleWebKit/537.36 (KHTML, like Gecko) Chrome/120.0.0.0 Safari/537.36',NULL,'bd830efa8e0e897ff17af8b733d1b33351a733fd',NULL,NULL),(3439,NULL,'USER_LOGIN',1,'2023-12-29 21:33:17',10,'(UserLogged,LCauchon) - TZ=1;TZString=Europe/Paris;Screen=2133x1058','91.169.6.1','Mozilla/5.0 (Windows NT 10.0; Win64; x64) AppleWebKit/537.36 (KHTML, like Gecko) Chrome/120.0.0.0 Safari/537.36',NULL,'bd830efa8e0e897ff17af8b733d1b33351a733fd',NULL,NULL),(3440,NULL,'USER_LOGIN',1,'2024-01-02 15:42:33',10,'(UserLogged,LCauchon) - TZ=1;TZString=Europe/Paris;Screen=2133x1058','91.169.6.1','Mozilla/5.0 (Windows NT 10.0; Win64; x64) AppleWebKit/537.36 (KHTML, like Gecko) Chrome/120.0.0.0 Safari/537.36',NULL,'bd830efa8e0e897ff17af8b733d1b33351a733fd',NULL,NULL),(3441,NULL,'USER_LOGIN',1,'2024-01-03 08:43:33',10,'(UserLogged,LCauchon) - TZ=1;TZString=Europe/Paris;Screen=2133x1058','91.169.6.1','Mozilla/5.0 (Windows NT 10.0; Win64; x64) AppleWebKit/537.36 (KHTML, like Gecko) Chrome/120.0.0.0 Safari/537.36',NULL,'bd830efa8e0e897ff17af8b733d1b33351a733fd',NULL,NULL),(3442,NULL,'USER_LOGIN',1,'2024-01-03 10:13:00',2,'(UserLogged,QMayet) - TZ=1;TZString=Europe/Paris;Screen=2048x926','217.128.246.102','Mozilla/5.0 (Windows NT 10.0; Win64; x64) AppleWebKit/537.36 (KHTML, like Gecko) Chrome/120.0.0.0 Safari/537.36',NULL,'bd830efa8e0e897ff17af8b733d1b33351a733fd',NULL,NULL),(3443,NULL,'USER_LOGIN',1,'2024-01-03 11:06:58',2,'(UserLogged,QMayet) - TZ=1;TZString=Europe/Paris;Screen=2048x926','217.128.246.102','Mozilla/5.0 (Windows NT 10.0; Win64; x64) AppleWebKit/537.36 (KHTML, like Gecko) Chrome/120.0.0.0 Safari/537.36',NULL,'bd830efa8e0e897ff17af8b733d1b33351a733fd',NULL,NULL),(3444,NULL,'USER_LOGIN',1,'2024-01-03 12:18:39',11,'(UserLogged,NThoux) - TZ=1;TZString=Europe/Paris;Screen=1677x1297','176.145.72.105','Mozilla/5.0 (Windows NT 10.0; Win64; x64) AppleWebKit/537.36 (KHTML, like Gecko) Chrome/119.0.0.0 Safari/537.36 OPR/105.0.0.0',NULL,'bd830efa8e0e897ff17af8b733d1b33351a733fd',NULL,NULL),(3445,NULL,'USER_LOGIN',1,'2024-01-03 13:26:10',10,'(UserLogged,LCauchon) - TZ=1;TZString=Europe/Paris;Screen=2133x1058','91.169.6.1','Mozilla/5.0 (Windows NT 10.0; Win64; x64) AppleWebKit/537.36 (KHTML, like Gecko) Chrome/120.0.0.0 Safari/537.36',NULL,'bd830efa8e0e897ff17af8b733d1b33351a733fd',NULL,NULL),(3446,NULL,'USER_LOGIN',1,'2024-01-03 13:58:42',25,'(UserLogged,KMaillard) - TZ=1;TZString=Europe/Paris;Screen=1536x703','91.170.24.248','Mozilla/5.0 (Windows NT 10.0; Win64; x64; rv:121.0) Gecko/20100101 Firefox/121.0',NULL,'bd830efa8e0e897ff17af8b733d1b33351a733fd',NULL,NULL),(3447,NULL,'USER_LOGIN',1,'2024-01-03 15:37:16',2,'(UserLogged,QMayet) - TZ=1;TZString=Europe/Paris;Screen=2560x1214','217.128.246.102','Mozilla/5.0 (Windows NT 10.0; Win64; x64) AppleWebKit/537.36 (KHTML, like Gecko) Chrome/120.0.0.0 Safari/537.36',NULL,'bd830efa8e0e897ff17af8b733d1b33351a733fd',NULL,NULL),(3448,NULL,'USER_LOGIN',1,'2024-01-03 21:30:22',2,'(UserLogged,QMayet) - TZ=1;TZString=Europe/Paris;Screen=2048x926','91.169.6.1','Mozilla/5.0 (Windows NT 10.0; Win64; x64) AppleWebKit/537.36 (KHTML, like Gecko) Chrome/120.0.0.0 Safari/537.36',NULL,'bd830efa8e0e897ff17af8b733d1b33351a733fd',NULL,NULL),(3449,NULL,'USER_LOGIN',1,'2024-01-04 09:37:14',10,'(UserLogged,LCauchon) - TZ=1;TZString=Europe/Paris;Screen=2133x1056','91.169.6.1','Mozilla/5.0 (Windows NT 10.0; Win64; x64) AppleWebKit/537.36 (KHTML, like Gecko) Chrome/120.0.0.0 Safari/537.36',NULL,'bd830efa8e0e897ff17af8b733d1b33351a733fd',NULL,NULL),(3450,NULL,'USER_LOGIN',1,'2024-01-04 09:47:28',10,'(UserLogged,LCauchon) - TZ=1;TZString=Europe/Paris;Screen=2133x1058','37.174.175.56','Mozilla/5.0 (Windows NT 10.0; Win64; x64) AppleWebKit/537.36 (KHTML, like Gecko) Chrome/120.0.0.0 Safari/537.36',NULL,'bd830efa8e0e897ff17af8b733d1b33351a733fd',NULL,NULL),(3451,NULL,'USER_LOGIN',1,'2024-01-04 09:57:35',2,'(UserLogged,QMayet) - TZ=1;TZString=Europe/Paris;Screen=2048x926','217.128.246.102','Mozilla/5.0 (Windows NT 10.0; Win64; x64) AppleWebKit/537.36 (KHTML, like Gecko) Chrome/120.0.0.0 Safari/537.36',NULL,'bd830efa8e0e897ff17af8b733d1b33351a733fd',NULL,NULL),(3452,NULL,'USER_LOGIN',1,'2024-01-04 10:33:40',10,'(UserLogged,LCauchon) - TZ=1;TZString=Europe/Paris;Screen=2133x1058','37.174.175.56','Mozilla/5.0 (Windows NT 10.0; Win64; x64) AppleWebKit/537.36 (KHTML, like Gecko) Chrome/120.0.0.0 Safari/537.36',NULL,'bd830efa8e0e897ff17af8b733d1b33351a733fd',NULL,NULL),(3453,NULL,'USER_LOGIN',1,'2024-01-04 10:52:22',11,'(UserLogged,NThoux) - TZ=1;TZString=Europe/Berlin;Screen=1879x949','217.128.246.102','Mozilla/5.0 (Windows NT 10.0; Win64; x64) AppleWebKit/537.36 (KHTML, like Gecko) Chrome/119.0.0.0 Safari/537.36 OPR/105.0.0.0',NULL,'bd830efa8e0e897ff17af8b733d1b33351a733fd',NULL,NULL),(3454,NULL,'USER_LOGIN',1,'2024-01-04 13:08:43',10,'(UserLogged,LCauchon) - TZ=1;TZString=Europe/Paris;Screen=2133x1058','37.174.175.56','Mozilla/5.0 (Windows NT 10.0; Win64; x64) AppleWebKit/537.36 (KHTML, like Gecko) Chrome/120.0.0.0 Safari/537.36',NULL,'bd830efa8e0e897ff17af8b733d1b33351a733fd',NULL,NULL),(3455,NULL,'USER_LOGIN_FAILED',1,'2024-01-04 13:46:38',NULL,'ErrorBadValueForCode - login=LCauchon','37.170.206.238','Mozilla/5.0 (Windows NT 10.0; Win64; x64) AppleWebKit/537.36 (KHTML, like Gecko) Chrome/120.0.0.0 Safari/537.36',NULL,'bd830efa8e0e897ff17af8b733d1b33351a733fd',NULL,NULL),(3456,NULL,'USER_LOGIN',1,'2024-01-04 13:46:43',10,'(UserLogged,LCauchon) - TZ=1;TZString=Europe/Paris;Screen=2133x1058','37.170.206.238','Mozilla/5.0 (Windows NT 10.0; Win64; x64) AppleWebKit/537.36 (KHTML, like Gecko) Chrome/120.0.0.0 Safari/537.36',NULL,'bd830efa8e0e897ff17af8b733d1b33351a733fd',NULL,NULL),(3457,NULL,'USER_LOGIN_FAILED',1,'2024-01-04 15:17:33',NULL,'Identifiant ou mot de passe incorrect - login=QMayet','217.128.246.102','Mozilla/5.0 (Windows NT 10.0; Win64; x64) AppleWebKit/537.36 (KHTML, like Gecko) Chrome/120.0.0.0 Safari/537.36',NULL,'bd830efa8e0e897ff17af8b733d1b33351a733fd',NULL,NULL),(3458,NULL,'USER_LOGIN',1,'2024-01-04 15:17:52',2,'(UserLogged,QMayet) - TZ=1;TZString=Europe/Paris;Screen=2560x1214','217.128.246.102','Mozilla/5.0 (Windows NT 10.0; Win64; x64) AppleWebKit/537.36 (KHTML, like Gecko) Chrome/120.0.0.0 Safari/537.36',NULL,'bd830efa8e0e897ff17af8b733d1b33351a733fd',NULL,NULL),(3459,NULL,'USER_LOGIN',1,'2024-01-04 17:08:15',2,'(UserLogged,QMayet) - TZ=1;TZString=Europe/Paris;Screen=2560x1214','217.128.246.102','Mozilla/5.0 (Windows NT 10.0; Win64; x64) AppleWebKit/537.36 (KHTML, like Gecko) Chrome/120.0.0.0 Safari/537.36',NULL,'bd830efa8e0e897ff17af8b733d1b33351a733fd',NULL,NULL),(3460,NULL,'USER_LOGIN',1,'2024-01-05 09:21:17',10,'(UserLogged,LCauchon) - TZ=1;TZString=Europe/Paris;Screen=2133x1056','91.169.6.1','Mozilla/5.0 (Windows NT 10.0; Win64; x64) AppleWebKit/537.36 (KHTML, like Gecko) Chrome/120.0.0.0 Safari/537.36',NULL,'bd830efa8e0e897ff17af8b733d1b33351a733fd',NULL,NULL),(3461,NULL,'USER_LOGIN',1,'2024-01-05 15:25:50',2,'(UserLogged,QMayet) - TZ=1;TZString=Europe/Paris;Screen=2048x926','87.88.180.15','Mozilla/5.0 (Windows NT 10.0; Win64; x64) AppleWebKit/537.36 (KHTML, like Gecko) Chrome/120.0.0.0 Safari/537.36',NULL,'bd830efa8e0e897ff17af8b733d1b33351a733fd',NULL,NULL),(3462,NULL,'USER_LOGIN',1,'2024-01-07 17:08:59',11,'(UserLogged,NThoux) - TZ=1;TZString=Europe/Paris;Screen=3399x1309','89.85.252.203','Mozilla/5.0 (Windows NT 10.0; Win64; x64) AppleWebKit/537.36 (KHTML, like Gecko) Chrome/119.0.0.0 Safari/537.36 OPR/105.0.0.0',NULL,'bd830efa8e0e897ff17af8b733d1b33351a733fd',NULL,NULL),(3463,NULL,'USER_LOGIN',1,'2024-01-08 19:05:33',2,'(UserLogged,QMayet) - TZ=1;TZString=Europe/Paris;Screen=2048x926','24.120.54.60','Mozilla/5.0 (Windows NT 10.0; Win64; x64) AppleWebKit/537.36 (KHTML, like Gecko) Chrome/120.0.0.0 Safari/537.36',NULL,'bd830efa8e0e897ff17af8b733d1b33351a733fd',NULL,NULL),(3464,NULL,'USER_LOGIN',1,'2024-01-09 16:13:18',2,'(UserLogged,QMayet) - TZ=1;TZString=Europe/Paris;Screen=2048x926','24.120.54.60','Mozilla/5.0 (Windows NT 10.0; Win64; x64) AppleWebKit/537.36 (KHTML, like Gecko) Chrome/120.0.0.0 Safari/537.36',NULL,'bd830efa8e0e897ff17af8b733d1b33351a733fd',NULL,NULL),(3465,NULL,'USER_LOGIN_FAILED',1,'2024-01-12 06:26:24',NULL,'Identifiant ou mot de passe incorrect - login=Alexis','109.9.41.139','Mozilla/5.0 (Macintosh; Intel Mac OS X 10_15_7) AppleWebKit/605.1.15 (KHTML, like Gecko) Version/17.2.1 Safari/605.1.15',NULL,'bd830efa8e0e897ff17af8b733d1b33351a733fd',NULL,NULL),(3466,NULL,'USER_LOGIN_FAILED',1,'2024-01-12 06:26:33',NULL,'Identifiant ou mot de passe incorrect - login=alexis.paccou@qbranch.fr','109.9.41.139','Mozilla/5.0 (Macintosh; Intel Mac OS X 10_15_7) AppleWebKit/605.1.15 (KHTML, like Gecko) Version/17.2.1 Safari/605.1.15',NULL,'bd830efa8e0e897ff17af8b733d1b33351a733fd',NULL,NULL),(3467,NULL,'USER_LOGIN_FAILED',1,'2024-01-12 06:30:31',NULL,'Identifiant ou mot de passe incorrect - login=MrBonjour','109.9.41.139','Mozilla/5.0 (Macintosh; Intel Mac OS X 10_15_7) AppleWebKit/605.1.15 (KHTML, like Gecko) Version/17.2.1 Safari/605.1.15',NULL,'bd830efa8e0e897ff17af8b733d1b33351a733fd',NULL,NULL),(3468,NULL,'USER_LOGIN',1,'2024-01-12 16:30:28',6,'(UserLogged,MCMC) - TZ=1;TZString=Europe/Paris;Screen=1920x879','80.14.216.234','Mozilla/5.0 (Windows NT 10.0; Win64; x64) AppleWebKit/537.36 (KHTML, like Gecko) Chrome/120.0.0.0 Safari/537.36',NULL,'bd830efa8e0e897ff17af8b733d1b33351a733fd',NULL,NULL),(3469,NULL,'USER_LOGIN',1,'2024-01-15 11:37:30',6,'(UserLogged,MCMC) - TZ=1;TZString=Europe/Paris;Screen=2400x1148','80.14.216.234','Mozilla/5.0 (Windows NT 10.0; Win64; x64) AppleWebKit/537.36 (KHTML, like Gecko) Chrome/120.0.0.0 Safari/537.36',NULL,'bd830efa8e0e897ff17af8b733d1b33351a733fd',NULL,NULL),(3470,NULL,'USER_LOGIN',1,'2024-01-17 14:06:48',11,'(UserLogged,NThoux) - TZ=1;TZString=Europe/Berlin;Screen=1879x949','217.128.246.102','Mozilla/5.0 (Windows NT 10.0; Win64; x64) AppleWebKit/537.36 (KHTML, like Gecko) Chrome/119.0.0.0 Safari/537.36 OPR/105.0.0.0',NULL,'bd830efa8e0e897ff17af8b733d1b33351a733fd',NULL,NULL),(3471,NULL,'USER_LOGIN_FAILED',1,'2024-01-17 14:08:14',NULL,'Identifiant ou mot de passe incorrect - login=QMayet','217.128.246.102','Mozilla/5.0 (Windows NT 10.0; Win64; x64) AppleWebKit/537.36 (KHTML, like Gecko) Chrome/120.0.0.0 Safari/537.36',NULL,'bd830efa8e0e897ff17af8b733d1b33351a733fd',NULL,NULL),(3472,NULL,'USER_LOGIN',1,'2024-01-17 14:08:26',2,'(UserLogged,QMayet) - TZ=1;TZString=Europe/Paris;Screen=2560x1214','217.128.246.102','Mozilla/5.0 (Windows NT 10.0; Win64; x64) AppleWebKit/537.36 (KHTML, like Gecko) Chrome/120.0.0.0 Safari/537.36',NULL,'bd830efa8e0e897ff17af8b733d1b33351a733fd',NULL,NULL),(3473,NULL,'USER_LOGIN',1,'2024-01-18 06:37:42',10,'(UserLogged,LCauchon) - TZ=1;TZString=Europe/Paris;Screen=2133x1058','91.169.6.1','Mozilla/5.0 (Windows NT 10.0; Win64; x64) AppleWebKit/537.36 (KHTML, like Gecko) Chrome/120.0.0.0 Safari/537.36',NULL,'bd830efa8e0e897ff17af8b733d1b33351a733fd',NULL,NULL),(3474,NULL,'USER_LOGIN_FAILED',1,'2024-01-18 16:08:46',NULL,'Identifiant ou mot de passe incorrect - login=QMayet','217.128.246.102','Mozilla/5.0 (Windows NT 10.0; Win64; x64) AppleWebKit/537.36 (KHTML, like Gecko) Chrome/120.0.0.0 Safari/537.36',NULL,'bd830efa8e0e897ff17af8b733d1b33351a733fd',NULL,NULL),(3475,NULL,'USER_LOGIN',1,'2024-01-18 16:09:02',2,'(UserLogged,QMayet) - TZ=1;TZString=Europe/Paris;Screen=2560x1214','217.128.246.102','Mozilla/5.0 (Windows NT 10.0; Win64; x64) AppleWebKit/537.36 (KHTML, like Gecko) Chrome/120.0.0.0 Safari/537.36',NULL,'bd830efa8e0e897ff17af8b733d1b33351a733fd',NULL,NULL),(3476,NULL,'USER_LOGIN_FAILED',1,'2024-01-19 08:55:42',NULL,'ErrorBadValueForCode - login=LCauchon','91.169.6.1','Mozilla/5.0 (Windows NT 10.0; Win64; x64) AppleWebKit/537.36 (KHTML, like Gecko) Chrome/120.0.0.0 Safari/537.36',NULL,'bd830efa8e0e897ff17af8b733d1b33351a733fd',NULL,NULL),(3477,NULL,'USER_LOGIN',1,'2024-01-21 09:25:24',2,'(UserLogged,QMayet) - TZ=1;TZString=Europe/Paris;Screen=2048x926','91.169.6.1','Mozilla/5.0 (Windows NT 10.0; Win64; x64) AppleWebKit/537.36 (KHTML, like Gecko) Chrome/120.0.0.0 Safari/537.36',NULL,'bd830efa8e0e897ff17af8b733d1b33351a733fd',NULL,NULL),(3478,NULL,'USER_LOGIN',1,'2024-01-21 18:30:31',2,'(UserLogged,QMayet) - TZ=1;TZString=Europe/Paris;Screen=2048x926','91.169.6.1','Mozilla/5.0 (Windows NT 10.0; Win64; x64) AppleWebKit/537.36 (KHTML, like Gecko) Chrome/120.0.0.0 Safari/537.36',NULL,'bd830efa8e0e897ff17af8b733d1b33351a733fd',NULL,NULL),(3479,NULL,'USER_LOGIN',1,'2024-01-22 10:49:04',25,'(UserLogged,KMaillard) - TZ=1;TZString=Europe/Paris;Screen=1536x703','217.128.246.102','Mozilla/5.0 (Windows NT 10.0; Win64; x64; rv:121.0) Gecko/20100101 Firefox/121.0',NULL,'bd830efa8e0e897ff17af8b733d1b33351a733fd',NULL,NULL),(3480,NULL,'USER_LOGIN',1,'2024-01-22 11:24:03',2,'(UserLogged,QMayet) - TZ=1;TZString=Europe/Paris;Screen=2048x926','217.128.246.102','Mozilla/5.0 (Windows NT 10.0; Win64; x64) AppleWebKit/537.36 (KHTML, like Gecko) Chrome/120.0.0.0 Safari/537.36',NULL,'bd830efa8e0e897ff17af8b733d1b33351a733fd',NULL,NULL),(3481,NULL,'USER_LOGIN',1,'2024-01-23 10:19:27',11,'(UserLogged,NThoux) - TZ=1;TZString=Europe/Berlin;Screen=1879x949','217.128.246.102','Mozilla/5.0 (Windows NT 10.0; Win64; x64) AppleWebKit/537.36 (KHTML, like Gecko) Chrome/119.0.0.0 Safari/537.36 OPR/105.0.0.0',NULL,'bd830efa8e0e897ff17af8b733d1b33351a733fd',NULL,NULL),(3482,NULL,'USER_LOGIN',1,'2024-01-23 14:25:59',2,'(UserLogged,QMayet) - TZ=1;TZString=Europe/Paris;Screen=2560x1214','217.128.246.102','Mozilla/5.0 (Windows NT 10.0; Win64; x64) AppleWebKit/537.36 (KHTML, like Gecko) Chrome/120.0.0.0 Safari/537.36',NULL,'bd830efa8e0e897ff17af8b733d1b33351a733fd',NULL,NULL),(3483,NULL,'USER_NEW_PASSWORD',1,'2024-01-23 14:26:16',2,'Changement mot de passe de LPraud','217.128.246.102','Mozilla/5.0 (Windows NT 10.0; Win64; x64) AppleWebKit/537.36 (KHTML, like Gecko) Chrome/120.0.0.0 Safari/537.36',NULL,'bd830efa8e0e897ff17af8b733d1b33351a733fd',NULL,NULL),(3484,NULL,'USER_LOGIN',1,'2024-01-23 14:28:02',24,'(UserLogged,LPraud) - TZ=1;TZString=Europe/Paris;Screen=1536x730','217.128.246.102','Mozilla/5.0 (Windows NT 10.0; Win64; x64) AppleWebKit/537.36 (KHTML, like Gecko) Chrome/120.0.0.0 Safari/537.36',NULL,'bd830efa8e0e897ff17af8b733d1b33351a733fd',NULL,NULL);

--
-- Table structure for table `llx_expedition`
--

CREATE TABLE `llx_expedition` (
  `rowid` int(11) NOT NULL AUTO_INCREMENT,
  `tms` timestamp NULL DEFAULT NULL,
  `ref` varchar(30) NOT NULL,
  `entity` int(11) NOT NULL DEFAULT '1',
  `fk_soc` int(11) NOT NULL,
  `fk_projet` int(11) DEFAULT NULL,
  `ref_ext` varchar(255) DEFAULT NULL,
  `ref_int` varchar(255) DEFAULT NULL,
  `ref_customer` varchar(255) DEFAULT NULL,
  `date_creation` datetime DEFAULT NULL,
  `fk_user_author` int(11) DEFAULT NULL,
  `fk_user_modif` int(11) DEFAULT NULL,
  `date_valid` datetime DEFAULT NULL,
  `fk_user_valid` int(11) DEFAULT NULL,
  `date_delivery` datetime DEFAULT NULL,
  `date_expedition` datetime DEFAULT NULL,
  `fk_address` int(11) DEFAULT NULL,
  `fk_shipping_method` int(11) DEFAULT NULL,
  `tracking_number` varchar(50) DEFAULT NULL,
  `fk_statut` smallint(6) DEFAULT '0',
  `billed` smallint(6) DEFAULT '0',
  `height` float DEFAULT NULL,
  `width` float DEFAULT NULL,
  `size_units` int(11) DEFAULT NULL,
  `size` float DEFAULT NULL,
  `weight_units` int(11) DEFAULT NULL,
  `weight` float DEFAULT NULL,
  `note_private` text,
  `note_public` text,
  `model_pdf` varchar(255) DEFAULT NULL,
  `last_main_doc` varchar(255) DEFAULT NULL,
  `fk_incoterms` int(11) DEFAULT NULL,
  `location_incoterms` varchar(255) DEFAULT NULL,
  `import_key` varchar(14) DEFAULT NULL,
  `extraparams` varchar(255) DEFAULT NULL,
  PRIMARY KEY (`rowid`),
  UNIQUE KEY `idx_expedition_uk_ref` (`ref`,`entity`),
  KEY `idx_expedition_fk_soc` (`fk_soc`),
  KEY `idx_expedition_fk_user_author` (`fk_user_author`),
  KEY `idx_expedition_fk_user_valid` (`fk_user_valid`),
  KEY `idx_expedition_fk_shipping_method` (`fk_shipping_method`),
  CONSTRAINT `fk_expedition_fk_shipping_method` FOREIGN KEY (`fk_shipping_method`) REFERENCES `llx_c_shipment_mode` (`rowid`),
  CONSTRAINT `fk_expedition_fk_soc` FOREIGN KEY (`fk_soc`) REFERENCES `llx_societe` (`rowid`),
  CONSTRAINT `fk_expedition_fk_user_author` FOREIGN KEY (`fk_user_author`) REFERENCES `llx_user` (`rowid`),
  CONSTRAINT `fk_expedition_fk_user_valid` FOREIGN KEY (`fk_user_valid`) REFERENCES `llx_user` (`rowid`)
) ENGINE=InnoDB AUTO_INCREMENT=23 DEFAULT CHARSET=latin1;

--
-- Dumping data for table `llx_expedition`
--

INSERT INTO `llx_expedition` (`rowid`, `tms`, `ref`, `entity`, `fk_soc`, `fk_projet`, `ref_ext`, `ref_int`, `ref_customer`, `date_creation`, `fk_user_author`, `fk_user_modif`, `date_valid`, `fk_user_valid`, `date_delivery`, `date_expedition`, `fk_address`, `fk_shipping_method`, `tracking_number`, `fk_statut`, `billed`, `height`, `width`, `size_units`, `size`, `weight_units`, `weight`, `note_private`, `note_public`, `model_pdf`, `last_main_doc`, `fk_incoterms`, `location_incoterms`, `import_key`, `extraparams`) VALUES (2,NULL,'SH2206-0001',1,225,110,NULL,NULL,NULL,'2022-06-07 16:23:22',3,NULL,'2022-06-07 16:23:32',3,'2022-06-07 00:00:00',NULL,NULL,NULL,'',2,0,NULL,NULL,0,NULL,0,NULL,NULL,'COMMANDE N°4000959687 - P7SD8\r\nSAC-C \r\nn°SIRET : 77568501900587',NULL,'expedition/sending/SH2206-0001/SH2206-0001.pdf',0,'',NULL,NULL),(3,NULL,'SH2206-0002',1,225,110,NULL,NULL,NULL,'2022-06-20 13:34:03',3,NULL,'2022-06-20 13:34:07',3,'2022-06-20 00:00:00',NULL,NULL,NULL,'',2,0,NULL,NULL,0,NULL,0,NULL,NULL,NULL,NULL,'expedition/sending/SH2206-0002/SH2206-0002.pdf',0,'',NULL,NULL),(4,NULL,'SH2208-0003',1,46,113,NULL,NULL,NULL,'2022-08-31 09:34:35',3,NULL,'2022-08-31 09:34:53',3,'2022-08-26 00:00:00',NULL,NULL,NULL,'',2,0,NULL,NULL,0,NULL,0,NULL,'BdC reçu le 25/08',NULL,NULL,'expedition/sending/SH2208-0003/SH2208-0003.pdf',0,'',NULL,NULL),(5,NULL,'SH2209-0004',1,225,NULL,NULL,NULL,'4000974817 - P7SD8','2022-09-12 16:26:31',3,NULL,'2022-09-12 16:26:38',3,'2022-09-14 00:00:00',NULL,NULL,NULL,'',1,0,NULL,NULL,0,NULL,0,NULL,NULL,NULL,NULL,'expedition/sending/SH2209-0004/SH2209-0004.pdf',0,'',NULL,NULL),(6,NULL,'SH2212-0005',1,225,124,NULL,NULL,NULL,'2022-12-15 14:16:39',3,NULL,'2022-12-15 14:16:43',3,'2022-12-15 00:00:00',NULL,NULL,NULL,'',1,0,NULL,NULL,0,NULL,0,NULL,NULL,NULL,NULL,'expedition/sending/SH2212-0005/SH2212-0005.pdf',0,'',NULL,NULL),(8,NULL,'SH2302-0006',1,225,124,NULL,NULL,'4000990028 - P7SD8','2023-02-03 13:42:22',2,2,'2023-02-03 13:42:32',2,NULL,NULL,NULL,NULL,'',1,0,NULL,NULL,0,NULL,0,NULL,NULL,'Code service SAC-C\r\nn°SIRET : 77568501900587\r\n\r\nFourniture de pattern de tracking dans la VR-Room\r\n\r\nCommande CEA : N°4000990028 - P7SD8','rouget','expedition/sending/SH2302-0006/SH2302-0006.pdf',0,'',NULL,NULL),(11,NULL,'SH2304-0008',1,225,142,NULL,NULL,'4000992862 - P7SD8','2023-04-04 16:44:25',2,2,'2023-04-04 16:44:38',2,'2023-02-14 00:00:00',NULL,NULL,NULL,'',1,0,NULL,NULL,0,NULL,0,NULL,NULL,'Code service SAC-C\r\nn°SIRET : 77568501900587\r\n\r\nFourniture d\'une mire pour analyse photogramétrique de pousse de pieds de vignes\r\n\r\nCommande CEA : N°4000992862 - P7SD8','rouget','expedition/sending/SH2304-0008/SH2304-0008.pdf',0,'',NULL,NULL),(14,NULL,'SH2304-0009',1,225,143,NULL,NULL,'4000993890 - P7SD8','2023-04-04 17:30:31',2,NULL,'2023-04-04 17:30:36',2,'2023-03-31 00:00:00',NULL,NULL,NULL,'',1,0,NULL,NULL,0,NULL,0,NULL,NULL,'Code service SAC-C\r\nn°SIRET : 77568501900587\r\n\r\nEvolution haptique du système de \"perche tangible\" - intégré au bras Virtuose\r\n\r\nCommande CEA : N°4000993890 - P7SD8','rouget','expedition/sending/SH2304-0009/SH2304-0009.pdf',0,'',NULL,NULL),(15,NULL,'SH2308-0010',1,225,160,NULL,NULL,'4001016584 - P7SD8','2023-08-11 07:37:27',2,NULL,'2023-08-11 07:37:44',2,'2023-08-11 12:00:00',NULL,NULL,NULL,'',1,0,NULL,NULL,0,NULL,0,NULL,NULL,'Code Service SAC-C\r\n\r\nn°SIRET 77568501900587\r\n\r\nLivraison de matériel réseau et divers accessoires de câblage électriques',NULL,'expedition/sending/SH2308-0010/SH2308-0010.pdf',0,'',NULL,NULL),(17,NULL,'SH2308-0011',1,225,143,NULL,NULL,'4001016586 - P7SD8','2023-08-11 07:39:48',2,NULL,'2023-08-11 07:39:59',2,'2023-08-11 09:00:00',NULL,NULL,NULL,'',1,0,NULL,NULL,0,NULL,0,NULL,NULL,'Code Service SAC-C\r\n\r\nn°SIRET 77568501900587\r\n\r\nAdaptation du système de barrière existant sur le précédent prototype + modification de l\'agencement en \"L\" avec ajout de deux barrières supplémentaires',NULL,'expedition/sending/SH2308-0011/SH2308-0011.pdf',0,'',NULL,NULL),(18,NULL,'SH2310-0012',1,420,150,NULL,NULL,'4001010680 - P303D','2023-10-04 13:43:44',2,2,'2023-10-04 13:43:52',2,NULL,NULL,NULL,NULL,'',1,0,43,70,0,40,0,11.5,NULL,'Numéro de commande CEA/IRFM :\r\n4001010680 - P303D\r\n\r\nCode Service CAD-C\r\n\r\nn°SIRET 77568501900587\r\n\r\nConception d’outils fictifs destinés à l’apprentissage de procédure par un robot dans une maquette.','rouget','expedition/sending/SH2310-0012/SH2310-0012.pdf',0,'',NULL,NULL),(19,NULL,'SH2310-0013',1,46,35,NULL,NULL,'CAT202300174/I','2023-10-19 22:15:29',2,NULL,'2023-10-19 22:15:36',2,'2023-10-19 00:00:00',NULL,NULL,NULL,'',1,0,NULL,NULL,0,NULL,0,NULL,NULL,'10 \"MiniCam-Pro\" avec lentilles diverses, systèmes de montage divers dont kits \"Netcam\" et une version étanche\r\n',NULL,'expedition/sending/SH2310-0013/SH2310-0013.pdf',0,'',NULL,NULL),(20,NULL,'SH2311-0014',1,225,160,NULL,NULL,'4001024910 - P7SD8','2023-11-07 19:46:51',2,NULL,'2023-11-07 19:47:28',2,'2023-11-08 10:00:00',NULL,NULL,NULL,'',1,0,NULL,NULL,0,NULL,0,NULL,NULL,'Evolution du démonstrateur de perche haptique',NULL,'expedition/sending/SH2311-0014/SH2311-0014.pdf',0,'',NULL,NULL),(21,NULL,'SH2401-0015',1,450,116,NULL,NULL,'Radar - Piste-Moto','2024-01-03 15:52:42',2,NULL,'2024-01-03 15:52:50',2,'2024-01-02 00:00:00',NULL,NULL,NULL,'',1,0,NULL,NULL,0,NULL,0,NULL,NULL,'Etude de faisabilité d\'un système de détection de vitesse nomade avec affichage déporté.\r\nAnalyse du besoin à des fins pédagogiques pour plateau de formation à la conduite moto avec développement d\'une preuve de concept.',NULL,'expedition/sending/SH2401-0015/SH2401-0015.pdf',0,'',NULL,NULL),(22,NULL,'SH2401-0016',1,225,172,NULL,NULL,'4001026426 - P7SD8','2024-01-03 21:59:32',2,NULL,'2024-01-03 21:59:48',2,'2024-01-03 00:00:00',NULL,NULL,NULL,'',1,0,NULL,NULL,0,NULL,0,NULL,NULL,'Acquisition de 3 prototypes VR\r\nMarché n° 4001026426\r\n\r\nCode Service SAC-C\r\n\r\nn°SIRET 77568501900587',NULL,'expedition/sending/SH2401-0016/SH2401-0016.pdf',0,'',NULL,NULL);

--
-- Table structure for table `llx_expedition_extrafields`
--

CREATE TABLE `llx_expedition_extrafields` (
  `rowid` int(11) NOT NULL AUTO_INCREMENT,
  `tms` timestamp NULL DEFAULT NULL,
  `fk_object` int(11) NOT NULL,
  `import_key` varchar(14) DEFAULT NULL,
  PRIMARY KEY (`rowid`),
  KEY `idx_expedition_extrafields` (`fk_object`)
) ENGINE=InnoDB DEFAULT CHARSET=latin1;

--
-- Dumping data for table `llx_expedition_extrafields`
--


--
-- Table structure for table `llx_expedition_package`
--

CREATE TABLE `llx_expedition_package` (
  `rowid` int(11) NOT NULL AUTO_INCREMENT,
  `fk_expedition` int(11) NOT NULL,
  `description` varchar(255) DEFAULT NULL,
  `value` double(24,8) DEFAULT '0.00000000',
  `fk_parcel_type` int(11) DEFAULT NULL,
  `height` float DEFAULT NULL,
  `width` float DEFAULT NULL,
  `size` float DEFAULT NULL,
  `size_units` int(11) DEFAULT NULL,
  `weight` float DEFAULT NULL,
  `weight_units` int(11) DEFAULT NULL,
  `dangerous_goods` smallint(6) DEFAULT '0',
  `tail_lift` smallint(6) DEFAULT '0',
  `rang` int(11) DEFAULT '0',
  PRIMARY KEY (`rowid`)
) ENGINE=InnoDB DEFAULT CHARSET=latin1;

--
-- Dumping data for table `llx_expedition_package`
--


--
-- Table structure for table `llx_expeditiondet`
--

CREATE TABLE `llx_expeditiondet` (
  `rowid` int(11) NOT NULL AUTO_INCREMENT,
  `fk_expedition` int(11) NOT NULL,
  `fk_origin_line` int(11) DEFAULT NULL,
  `fk_entrepot` int(11) DEFAULT NULL,
  `qty` double DEFAULT NULL,
  `rang` int(11) DEFAULT '0',
  PRIMARY KEY (`rowid`),
  KEY `idx_expeditiondet_fk_expedition` (`fk_expedition`),
  KEY `idx_expeditiondet_fk_origin_line` (`fk_origin_line`),
  CONSTRAINT `fk_expeditiondet_fk_expedition` FOREIGN KEY (`fk_expedition`) REFERENCES `llx_expedition` (`rowid`)
) ENGINE=InnoDB AUTO_INCREMENT=50 DEFAULT CHARSET=latin1;

--
-- Dumping data for table `llx_expeditiondet`
--

INSERT INTO `llx_expeditiondet` (`rowid`, `fk_expedition`, `fk_origin_line`, `fk_entrepot`, `qty`, `rang`) VALUES (2,2,14,NULL,2,14),(3,2,15,NULL,2,15),(4,2,16,NULL,2,16),(5,3,18,NULL,2,2),(6,4,21,3,40,1),(7,5,22,NULL,1,1),(8,6,26,NULL,1,1),(10,8,30,NULL,1,1),(11,8,31,NULL,1,2),(12,8,29,NULL,1,3),(20,11,32,NULL,1,1),(21,11,33,NULL,1,2),(22,11,34,NULL,2,3),(23,11,35,NULL,1,4),(30,14,54,NULL,1,8),(31,14,53,NULL,1,12),(32,14,52,NULL,1,15),(33,15,60,NULL,1,1),(34,15,61,NULL,10,2),(37,17,56,NULL,1,2),(38,17,57,10,0.5,3),(39,18,65,NULL,1,3),(40,18,68,NULL,1,6),(41,19,69,NULL,7,1),(42,19,70,NULL,7,2),(43,19,71,NULL,2,3),(44,19,72,NULL,1,4),(45,20,73,NULL,1,1),(46,21,86,NULL,1,1),(47,22,89,NULL,1,3),(48,22,96,NULL,1,10),(49,22,103,NULL,1,17);

--
-- Table structure for table `llx_expeditiondet_batch`
--

CREATE TABLE `llx_expeditiondet_batch` (
  `rowid` int(11) NOT NULL AUTO_INCREMENT,
  `fk_expeditiondet` int(11) NOT NULL,
  `eatby` date DEFAULT NULL,
  `sellby` date DEFAULT NULL,
  `batch` varchar(128) DEFAULT NULL,
  `qty` double NOT NULL DEFAULT '0',
  `fk_origin_stock` int(11) NOT NULL,
  PRIMARY KEY (`rowid`),
  KEY `idx_fk_expeditiondet` (`fk_expeditiondet`),
  CONSTRAINT `fk_expeditiondet_batch_fk_expeditiondet` FOREIGN KEY (`fk_expeditiondet`) REFERENCES `llx_expeditiondet` (`rowid`)
) ENGINE=InnoDB DEFAULT CHARSET=latin1;

--
-- Dumping data for table `llx_expeditiondet_batch`
--


--
-- Table structure for table `llx_expeditiondet_extrafields`
--

CREATE TABLE `llx_expeditiondet_extrafields` (
  `rowid` int(11) NOT NULL AUTO_INCREMENT,
  `tms` timestamp NULL DEFAULT NULL,
  `fk_object` int(11) NOT NULL,
  `import_key` varchar(14) DEFAULT NULL,
  PRIMARY KEY (`rowid`),
  KEY `idx_expeditiondet_extrafields` (`fk_object`)
) ENGINE=InnoDB DEFAULT CHARSET=latin1;

--
-- Dumping data for table `llx_expeditiondet_extrafields`
--


--
-- Table structure for table `llx_expensereport`
--

CREATE TABLE `llx_expensereport` (
  `rowid` int(11) NOT NULL AUTO_INCREMENT,
  `ref` varchar(50) NOT NULL,
  `entity` int(11) NOT NULL DEFAULT '1',
  `ref_number_int` int(11) DEFAULT NULL,
  `ref_ext` int(11) DEFAULT NULL,
  `total_ht` double(24,8) DEFAULT '0.00000000',
  `total_tva` double(24,8) DEFAULT '0.00000000',
  `localtax1` double(24,8) DEFAULT '0.00000000',
  `localtax2` double(24,8) DEFAULT '0.00000000',
  `total_ttc` double(24,8) DEFAULT '0.00000000',
  `date_debut` date NOT NULL,
  `date_fin` date NOT NULL,
  `date_create` datetime NOT NULL,
  `date_valid` datetime DEFAULT NULL,
  `date_approve` datetime DEFAULT NULL,
  `date_refuse` datetime DEFAULT NULL,
  `date_cancel` datetime DEFAULT NULL,
  `tms` timestamp NULL DEFAULT NULL,
  `fk_user_author` int(11) NOT NULL,
  `fk_user_modif` int(11) DEFAULT NULL,
  `fk_user_valid` int(11) DEFAULT NULL,
  `fk_user_validator` int(11) DEFAULT NULL,
  `fk_user_approve` int(11) DEFAULT NULL,
  `fk_user_refuse` int(11) DEFAULT NULL,
  `fk_user_cancel` int(11) DEFAULT NULL,
  `fk_statut` int(11) NOT NULL,
  `fk_c_paiement` int(11) DEFAULT NULL,
  `paid` smallint(6) NOT NULL DEFAULT '0',
  `note_public` text,
  `note_private` text,
  `detail_refuse` varchar(255) DEFAULT NULL,
  `detail_cancel` varchar(255) DEFAULT NULL,
  `integration_compta` int(11) DEFAULT NULL,
  `fk_bank_account` int(11) DEFAULT NULL,
  `model_pdf` varchar(50) DEFAULT NULL,
  `last_main_doc` varchar(255) DEFAULT NULL,
  `fk_multicurrency` int(11) DEFAULT NULL,
  `multicurrency_code` varchar(3) DEFAULT NULL,
  `multicurrency_tx` double(24,8) DEFAULT '1.00000000',
  `multicurrency_total_ht` double(24,8) DEFAULT '0.00000000',
  `multicurrency_total_tva` double(24,8) DEFAULT '0.00000000',
  `multicurrency_total_ttc` double(24,8) DEFAULT '0.00000000',
  `import_key` varchar(14) DEFAULT NULL,
  `extraparams` varchar(255) DEFAULT NULL,
  `fk_user_creat` int(11) DEFAULT NULL,
  PRIMARY KEY (`rowid`),
  UNIQUE KEY `idx_expensereport_uk_ref` (`ref`,`entity`),
  KEY `idx_expensereport_date_debut` (`date_debut`),
  KEY `idx_expensereport_date_fin` (`date_fin`),
  KEY `idx_expensereport_fk_statut` (`fk_statut`),
  KEY `idx_expensereport_fk_user_author` (`fk_user_author`),
  KEY `idx_expensereport_fk_user_valid` (`fk_user_valid`),
  KEY `idx_expensereport_fk_user_approve` (`fk_user_approve`),
  KEY `idx_expensereport_fk_refuse` (`fk_user_approve`)
) ENGINE=InnoDB AUTO_INCREMENT=62 DEFAULT CHARSET=latin1;

--
-- Dumping data for table `llx_expensereport`
--

INSERT INTO `llx_expensereport` (`rowid`, `ref`, `entity`, `ref_number_int`, `ref_ext`, `total_ht`, `total_tva`, `localtax1`, `localtax2`, `total_ttc`, `date_debut`, `date_fin`, `date_create`, `date_valid`, `date_approve`, `date_refuse`, `date_cancel`, `tms`, `fk_user_author`, `fk_user_modif`, `fk_user_valid`, `fk_user_validator`, `fk_user_approve`, `fk_user_refuse`, `fk_user_cancel`, `fk_statut`, `fk_c_paiement`, `paid`, `note_public`, `note_private`, `detail_refuse`, `detail_cancel`, `integration_compta`, `fk_bank_account`, `model_pdf`, `last_main_doc`, `fk_multicurrency`, `multicurrency_code`, `multicurrency_tx`, `multicurrency_total_ht`, `multicurrency_total_tva`, `multicurrency_total_ttc`, `import_key`, `extraparams`, `fk_user_creat`) VALUES (1,'ER2103-0001',1,NULL,NULL,27.00000000,0.00000000,0.00000000,0.00000000,27.00000000,'2021-01-01','2021-01-31','2021-03-16 15:14:39','2021-03-16 15:16:42','2021-03-16 15:16:52',NULL,NULL,NULL,10,NULL,3,3,3,NULL,NULL,6,NULL,1,NULL,NULL,NULL,NULL,NULL,NULL,NULL,NULL,NULL,NULL,1.00000000,0.00000000,0.00000000,0.00000000,NULL,NULL,3),(2,'ER2103-0002',1,NULL,NULL,27.00000000,0.00000000,0.00000000,0.00000000,27.00000000,'2021-02-01','2021-02-28','2021-03-16 15:17:56','2021-03-16 15:19:08','2021-03-16 15:19:12',NULL,NULL,NULL,10,3,3,3,3,NULL,NULL,6,NULL,1,'','','',NULL,NULL,NULL,NULL,NULL,NULL,NULL,1.00000000,0.00000000,0.00000000,0.00000000,NULL,NULL,3),(7,'ER2107-0003',1,NULL,NULL,593.71000000,82.00000000,0.00000000,0.00000000,675.71000000,'2021-01-01','2021-02-28','2021-07-04 23:04:40','2021-07-04 23:26:16','2021-07-04 23:26:21',NULL,NULL,NULL,8,3,3,3,3,NULL,NULL,6,NULL,1,'','','',NULL,NULL,NULL,'',NULL,NULL,NULL,1.00000000,0.00000000,0.00000000,0.00000000,NULL,NULL,3),(9,'ER2110-0004',1,NULL,NULL,30.00000000,0.00000000,0.00000000,0.00000000,30.00000000,'2021-05-01','2021-05-31','2021-10-13 18:28:11','2021-10-13 18:31:09','2021-10-14 11:07:29',NULL,NULL,NULL,10,NULL,10,3,3,NULL,NULL,6,NULL,1,NULL,NULL,NULL,NULL,NULL,NULL,NULL,'expensereport/ER2110-0004/ER2110-0004.pdf',NULL,NULL,1.00000000,0.00000000,0.00000000,0.00000000,NULL,NULL,10),(10,'ER2110-0005',1,NULL,NULL,76.25000000,15.25000000,0.00000000,0.00000000,91.50000000,'2021-06-01','2021-09-01','2021-10-14 12:16:31','2021-10-14 12:26:39','2021-10-20 17:43:10','2021-10-14 15:01:35',NULL,NULL,10,NULL,10,3,3,3,NULL,6,NULL,1,NULL,NULL,'TVA à 20%',NULL,NULL,NULL,NULL,'expensereport/ER2110-0005/ER2110-0005.pdf',NULL,NULL,1.00000000,0.00000000,0.00000000,0.00000000,NULL,NULL,10),(16,'ER2111-0006',1,NULL,NULL,41.50000000,8.30000000,0.00000000,0.00000000,49.80000000,'2021-11-13','2021-11-13','2021-11-30 16:46:02','2021-11-30 16:51:13','2021-12-02 14:36:32',NULL,NULL,NULL,12,NULL,12,3,3,NULL,NULL,6,NULL,1,'2 Bobines de PLA pour Imprimante 3D',NULL,NULL,NULL,NULL,NULL,NULL,'expensereport/ER2111-0006/ER2111-0006.pdf',NULL,NULL,1.00000000,0.00000000,0.00000000,0.00000000,NULL,NULL,12),(17,'ER2112-0007',1,NULL,NULL,195.09000000,6.68000000,0.00000000,0.00000000,201.77000000,'2021-11-24','2021-11-26','2021-12-01 10:47:22','2021-12-01 11:09:38','2021-12-02 15:33:08','2021-12-02 15:29:19',NULL,NULL,11,NULL,11,3,3,3,NULL,6,NULL,1,'Transport voiture trajet aller Entrammes - Clamart, transports allers retours Clamart - Nikon Plaza',NULL,'Pas carburant mais frais kilométriques',NULL,NULL,NULL,NULL,'expensereport/ER2112-0007/ER2112-0007.pdf',NULL,NULL,1.00000000,0.00000000,0.00000000,0.00000000,NULL,NULL,11),(20,'ER2201-0009',1,NULL,NULL,974.50000000,0.00000000,0.00000000,0.00000000,974.50000000,'2021-05-01','2021-12-31','2022-01-12 10:41:13','2022-01-12 11:37:32','2022-01-12 11:37:42',NULL,NULL,NULL,8,NULL,3,3,3,NULL,NULL,6,NULL,1,NULL,NULL,NULL,NULL,NULL,NULL,NULL,'expensereport/ER2201-0009/ER2201-0009.pdf',NULL,NULL,1.00000000,0.00000000,0.00000000,0.00000000,NULL,NULL,3),(21,'ER2201-0010',1,NULL,NULL,34.50000000,6.90000000,0.00000000,0.00000000,41.40000000,'2021-12-09','2022-01-10','2022-01-17 17:56:03','2022-01-17 17:58:12','2022-01-17 19:20:51',NULL,NULL,NULL,2,NULL,2,3,3,NULL,NULL,6,NULL,1,'Tissus étanche pour QBot V1.2',NULL,NULL,NULL,NULL,NULL,NULL,'expensereport/ER2201-0010/ER2201-0010.pdf',NULL,NULL,1.00000000,0.00000000,0.00000000,0.00000000,NULL,NULL,2),(22,'ER2201-0011',1,NULL,NULL,78.53000000,15.71000000,0.00000000,0.00000000,94.24000000,'2021-12-07','2021-12-07','2022-01-18 19:04:29','2022-01-18 19:09:40','2022-01-18 22:50:54',NULL,NULL,NULL,2,NULL,2,3,3,NULL,NULL,6,NULL,1,'Gaines et cablage de test pour finalisation QBot V1.2',NULL,NULL,NULL,NULL,NULL,NULL,'expensereport/ER2201-0011/ER2201-0011.pdf',NULL,NULL,1.00000000,0.00000000,0.00000000,0.00000000,NULL,NULL,2),(23,'ER2201-0012',1,NULL,NULL,92.99000000,18.60000000,0.00000000,0.00000000,111.59000000,'2021-12-09','2021-12-21','2022-01-20 12:13:51','2022-02-02 12:04:33','2022-02-02 12:04:37',NULL,NULL,NULL,10,NULL,3,3,3,NULL,NULL,6,NULL,1,'tissus jupe QBot',NULL,NULL,NULL,NULL,NULL,NULL,'expensereport/ER2201-0012/ER2201-0012.pdf',NULL,NULL,1.00000000,0.00000000,0.00000000,0.00000000,NULL,NULL,10),(25,'ER2202-0013',1,NULL,NULL,45.00000000,9.00000000,0.00000000,0.00000000,54.00000000,'2022-01-01','2022-02-28','2022-02-24 10:51:03','2022-02-24 10:57:23','2022-04-10 00:24:13',NULL,NULL,NULL,10,NULL,10,3,3,NULL,NULL,6,NULL,1,NULL,NULL,NULL,NULL,NULL,NULL,NULL,'expensereport/ER2202-0013/ER2202-0013.pdf',NULL,NULL,1.00000000,0.00000000,0.00000000,0.00000000,NULL,NULL,10),(26,'ER2203-0014',1,NULL,NULL,58.27000000,9.25000000,0.00000000,0.00000000,67.52000000,'2022-03-01','2022-03-31','2022-03-04 15:27:40','2022-03-24 18:03:21','2022-04-10 00:24:25',NULL,NULL,NULL,10,2,10,3,3,NULL,NULL,6,NULL,1,'Trop perçu par erreur : remboursé en liquide dans la caisse EUR-CASH',NULL,NULL,NULL,NULL,NULL,'','expensereport/ER2203-0014/ER2203-0014.pdf',NULL,NULL,1.00000000,0.00000000,0.00000000,0.00000000,NULL,NULL,10),(27,'ER2204-0015',1,NULL,NULL,27.49000000,5.50000000,0.00000000,0.00000000,32.99000000,'2022-04-01','2022-04-30','2022-04-27 16:35:07','2022-04-27 17:04:18','2022-04-28 15:11:59',NULL,NULL,NULL,10,NULL,10,3,3,NULL,NULL,6,NULL,1,NULL,NULL,NULL,NULL,NULL,NULL,NULL,'expensereport/ER2204-0015/ER2204-0015.pdf',NULL,NULL,1.00000000,0.00000000,0.00000000,0.00000000,NULL,NULL,10),(28,'ER2205-0016',1,NULL,NULL,34.98000000,7.00000000,0.00000000,0.00000000,41.98000000,'2022-05-01','2022-05-31','2022-05-10 14:59:36','2022-05-10 15:05:37','2022-05-10 15:09:55',NULL,NULL,NULL,10,NULL,10,3,3,NULL,NULL,6,NULL,1,NULL,NULL,NULL,NULL,NULL,NULL,NULL,'expensereport/ER2205-0016/ER2205-0016.pdf',NULL,NULL,1.00000000,0.00000000,0.00000000,0.00000000,NULL,NULL,10),(29,'ER2206-0017',1,NULL,NULL,34.98000000,7.00000000,0.00000000,0.00000000,41.98000000,'2022-06-01','2022-06-30','2022-06-29 15:18:00','2022-06-29 15:26:11','2022-08-10 17:59:58',NULL,NULL,NULL,10,NULL,10,3,3,NULL,NULL,6,NULL,1,NULL,NULL,NULL,NULL,NULL,NULL,NULL,'expensereport/ER2206-0017/ER2206-0017.pdf',NULL,NULL,1.00000000,0.00000000,0.00000000,0.00000000,NULL,NULL,10),(30,'ER2208-0018',1,NULL,NULL,34.98000000,7.00000000,0.00000000,0.00000000,41.98000000,'2022-07-01','2022-07-31','2022-08-10 11:59:08','2022-08-10 12:15:19','2022-08-10 17:58:29',NULL,NULL,NULL,10,NULL,10,3,3,NULL,NULL,6,NULL,1,NULL,NULL,NULL,NULL,NULL,NULL,NULL,'expensereport/ER2208-0018/ER2208-0018.pdf',NULL,NULL,1.00000000,0.00000000,0.00000000,0.00000000,NULL,NULL,10),(31,'ER2208-0019',1,NULL,NULL,26.67000000,1.33000000,0.00000000,0.00000000,28.00000000,'2022-08-04','2022-08-04','2022-08-11 10:12:24','2022-08-11 10:18:04','2022-12-09 10:31:26',NULL,NULL,NULL,11,NULL,11,2,2,NULL,NULL,6,NULL,1,'Facture_20220804_SAV_CEA_LAPOSTE 28,00€',NULL,NULL,NULL,NULL,NULL,NULL,'expensereport/ER2208-0019/ER2208-0019.pdf',NULL,NULL,1.00000000,0.00000000,0.00000000,0.00000000,NULL,NULL,11),(32,'ER2208-0020',1,NULL,NULL,4.95000000,0.00000000,0.00000000,0.00000000,4.95000000,'2022-08-23','2022-08-23','2022-08-23 15:09:57','2022-08-23 15:11:29','2022-12-09 10:35:21',NULL,NULL,NULL,11,NULL,11,2,2,NULL,NULL,6,NULL,1,'La poste colis boitier bas la Tolerie Plastique',NULL,NULL,NULL,NULL,NULL,NULL,'expensereport/ER2208-0020/ER2208-0020.pdf',NULL,NULL,1.00000000,0.00000000,0.00000000,0.00000000,NULL,NULL,11),(33,'ER2209-0021',1,NULL,NULL,93.45000000,9.34000000,0.00000000,0.00000000,102.79000000,'2022-08-02','2022-08-06','2022-09-12 16:42:06','2022-09-12 16:57:08','2022-09-12 16:57:12',NULL,NULL,NULL,19,NULL,3,3,3,NULL,NULL,6,NULL,1,'Transport en commun',NULL,NULL,NULL,NULL,NULL,NULL,'expensereport/ER2209-0021/ER2209-0021.pdf',NULL,NULL,1.00000000,0.00000000,0.00000000,0.00000000,NULL,NULL,3),(34,'ER2209-0023',1,NULL,NULL,34.98000000,7.00000000,0.00000000,0.00000000,41.98000000,'2022-09-01','2022-09-30','2022-09-21 14:38:31','2022-09-28 16:26:36','2022-12-10 14:13:00',NULL,NULL,NULL,10,10,10,3,3,NULL,NULL,6,NULL,1,'','','',NULL,NULL,NULL,NULL,'expensereport/ER2209-0023/ER2209-0023.pdf',NULL,NULL,1.00000000,0.00000000,0.00000000,0.00000000,NULL,NULL,10),(35,'ER2209-0022',1,NULL,NULL,34.98000000,7.00000000,0.00000000,0.00000000,41.98000000,'2022-08-01','2022-08-31','2022-09-21 14:46:08','2022-09-21 14:47:47','2022-12-10 14:11:33',NULL,NULL,NULL,10,NULL,10,3,3,NULL,NULL,6,NULL,1,NULL,NULL,NULL,NULL,NULL,NULL,NULL,'expensereport/ER2209-0022/ER2209-0022.pdf',NULL,NULL,1.00000000,0.00000000,0.00000000,0.00000000,NULL,NULL,10),(36,'ER2210-0024',1,NULL,NULL,40.00000000,0.00000000,0.00000000,0.00000000,40.00000000,'2022-10-10','2022-10-13','2022-10-04 07:30:51','2022-10-04 07:36:30','2022-12-09 10:15:39',NULL,NULL,NULL,13,NULL,13,3,2,NULL,NULL,6,NULL,1,'Train Laval - Nantes et Nantes - Laval',NULL,NULL,NULL,NULL,NULL,NULL,'expensereport/ER2210-0024/ER2210-0024.pdf',NULL,NULL,1.00000000,0.00000000,0.00000000,0.00000000,NULL,NULL,13),(37,'ER2210-0025',1,NULL,NULL,7.99000000,1.60000000,0.00000000,0.00000000,9.59000000,'2022-09-30','2022-09-30','2022-10-05 09:43:20','2022-10-05 12:26:38','2022-12-09 10:37:24',NULL,NULL,NULL,11,NULL,11,2,2,NULL,NULL,6,NULL,1,'Note de frais Laser 49',NULL,NULL,NULL,NULL,NULL,NULL,'expensereport/ER2210-0025/ER2210-0025.pdf',NULL,NULL,1.00000000,0.00000000,0.00000000,0.00000000,NULL,NULL,11),(38,'ER2210-0026',1,NULL,NULL,93.78000000,16.51000000,0.00000000,0.00000000,110.29000000,'2022-10-03','2022-10-04','2022-10-05 12:27:55','2022-12-09 10:43:39','2022-12-09 10:45:41',NULL,NULL,NULL,11,NULL,11,2,2,NULL,NULL,6,NULL,1,'Livraison CETIM Senlis',NULL,NULL,NULL,NULL,NULL,NULL,'expensereport/ER2210-0026/ER2210-0026.pdf',NULL,NULL,1.00000000,0.00000000,0.00000000,0.00000000,NULL,NULL,11),(39,'ER2210-0027',1,NULL,NULL,3.33000000,0.67000000,0.00000000,0.00000000,4.00000000,'2022-10-13','2022-10-13','2022-10-13 16:27:27','2022-10-13 16:28:32','2022-12-09 10:41:20',NULL,NULL,NULL,11,NULL,11,2,2,NULL,NULL,6,NULL,1,NULL,NULL,NULL,NULL,NULL,NULL,NULL,'expensereport/ER2210-0027/ER2210-0027.pdf',NULL,NULL,1.00000000,0.00000000,0.00000000,0.00000000,NULL,NULL,11),(40,'ER2210-0028',1,NULL,NULL,34.98000000,7.00000000,0.00000000,0.00000000,41.98000000,'2022-10-01','2022-10-31','2022-10-25 10:02:01','2022-10-28 16:55:53','2022-12-10 14:14:11',NULL,NULL,NULL,10,NULL,10,3,3,NULL,NULL,6,NULL,1,NULL,NULL,NULL,NULL,NULL,NULL,NULL,'expensereport/ER2210-0028/ER2210-0028.pdf',NULL,NULL,1.00000000,0.00000000,0.00000000,0.00000000,NULL,NULL,10),(41,'ER2211-0030',1,NULL,NULL,34.98000000,7.00000000,0.00000000,0.00000000,41.98000000,'2022-11-01','2022-11-30','2022-11-17 15:27:44','2022-11-29 09:29:21','2022-12-10 14:15:16',NULL,NULL,NULL,10,NULL,10,3,3,NULL,NULL,6,NULL,1,NULL,NULL,NULL,NULL,NULL,NULL,NULL,'expensereport/ER2211-0030/ER2211-0030.pdf',NULL,NULL,1.00000000,0.00000000,0.00000000,0.00000000,NULL,NULL,10),(42,'ER2211-0029',1,NULL,NULL,7.32000000,1.46000000,0.00000000,0.00000000,8.78000000,'2022-11-24','2022-11-24','2022-11-25 09:26:05','2022-11-25 09:27:44','2022-12-09 10:42:45',NULL,NULL,NULL,11,NULL,11,2,2,NULL,NULL,6,NULL,1,'20221124_Action_PaintMarkers',NULL,NULL,NULL,NULL,NULL,NULL,'expensereport/ER2211-0029/ER2211-0029.pdf',NULL,NULL,1.00000000,0.00000000,0.00000000,0.00000000,NULL,NULL,11),(43,'ER2211-0031',1,NULL,NULL,129.83000000,25.97000000,0.00000000,0.00000000,155.80000000,'2022-11-28','2022-11-28','2022-11-29 11:29:21','2022-11-29 11:39:35','2022-12-08 10:42:15',NULL,NULL,NULL,21,21,21,2,2,NULL,NULL,6,NULL,1,'','','',NULL,NULL,NULL,'standard','expensereport/ER2211-0031/ER2211-0031.pdf',NULL,NULL,1.00000000,0.00000000,0.00000000,0.00000000,NULL,NULL,21),(44,'ER2212-0032',1,NULL,NULL,106.83000000,21.37000000,0.00000000,0.00000000,128.20000000,'2022-12-19','2022-12-19','2022-12-19 11:40:27','2022-12-19 11:49:29','2022-12-22 09:57:56',NULL,NULL,NULL,21,NULL,21,2,2,NULL,NULL,6,NULL,1,'second pot peinture Brico dep.',NULL,NULL,NULL,NULL,NULL,'standard','expensereport/ER2212-0032/ER2212-0032.pdf',NULL,NULL,1.00000000,0.00000000,0.00000000,0.00000000,NULL,NULL,21),(45,'ER2212-0033',1,NULL,NULL,15.12000000,1.38000000,0.00000000,0.00000000,16.50000000,'2022-10-23','2022-10-23','2022-12-22 18:47:09','2022-12-22 18:51:54','2022-12-22 18:51:59',NULL,NULL,NULL,2,NULL,2,2,2,NULL,NULL,6,NULL,1,'Repas après installation QBot : Master series Paris Bercy',NULL,NULL,NULL,NULL,NULL,NULL,'expensereport/ER2212-0033/ER2212-0033.pdf',NULL,NULL,1.00000000,0.00000000,0.00000000,0.00000000,NULL,NULL,2),(46,'ER2304-0038',1,NULL,NULL,34.98000000,7.00000000,0.00000000,0.00000000,41.98000000,'2022-12-01','2022-12-31','2023-02-02 12:41:58','2023-04-25 10:20:47','2023-05-05 16:40:44',NULL,NULL,NULL,10,10,10,2,2,NULL,NULL,6,NULL,1,'','','',NULL,NULL,NULL,NULL,'expensereport/ER2304-0038/ER2304-0038.pdf',NULL,NULL,1.00000000,0.00000000,0.00000000,0.00000000,NULL,NULL,10),(47,'ER2304-0037',1,NULL,NULL,35.43000000,7.09000000,0.00000000,0.00000000,42.52000000,'2023-01-01','2023-01-31','2023-02-02 13:08:03','2023-04-25 10:20:40','2023-05-05 16:40:55',NULL,NULL,NULL,10,NULL,10,2,2,NULL,NULL,6,NULL,1,NULL,NULL,NULL,NULL,NULL,NULL,NULL,'expensereport/ER2304-0037/ER2304-0037.pdf',NULL,NULL,1.00000000,0.00000000,0.00000000,0.00000000,NULL,NULL,10),(48,'ER2304-0036',1,NULL,NULL,34.98000000,7.00000000,0.00000000,0.00000000,41.98000000,'2023-02-01','2023-02-28','2023-02-02 13:11:20','2023-04-25 10:20:17','2023-05-05 16:41:04',NULL,NULL,NULL,10,NULL,10,2,2,NULL,NULL,6,NULL,1,NULL,NULL,NULL,NULL,NULL,NULL,NULL,'expensereport/ER2304-0036/ER2304-0036.pdf',NULL,NULL,1.00000000,0.00000000,0.00000000,0.00000000,NULL,NULL,10),(49,'ER2302-0034',1,NULL,NULL,21.05000000,0.00000000,0.00000000,0.00000000,21.05000000,'2023-02-15','2023-02-15','2023-02-15 15:23:49','2023-02-15 15:26:48','2023-02-21 11:09:55',NULL,NULL,NULL,11,NULL,11,2,2,NULL,NULL,6,NULL,1,'Envoi Quest 2 et carte Endenred Gabriel',NULL,NULL,NULL,NULL,NULL,'standard','expensereport/ER2302-0034/ER2302-0034.pdf',NULL,NULL,1.00000000,0.00000000,0.00000000,0.00000000,NULL,NULL,11),(50,'ER2304-0035',1,NULL,NULL,43.32000000,8.66000000,0.00000000,0.00000000,51.98000000,'2023-03-01','2023-03-31','2023-03-03 14:51:45','2023-04-25 10:19:45','2023-05-05 16:41:12',NULL,NULL,NULL,10,NULL,10,2,2,NULL,NULL,6,NULL,1,NULL,NULL,NULL,NULL,NULL,NULL,NULL,'expensereport/ER2304-0035/ER2304-0035.pdf',NULL,NULL,1.00000000,0.00000000,0.00000000,0.00000000,NULL,NULL,10),(51,'ER2307-0039',1,NULL,NULL,35.83000000,7.16000000,0.00000000,0.00000000,42.99000000,'2023-04-01','2023-04-30','2023-04-25 10:22:18','2023-07-12 15:42:49','2023-10-30 10:07:37',NULL,NULL,NULL,10,10,10,2,2,NULL,NULL,6,NULL,1,'','','',NULL,NULL,NULL,NULL,'expensereport/ER2307-0039/ER2307-0039.pdf',NULL,NULL,1.00000000,0.00000000,0.00000000,0.00000000,NULL,NULL,10),(52,'ER2307-0040',1,NULL,NULL,133.30000000,26.67000000,0.00000000,0.00000000,159.97000000,'2023-07-01','2023-07-31','2023-07-12 15:43:35','2023-08-09 09:02:23','2023-10-30 10:07:47',NULL,NULL,NULL,10,10,10,2,2,NULL,NULL,6,NULL,1,'','','',NULL,NULL,NULL,NULL,'expensereport/ER2307-0040/ER2307-0040.pdf',NULL,NULL,1.00000000,0.00000000,0.00000000,0.00000000,NULL,NULL,10),(53,'ER2308-0041',1,NULL,NULL,40.81000000,8.16000000,0.00000000,0.00000000,48.97000000,'2023-08-01','2023-08-31','2023-08-09 09:02:56','2023-10-06 13:58:17','2023-10-30 10:01:53',NULL,NULL,NULL,10,NULL,10,2,2,NULL,NULL,6,NULL,1,NULL,NULL,NULL,NULL,NULL,NULL,NULL,'expensereport/ER2308-0041/ER2308-0041.pdf',NULL,NULL,1.00000000,0.00000000,0.00000000,0.00000000,NULL,NULL,10),(54,'ER2309-0042',1,NULL,NULL,8.23000000,1.64000000,0.00000000,0.00000000,9.87000000,'2023-09-08','2023-09-08','2023-09-08 09:42:43','2023-09-08 09:45:57','2023-09-08 10:15:36',NULL,NULL,NULL,11,NULL,11,10,10,NULL,NULL,6,NULL,1,'Achat verre 3mm 45x50cm pour Tronxy Leroy Merlin',NULL,NULL,NULL,NULL,NULL,NULL,'expensereport/ER2309-0042/ER2309-0042.pdf',NULL,NULL,1.00000000,0.00000000,0.00000000,0.00000000,NULL,NULL,11),(55,'ER2310-0043',1,NULL,NULL,40.81000000,8.16000000,0.00000000,0.00000000,48.97000000,'2023-09-01','2023-09-30','2023-10-06 13:08:06','2023-10-06 13:12:12','2023-10-30 10:01:41',NULL,NULL,NULL,10,NULL,10,NULL,2,NULL,NULL,6,NULL,1,NULL,NULL,NULL,NULL,NULL,NULL,NULL,'expensereport/ER2310-0043/ER2310-0043.pdf',NULL,NULL,1.00000000,0.00000000,0.00000000,0.00000000,NULL,NULL,10),(57,'ER2310-0044',1,NULL,NULL,19.75000000,3.95000000,0.00000000,0.00000000,23.70000000,'2023-10-11','2023-10-11','2023-10-11 15:51:27','2023-10-11 16:41:10','2023-10-30 10:07:59',NULL,NULL,NULL,11,NULL,11,10,2,NULL,NULL,6,NULL,1,'2023-10-11_0_FAC_BricotDepot_239325 Minicam Etanche',NULL,NULL,NULL,NULL,NULL,NULL,'expensereport/ER2310-0044/ER2310-0044.pdf',NULL,NULL,1.00000000,0.00000000,0.00000000,0.00000000,NULL,NULL,11),(58,'ER2310-0045',1,NULL,NULL,8.33000000,1.66000000,0.00000000,0.00000000,9.99000000,'2023-10-01','2023-10-31','2023-10-23 17:17:38','2023-10-30 10:01:24','2023-10-30 10:01:31',NULL,NULL,NULL,10,NULL,2,NULL,2,NULL,NULL,6,NULL,1,NULL,NULL,NULL,NULL,NULL,NULL,NULL,'expensereport/ER2310-0045/ER2310-0045.pdf',NULL,NULL,1.00000000,0.00000000,0.00000000,0.00000000,NULL,NULL,10),(59,'ER2311-0046',1,NULL,NULL,20.79000000,4.16000000,0.00000000,0.00000000,24.95000000,'2023-11-16','2023-11-16','2023-11-17 09:42:18','2023-11-17 09:47:54','2024-01-21 09:26:16',NULL,NULL,NULL,11,NULL,11,10,2,NULL,NULL,5,NULL,0,'achat plaques de verre Tronxy 4mm x 2 x500 x500',NULL,NULL,NULL,NULL,NULL,NULL,'expensereport/ER2311-0046/ER2311-0046.pdf',NULL,NULL,1.00000000,0.00000000,0.00000000,0.00000000,NULL,NULL,11),(60,'ER2401-0047',1,NULL,NULL,12.92000000,2.58000000,0.00000000,0.00000000,15.50000000,'2024-01-17','2024-01-17','2024-01-17 14:07:15','2024-01-17 14:11:39','2024-01-21 09:26:33',NULL,NULL,NULL,11,NULL,11,2,2,NULL,NULL,5,NULL,0,'Tuyau Leonard VR',NULL,NULL,NULL,NULL,NULL,NULL,'expensereport/ER2401-0047/ER2401-0047.pdf',NULL,NULL,1.00000000,0.00000000,0.00000000,0.00000000,NULL,NULL,11),(61,'ER2401-0048',1,NULL,NULL,115.74000000,0.00000000,0.00000000,0.00000000,115.74000000,'2022-11-02','2023-04-03','2024-01-21 09:28:20','2024-01-21 09:34:40','2024-01-21 09:41:13',NULL,NULL,NULL,20,NULL,2,2,2,NULL,NULL,5,NULL,0,'Note de frais rétroactive suite à litige concernant la prise en charge de frais de déplacements',NULL,NULL,NULL,NULL,NULL,NULL,'expensereport/ER2401-0048/ER2401-0048.pdf',NULL,NULL,1.00000000,0.00000000,0.00000000,0.00000000,NULL,NULL,2);

--
-- Table structure for table `llx_expensereport_det`
--

CREATE TABLE `llx_expensereport_det` (
  `rowid` int(11) NOT NULL AUTO_INCREMENT,
  `fk_expensereport` int(11) NOT NULL,
  `docnumber` varchar(128) DEFAULT NULL,
  `fk_c_type_fees` int(11) NOT NULL,
  `fk_c_exp_tax_cat` int(11) DEFAULT NULL,
  `fk_projet` int(11) DEFAULT NULL,
  `comments` text NOT NULL,
  `product_type` int(11) DEFAULT '-1',
  `qty` double NOT NULL,
  `subprice` double(24,8) NOT NULL DEFAULT '0.00000000',
  `value_unit` double(24,8) NOT NULL,
  `remise_percent` double DEFAULT NULL,
  `vat_src_code` varchar(10) DEFAULT '',
  `tva_tx` double(6,3) DEFAULT NULL,
  `localtax1_tx` double(6,3) DEFAULT '0.000',
  `localtax1_type` varchar(10) DEFAULT NULL,
  `localtax2_tx` double(6,3) DEFAULT '0.000',
  `localtax2_type` varchar(10) DEFAULT NULL,
  `total_ht` double(24,8) NOT NULL DEFAULT '0.00000000',
  `total_tva` double(24,8) NOT NULL DEFAULT '0.00000000',
  `total_localtax1` double(24,8) DEFAULT '0.00000000',
  `total_localtax2` double(24,8) DEFAULT '0.00000000',
  `total_ttc` double(24,8) NOT NULL DEFAULT '0.00000000',
  `date` date NOT NULL,
  `info_bits` int(11) DEFAULT '0',
  `special_code` int(11) DEFAULT '0',
  `fk_multicurrency` int(11) DEFAULT NULL,
  `multicurrency_code` varchar(3) DEFAULT NULL,
  `multicurrency_subprice` double(24,8) DEFAULT '0.00000000',
  `multicurrency_total_ht` double(24,8) DEFAULT '0.00000000',
  `multicurrency_total_tva` double(24,8) DEFAULT '0.00000000',
  `multicurrency_total_ttc` double(24,8) DEFAULT '0.00000000',
  `fk_facture` int(11) DEFAULT '0',
  `fk_code_ventilation` int(11) DEFAULT '0',
  `rang` int(11) DEFAULT '0',
  `import_key` varchar(14) DEFAULT NULL,
  `rule_warning_message` text,
  `fk_ecm_files` int(11) DEFAULT NULL,
  PRIMARY KEY (`rowid`)
) ENGINE=InnoDB AUTO_INCREMENT=167 DEFAULT CHARSET=latin1;

--
-- Dumping data for table `llx_expensereport_det`
--

INSERT INTO `llx_expensereport_det` (`rowid`, `fk_expensereport`, `docnumber`, `fk_c_type_fees`, `fk_c_exp_tax_cat`, `fk_projet`, `comments`, `product_type`, `qty`, `subprice`, `value_unit`, `remise_percent`, `vat_src_code`, `tva_tx`, `localtax1_tx`, `localtax1_type`, `localtax2_tx`, `localtax2_type`, `total_ht`, `total_tva`, `total_localtax1`, `total_localtax2`, `total_ttc`, `date`, `info_bits`, `special_code`, `fk_multicurrency`, `multicurrency_code`, `multicurrency_subprice`, `multicurrency_total_ht`, `multicurrency_total_tva`, `multicurrency_total_ttc`, `fk_facture`, `fk_code_ventilation`, `rang`, `import_key`, `rule_warning_message`, `fk_ecm_files`) VALUES (1,1,NULL,1,0,NULL,'Internet',-1,1,0.00000000,15.00000000,NULL,'445664',0.000,0.000,NULL,0.000,NULL,15.00000000,0.00000000,0.00000000,0.00000000,15.00000000,'2021-01-31',0,0,NULL,NULL,0.00000000,0.00000000,0.00000000,0.00000000,0,100105682,0,NULL,'',NULL),(2,1,NULL,1,0,NULL,'Téléphone',-1,1,0.00000000,12.00000000,NULL,'445664',0.000,0.000,NULL,0.000,NULL,12.00000000,0.00000000,0.00000000,0.00000000,12.00000000,'2021-01-31',0,0,NULL,NULL,0.00000000,0.00000000,0.00000000,0.00000000,0,100105682,0,NULL,NULL,NULL),(3,2,NULL,1,0,NULL,'Internet',-1,1,0.00000000,15.00000000,NULL,'445664',0.000,0.000,NULL,0.000,NULL,15.00000000,0.00000000,0.00000000,0.00000000,15.00000000,'0000-00-00',0,0,NULL,NULL,0.00000000,0.00000000,0.00000000,0.00000000,0,100105682,0,NULL,'',NULL),(4,2,NULL,1,0,NULL,'Téléphone',-1,1,0.00000000,12.00000000,NULL,'445664',0.000,0.000,NULL,0.000,NULL,12.00000000,0.00000000,0.00000000,0.00000000,12.00000000,'0000-00-00',0,0,NULL,NULL,0.00000000,0.00000000,0.00000000,0.00000000,0,100105682,0,NULL,'',NULL),(7,7,NULL,8,0,NULL,'',-1,1,0.00000000,5.60000000,NULL,'44566',20.000,0.000,NULL,0.000,NULL,4.67000000,0.93000000,0.00000000,0.00000000,5.60000000,'2021-01-12',0,0,NULL,NULL,0.00000000,0.00000000,0.00000000,0.00000000,0,100105678,0,NULL,'',NULL),(8,7,NULL,8,0,NULL,'',-1,1,0.00000000,5.60000000,NULL,'44566',20.000,0.000,NULL,0.000,NULL,4.67000000,0.93000000,0.00000000,0.00000000,5.60000000,'2021-01-13',0,0,NULL,NULL,0.00000000,0.00000000,0.00000000,0.00000000,0,100105678,0,NULL,'',NULL),(9,7,NULL,8,0,NULL,'',-1,1,0.00000000,5.60000000,NULL,'44566',20.000,0.000,NULL,0.000,NULL,4.67000000,0.93000000,0.00000000,0.00000000,5.60000000,'2021-01-13',0,0,NULL,NULL,0.00000000,0.00000000,0.00000000,0.00000000,0,100105678,0,NULL,'',NULL),(10,7,NULL,5,0,NULL,'',-1,1,0.00000000,36.35000000,NULL,'44566',20.000,0.000,NULL,0.000,NULL,30.29000000,6.06000000,0.00000000,0.00000000,36.35000000,'2021-01-13',0,0,NULL,NULL,0.00000000,0.00000000,0.00000000,0.00000000,0,100105600,0,NULL,NULL,NULL),(11,7,NULL,5,0,NULL,'',-1,1,0.00000000,44.23000000,NULL,'44566',20.000,0.000,NULL,0.000,NULL,36.86000000,7.37000000,0.00000000,0.00000000,44.23000000,'2021-01-16',0,0,NULL,NULL,0.00000000,0.00000000,0.00000000,0.00000000,0,100105600,0,NULL,NULL,NULL),(12,7,NULL,8,0,NULL,'',-1,1,0.00000000,5.60000000,NULL,'44566',20.000,0.000,NULL,0.000,NULL,4.67000000,0.93000000,0.00000000,0.00000000,5.60000000,'2021-01-16',0,0,NULL,NULL,0.00000000,0.00000000,0.00000000,0.00000000,0,100105678,0,NULL,NULL,NULL),(13,7,NULL,8,0,NULL,'',-1,1,0.00000000,7.30000000,NULL,'44566',20.000,0.000,NULL,0.000,NULL,6.08000000,1.22000000,0.00000000,0.00000000,7.30000000,'2021-01-16',0,0,NULL,NULL,0.00000000,0.00000000,0.00000000,0.00000000,0,100105678,0,NULL,NULL,NULL),(14,7,NULL,8,0,NULL,'',-1,1,0.00000000,1.30000000,NULL,'44566',20.000,0.000,NULL,0.000,NULL,1.08000000,0.22000000,0.00000000,0.00000000,1.30000000,'2021-01-16',0,0,NULL,NULL,0.00000000,0.00000000,0.00000000,0.00000000,0,100105678,0,NULL,NULL,NULL),(15,7,NULL,5,0,NULL,'',-1,1,0.00000000,25.80000000,NULL,'44566',20.000,0.000,NULL,0.000,NULL,21.50000000,4.30000000,0.00000000,0.00000000,25.80000000,'2021-01-30',0,0,NULL,NULL,0.00000000,0.00000000,0.00000000,0.00000000,0,100105600,0,NULL,NULL,NULL),(16,7,NULL,8,0,NULL,'',-1,1,0.00000000,19.70000000,NULL,'44566',20.000,0.000,NULL,0.000,NULL,16.42000000,3.28000000,0.00000000,0.00000000,19.70000000,'2021-01-30',0,0,NULL,NULL,0.00000000,0.00000000,0.00000000,0.00000000,0,100105678,0,NULL,NULL,NULL),(17,7,NULL,8,0,NULL,'',-1,1,0.00000000,0.90000000,NULL,'44566',20.000,0.000,NULL,0.000,NULL,0.75000000,0.15000000,0.00000000,0.00000000,0.90000000,'2021-01-30',0,0,NULL,NULL,0.00000000,0.00000000,0.00000000,0.00000000,0,100105678,0,NULL,NULL,NULL),(18,7,NULL,8,0,NULL,'',-1,1,0.00000000,22.70000000,NULL,'44566',20.000,0.000,NULL,0.000,NULL,18.92000000,3.78000000,0.00000000,0.00000000,22.70000000,'2021-01-30',0,0,NULL,NULL,0.00000000,0.00000000,0.00000000,0.00000000,0,100105678,0,NULL,NULL,NULL),(19,7,NULL,8,0,NULL,'',-1,1,0.00000000,3.10000000,NULL,'44566',20.000,0.000,NULL,0.000,NULL,2.58000000,0.52000000,0.00000000,0.00000000,3.10000000,'2021-01-30',0,0,NULL,NULL,0.00000000,0.00000000,0.00000000,0.00000000,0,100105678,0,NULL,NULL,NULL),(20,7,NULL,5,0,NULL,'',-1,1,0.00000000,80.35000000,NULL,'44566',20.000,0.000,NULL,0.000,NULL,66.96000000,13.39000000,0.00000000,0.00000000,80.35000000,'2021-01-30',0,0,NULL,NULL,0.00000000,0.00000000,0.00000000,0.00000000,0,100105600,0,NULL,NULL,NULL),(21,7,NULL,8,0,NULL,'',-1,1,0.00000000,1.80000000,NULL,'44566',20.000,0.000,NULL,0.000,NULL,1.50000000,0.30000000,0.00000000,0.00000000,1.80000000,'2021-02-08',0,0,NULL,NULL,0.00000000,0.00000000,0.00000000,0.00000000,0,100105678,0,NULL,NULL,NULL),(22,7,NULL,5,0,NULL,'',-1,1,0.00000000,56.31000000,NULL,'44566',20.000,0.000,NULL,0.000,NULL,46.93000000,9.38000000,0.00000000,0.00000000,56.31000000,'2021-02-08',0,0,NULL,NULL,0.00000000,0.00000000,0.00000000,0.00000000,0,100105600,0,NULL,NULL,NULL),(23,7,NULL,8,0,NULL,'',-1,1,0.00000000,23.60000000,NULL,'44566',20.000,0.000,NULL,0.000,NULL,19.67000000,3.93000000,0.00000000,0.00000000,23.60000000,'2021-02-08',0,0,NULL,NULL,0.00000000,0.00000000,0.00000000,0.00000000,0,100105678,0,NULL,NULL,NULL),(24,7,NULL,5,0,NULL,'',-1,1,0.00000000,47.06000000,NULL,'44566',20.000,0.000,NULL,0.000,NULL,39.22000000,7.84000000,0.00000000,0.00000000,47.06000000,'2021-02-09',0,0,NULL,NULL,0.00000000,0.00000000,0.00000000,0.00000000,0,100105600,0,NULL,NULL,NULL),(25,7,NULL,8,0,NULL,'',-1,1,0.00000000,31.30000000,NULL,'44566',20.000,0.000,NULL,0.000,NULL,26.08000000,5.22000000,0.00000000,0.00000000,31.30000000,'2021-02-09',0,0,NULL,NULL,0.00000000,0.00000000,0.00000000,0.00000000,0,100105678,0,NULL,NULL,NULL),(26,7,NULL,8,0,NULL,'',-1,1,0.00000000,10.90000000,NULL,'44566',20.000,0.000,NULL,0.000,NULL,9.08000000,1.82000000,0.00000000,0.00000000,10.90000000,'2021-02-09',0,0,NULL,NULL,0.00000000,0.00000000,0.00000000,0.00000000,0,100105678,0,NULL,NULL,NULL),(27,7,NULL,8,0,NULL,'',-1,1,0.00000000,3.70000000,NULL,'44566',20.000,0.000,NULL,0.000,NULL,3.08000000,0.62000000,0.00000000,0.00000000,3.70000000,'2021-02-09',0,0,NULL,NULL,0.00000000,0.00000000,0.00000000,0.00000000,0,100105678,0,NULL,NULL,NULL),(28,7,NULL,5,0,NULL,'',-1,1,0.00000000,53.31000000,NULL,'44566',20.000,0.000,NULL,0.000,NULL,44.43000000,8.88000000,0.00000000,0.00000000,53.31000000,'2021-02-09',0,0,NULL,NULL,0.00000000,0.00000000,0.00000000,0.00000000,0,100105600,0,NULL,'',NULL),(29,7,NULL,2,0,NULL,'',-1,1,0.00000000,65.40000000,NULL,'445664',0.000,0.000,NULL,0.000,NULL,65.40000000,0.00000000,0.00000000,0.00000000,65.40000000,'2021-01-10',0,0,NULL,NULL,0.00000000,0.00000000,0.00000000,0.00000000,0,100105678,0,NULL,NULL,NULL),(30,7,NULL,2,0,NULL,'',-1,1,0.00000000,118.20000000,NULL,'445664',0.000,0.000,NULL,0.000,NULL,118.20000000,0.00000000,0.00000000,0.00000000,118.20000000,'2021-01-17',0,0,NULL,NULL,0.00000000,0.00000000,0.00000000,0.00000000,0,100105678,0,NULL,NULL,NULL),(32,9,NULL,1,0,NULL,'internet',-1,1,0.00000000,15.00000000,NULL,'445664',0.000,0.000,NULL,0.000,NULL,15.00000000,0.00000000,0.00000000,0.00000000,15.00000000,'2021-05-01',0,0,NULL,NULL,0.00000000,0.00000000,0.00000000,0.00000000,0,100105682,0,NULL,NULL,NULL),(33,9,NULL,1,0,NULL,'téléphone',-1,1,0.00000000,15.00000000,NULL,'445664',0.000,0.000,NULL,0.000,NULL,15.00000000,0.00000000,0.00000000,0.00000000,15.00000000,'2021-05-01',0,0,NULL,NULL,0.00000000,0.00000000,0.00000000,0.00000000,0,100105682,0,NULL,NULL,NULL),(34,10,NULL,1,0,NULL,'internet',-1,1,0.00000000,15.00000000,NULL,'44571',20.000,0.000,NULL,0.000,NULL,12.50000000,2.50000000,0.00000000,0.00000000,15.00000000,'2021-06-01',0,0,NULL,NULL,0.00000000,0.00000000,0.00000000,0.00000000,0,100105738,0,NULL,'',NULL),(35,10,NULL,1,0,NULL,'téléphone',-1,1,0.00000000,12.00000000,NULL,'44571',20.000,0.000,NULL,0.000,NULL,10.00000000,2.00000000,0.00000000,0.00000000,12.00000000,'2021-06-01',0,0,NULL,NULL,0.00000000,0.00000000,0.00000000,0.00000000,0,100105738,0,NULL,'',NULL),(36,10,NULL,1,0,NULL,'internet',-1,1,0.00000000,6.50000000,NULL,'44571',20.000,0.000,NULL,0.000,NULL,5.42000000,1.08000000,0.00000000,0.00000000,6.50000000,'2021-07-01',0,0,NULL,NULL,0.00000000,0.00000000,0.00000000,0.00000000,0,100105738,0,NULL,'',NULL),(37,10,NULL,1,0,NULL,'téléphone',-1,1,0.00000000,12.00000000,NULL,'44571',20.000,0.000,NULL,0.000,NULL,10.00000000,2.00000000,0.00000000,0.00000000,12.00000000,'2021-07-01',0,0,NULL,NULL,0.00000000,0.00000000,0.00000000,0.00000000,0,100105738,0,NULL,'',1200),(38,10,NULL,1,0,NULL,'internet',-1,1,0.00000000,7.00000000,NULL,'44571',20.000,0.000,NULL,0.000,NULL,5.83000000,1.17000000,0.00000000,0.00000000,7.00000000,'2021-08-01',0,0,NULL,NULL,0.00000000,0.00000000,0.00000000,0.00000000,0,100105738,0,NULL,'',1200),(39,10,NULL,1,0,NULL,'telephone',-1,1,0.00000000,12.00000000,NULL,'44571',20.000,0.000,NULL,0.000,NULL,10.00000000,2.00000000,0.00000000,0.00000000,12.00000000,'2021-08-01',0,0,NULL,NULL,0.00000000,0.00000000,0.00000000,0.00000000,0,100105738,0,NULL,'',1200),(40,10,NULL,1,0,NULL,'internet',-1,1,0.00000000,15.00000000,NULL,'44571',20.000,0.000,NULL,0.000,NULL,12.50000000,2.50000000,0.00000000,0.00000000,15.00000000,'2021-09-01',0,0,NULL,NULL,0.00000000,0.00000000,0.00000000,0.00000000,0,100105738,0,NULL,'',1200),(41,10,NULL,1,0,NULL,'telephone',-1,1,0.00000000,12.00000000,NULL,'44571',20.000,0.000,NULL,0.000,NULL,10.00000000,2.00000000,0.00000000,0.00000000,12.00000000,'2021-09-01',0,0,NULL,NULL,0.00000000,0.00000000,0.00000000,0.00000000,0,100105738,0,NULL,'',1200),(53,16,NULL,1,0,12,'Bobines PLA Impression 3D',-1,1,0.00000000,49.80000000,NULL,'44571',20.000,0.000,'1',0.000,'0',41.50000000,8.30000000,0.00000000,0.00000000,49.80000000,'2021-11-13',0,0,NULL,NULL,0.00000000,0.00000000,0.00000000,0.00000000,0,100105738,0,NULL,'',1274),(55,17,NULL,8,0,NULL,'Péage Entrammes - Clamart',-1,1,0.00000000,27.90000000,NULL,'44566',20.000,0.000,'0',0.000,'0',23.25000000,4.65000000,0.00000000,0.00000000,27.90000000,'2021-11-24',0,0,NULL,NULL,0.00000000,0.00000000,0.00000000,0.00000000,0,100105678,0,NULL,NULL,1276),(56,17,NULL,2,0,NULL,'Billets transport Tram - Métro',-1,1,0.00000000,8.40000000,NULL,'44566',20.000,0.000,'0',0.000,'0',7.00000000,1.40000000,0.00000000,0.00000000,8.40000000,'2021-11-25',0,0,NULL,NULL,0.00000000,0.00000000,0.00000000,0.00000000,0,100105678,0,NULL,NULL,1276),(57,17,NULL,2,0,NULL,'Billets transport Tram - Métro',-1,1,0.00000000,3.80000000,NULL,'44566',20.000,0.000,'0',0.000,'0',3.17000000,0.63000000,0.00000000,0.00000000,3.80000000,'2021-11-25',0,0,NULL,NULL,0.00000000,0.00000000,0.00000000,0.00000000,0,100105678,0,NULL,NULL,1276),(58,17,NULL,4,0,NULL,'7cv : distance x 0,601, 269 km autoroute',-1,1,0.00000000,161.66900000,NULL,'445664',0.000,0.000,'0',0.000,'0',161.67000000,0.00000000,0.00000000,0.00000000,161.67000000,'2021-11-24',0,0,NULL,NULL,0.00000000,0.00000000,0.00000000,0.00000000,0,100105678,0,NULL,'',1276),(60,20,NULL,2,0,NULL,'',-1,1,0.00000000,180.00000000,NULL,'445664',0.000,0.000,'0',0.000,'0',180.00000000,0.00000000,0.00000000,0.00000000,180.00000000,'2021-05-09',0,0,NULL,NULL,0.00000000,0.00000000,0.00000000,0.00000000,0,100105678,0,NULL,'',1356),(61,20,NULL,2,0,NULL,'',-1,1,0.00000000,9.70000000,NULL,'445664',0.000,0.000,'0',0.000,'0',9.70000000,0.00000000,0.00000000,0.00000000,9.70000000,'2021-05-11',0,0,NULL,NULL,0.00000000,0.00000000,0.00000000,0.00000000,0,100105678,0,NULL,'',1357),(62,20,NULL,2,0,NULL,'',-1,1,0.00000000,9.70000000,NULL,'445664',0.000,0.000,'0',0.000,'0',9.70000000,0.00000000,0.00000000,0.00000000,9.70000000,'2021-05-12',0,0,NULL,NULL,0.00000000,0.00000000,0.00000000,0.00000000,0,100105678,0,NULL,NULL,1358),(63,20,NULL,2,0,NULL,'',-1,1,0.00000000,222.00000000,NULL,'445664',0.000,0.000,'0',0.000,'0',222.00000000,0.00000000,0.00000000,0.00000000,222.00000000,'2021-05-20',0,0,NULL,NULL,0.00000000,0.00000000,0.00000000,0.00000000,0,100105678,0,NULL,'',1359),(64,20,NULL,2,0,NULL,'',-1,1,0.00000000,51.00000000,NULL,'445664',0.000,0.000,'0',0.000,'0',51.00000000,0.00000000,0.00000000,0.00000000,51.00000000,'2021-05-26',0,0,NULL,NULL,0.00000000,0.00000000,0.00000000,0.00000000,0,100105678,0,NULL,NULL,1360),(65,20,NULL,2,0,NULL,'',-1,1,0.00000000,37.70000000,NULL,'445664',0.000,0.000,'0',0.000,'0',37.70000000,0.00000000,0.00000000,0.00000000,37.70000000,'2021-05-27',0,0,NULL,NULL,0.00000000,0.00000000,0.00000000,0.00000000,0,100105678,0,NULL,NULL,1361),(66,20,NULL,2,0,NULL,'',-1,1,0.00000000,37.70000000,NULL,'445664',0.000,0.000,'0',0.000,'0',37.70000000,0.00000000,0.00000000,0.00000000,37.70000000,'2021-05-27',0,0,NULL,NULL,0.00000000,0.00000000,0.00000000,0.00000000,0,100105678,0,NULL,NULL,1362),(67,20,NULL,2,0,NULL,'',-1,1,0.00000000,133.00000000,NULL,'445664',0.000,0.000,'0',0.000,'0',133.00000000,0.00000000,0.00000000,0.00000000,133.00000000,'2021-05-28',0,0,NULL,NULL,0.00000000,0.00000000,0.00000000,0.00000000,0,100105678,0,NULL,NULL,1363),(68,20,NULL,2,0,NULL,'',-1,1,0.00000000,99.00000000,NULL,'445664',0.000,0.000,'0',0.000,'0',99.00000000,0.00000000,0.00000000,0.00000000,99.00000000,'2021-06-14',0,0,NULL,NULL,0.00000000,0.00000000,0.00000000,0.00000000,0,100105678,0,NULL,NULL,1363),(69,20,NULL,2,0,NULL,'',-1,1,0.00000000,9.70000000,NULL,'445664',0.000,0.000,'0',0.000,'0',9.70000000,0.00000000,0.00000000,0.00000000,9.70000000,'2021-06-25',0,0,NULL,NULL,0.00000000,0.00000000,0.00000000,0.00000000,0,100105678,0,NULL,NULL,1363),(70,20,NULL,2,0,NULL,'',-1,1,0.00000000,93.00000000,NULL,'445664',0.000,0.000,'0',0.000,'0',93.00000000,0.00000000,0.00000000,0.00000000,93.00000000,'2021-06-26',0,0,NULL,NULL,0.00000000,0.00000000,0.00000000,0.00000000,0,100105678,0,NULL,NULL,1364),(71,20,NULL,2,0,NULL,'',-1,1,0.00000000,81.00000000,NULL,'445664',0.000,0.000,'0',0.000,'0',81.00000000,0.00000000,0.00000000,0.00000000,81.00000000,'2021-09-14',0,0,NULL,NULL,0.00000000,0.00000000,0.00000000,0.00000000,0,100105678,0,NULL,NULL,1365),(72,20,NULL,2,0,NULL,'',-1,1,0.00000000,3.00000000,NULL,'445664',0.000,0.000,'0',0.000,'0',3.00000000,0.00000000,0.00000000,0.00000000,3.00000000,'2021-09-14',0,0,NULL,NULL,0.00000000,0.00000000,0.00000000,0.00000000,0,100105678,0,NULL,NULL,1366),(73,20,NULL,2,0,NULL,'',-1,1,0.00000000,8.00000000,NULL,'445664',0.000,0.000,'0',0.000,'0',8.00000000,0.00000000,0.00000000,0.00000000,8.00000000,'2021-10-07',0,0,NULL,NULL,0.00000000,0.00000000,0.00000000,0.00000000,0,100105678,0,NULL,NULL,1367),(74,21,NULL,1,0,36,'Tissus étanche au mètre',-1,1,0.00000000,27.60000000,NULL,'44566',20.000,0.000,'0',0.000,'0',23.00000000,4.60000000,0.00000000,0.00000000,27.60000000,'2021-12-09',0,0,NULL,NULL,0.00000000,0.00000000,0.00000000,0.00000000,0,100105738,0,NULL,NULL,NULL),(75,21,NULL,1,0,36,'Tissus étanche au mètre',-1,1,0.00000000,13.80000000,NULL,'44571',20.000,0.000,'1',0.000,'0',11.50000000,2.30000000,0.00000000,0.00000000,13.80000000,'2021-12-10',0,0,NULL,NULL,0.00000000,0.00000000,0.00000000,0.00000000,0,100105738,0,NULL,NULL,NULL),(76,22,NULL,1,0,36,'Cablage + gainage',-1,1,0.00000000,94.24000000,NULL,'44566',20.000,0.000,'0',0.000,'0',78.53000000,15.71000000,0.00000000,0.00000000,94.24000000,'2021-12-07',0,0,NULL,NULL,0.00000000,0.00000000,0.00000000,0.00000000,0,100105738,0,NULL,'',NULL),(77,23,NULL,1,0,36,'Tissus Jupe + scratch',-1,1,0.00000000,79.86599000,NULL,'44566',20.000,0.000,'0',0.000,'0',66.55000000,13.32000000,0.00000000,0.00000000,79.87000000,'2021-12-09',0,0,NULL,NULL,0.00000000,0.00000000,0.00000000,0.00000000,0,100105579,0,NULL,'',NULL),(78,23,NULL,1,0,36,'scratch',-1,1,0.00000000,7.92000000,NULL,'44566',20.000,0.000,'0',0.000,'0',6.60000000,1.32000000,0.00000000,0.00000000,7.92000000,'2021-12-10',0,0,NULL,NULL,0.00000000,0.00000000,0.00000000,0.00000000,0,100105579,0,NULL,NULL,NULL),(79,23,NULL,1,0,36,'scratch',-1,1,0.00000000,7.92000000,NULL,'44566',20.000,0.000,'0',0.000,'0',6.60000000,1.32000000,0.00000000,0.00000000,7.92000000,'2021-12-18',0,0,NULL,NULL,0.00000000,0.00000000,0.00000000,0.00000000,0,100105579,0,NULL,NULL,NULL),(80,23,NULL,1,0,36,'scratch + élastique',-1,1,0.00000000,15.88200000,NULL,'44566',20.000,0.000,'0',0.000,'0',13.24000000,2.64000000,0.00000000,0.00000000,15.88000000,'2021-12-21',0,0,NULL,NULL,0.00000000,0.00000000,0.00000000,0.00000000,0,100105579,0,NULL,'',NULL),(88,25,NULL,1,0,7,'Mobile janvier',-1,1,0.00000000,12.00000000,NULL,'44566',20.000,0.000,'0',0.000,'0',10.00000000,2.00000000,0.00000000,0.00000000,12.00000000,'2022-01-22',0,0,NULL,NULL,0.00000000,0.00000000,0.00000000,0.00000000,0,100105682,0,NULL,'',NULL),(89,25,NULL,1,0,7,'mobile fevrier',-1,1,0.00000000,12.00000000,NULL,'44566',20.000,0.000,'0',0.000,'0',10.00000000,2.00000000,0.00000000,0.00000000,12.00000000,'2022-02-22',0,0,NULL,NULL,0.00000000,0.00000000,0.00000000,0.00000000,0,100105682,0,NULL,NULL,NULL),(90,25,NULL,1,0,7,'ADSL janvier',-1,1,0.00000000,15.00000000,NULL,'44566',20.000,0.000,'0',0.000,'0',12.50000000,2.50000000,0.00000000,0.00000000,15.00000000,'2022-01-10',0,0,NULL,NULL,0.00000000,0.00000000,0.00000000,0.00000000,0,100105682,0,NULL,'',NULL),(91,25,NULL,1,0,7,'ADSL février',-1,1,0.00000000,15.00000000,NULL,'44566',20.000,0.000,'0',0.000,'0',12.50000000,2.50000000,0.00000000,0.00000000,15.00000000,'2022-02-08',0,0,NULL,NULL,0.00000000,0.00000000,0.00000000,0.00000000,0,100105682,0,NULL,'',NULL),(92,26,NULL,1,0,19,'internet 4G',-1,1,0.00000000,55.52000000,NULL,'44566',20.000,0.000,'0',0.000,'0',46.27000000,9.25000000,0.00000000,0.00000000,55.52000000,'2022-03-02',0,0,NULL,NULL,0.00000000,0.00000000,0.00000000,0.00000000,0,100105682,0,NULL,NULL,NULL),(93,26,NULL,1,0,7,'téléphone',-1,1,0.00000000,12.00000000,NULL,'445664',0.000,0.000,'0',0.000,'0',12.00000000,0.00000000,0.00000000,0.00000000,12.00000000,'2022-03-24',0,0,NULL,NULL,0.00000000,0.00000000,0.00000000,0.00000000,0,100105682,0,NULL,NULL,NULL),(94,27,NULL,1,0,19,'box 4G',-1,1,0.00000000,32.98800000,NULL,'44566',20.000,0.000,'0',0.000,'0',27.49000000,5.50000000,0.00000000,0.00000000,32.99000000,'2022-04-02',0,0,NULL,NULL,0.00000000,0.00000000,0.00000000,0.00000000,0,100105738,0,NULL,NULL,NULL),(95,28,NULL,1,0,7,'téléphone avril',-1,1,0.00000000,8.98800000,NULL,'44566',20.000,0.000,'0',0.000,'0',7.49000000,1.50000000,0.00000000,0.00000000,8.99000000,'2022-05-10',0,0,NULL,NULL,0.00000000,0.00000000,0.00000000,0.00000000,0,100105738,0,NULL,NULL,NULL),(96,28,NULL,1,0,7,'box 4g avril',-1,1,0.00000000,32.98800000,NULL,'44566',20.000,0.000,'0',0.000,'0',27.49000000,5.50000000,0.00000000,0.00000000,32.99000000,'2022-05-10',0,0,NULL,NULL,0.00000000,0.00000000,0.00000000,0.00000000,0,100105738,0,NULL,NULL,NULL),(97,29,NULL,1,0,7,'box 4g',-1,1,0.00000000,32.98800000,NULL,'44566',20.000,0.000,'0',0.000,'0',27.49000000,5.50000000,0.00000000,0.00000000,32.99000000,'2022-06-02',0,0,NULL,NULL,0.00000000,0.00000000,0.00000000,0.00000000,0,100105738,0,NULL,NULL,NULL),(98,29,NULL,1,0,7,'',-1,1,0.00000000,8.98800000,NULL,'44566',20.000,0.000,'0',0.000,'0',7.49000000,1.50000000,0.00000000,0.00000000,8.99000000,'2022-06-26',0,0,NULL,NULL,0.00000000,0.00000000,0.00000000,0.00000000,0,100105738,0,NULL,NULL,NULL),(99,30,NULL,1,0,7,'',-1,1,0.00000000,8.98800000,NULL,'44566',20.000,0.000,'0',0.000,'0',7.49000000,1.50000000,0.00000000,0.00000000,8.99000000,'2022-07-26',0,0,NULL,NULL,0.00000000,0.00000000,0.00000000,0.00000000,0,100105738,0,NULL,NULL,NULL),(100,30,NULL,1,0,7,'',-1,1,0.00000000,32.98800000,NULL,'44566',20.000,0.000,'0',0.000,'0',27.49000000,5.50000000,0.00000000,0.00000000,32.99000000,'2022-07-15',0,0,NULL,NULL,0.00000000,0.00000000,0.00000000,0.00000000,0,100105738,0,NULL,NULL,NULL),(101,31,NULL,17,0,NULL,'Facture_20220804_SAV_CEA_LAPOSTE',-1,4,0.00000000,2.00000000,NULL,'44566',20.000,0.000,'0',0.000,'0',6.67000000,1.33000000,0.00000000,0.00000000,8.00000000,'2022-08-04',0,0,NULL,NULL,0.00000000,0.00000000,0.00000000,0.00000000,0,100105607,0,NULL,'',NULL),(102,31,NULL,17,0,NULL,'Facture_20220804_SAV_CEA_LAPOSTE',-1,4,0.00000000,3.11500000,NULL,'445664',0.000,0.000,'0',0.000,'0',12.46000000,0.00000000,0.00000000,0.00000000,12.46000000,'2022-08-04',0,0,NULL,NULL,0.00000000,0.00000000,0.00000000,0.00000000,0,100105607,0,NULL,NULL,NULL),(103,31,NULL,17,0,NULL,'Facture_20220804_SAV_CEA_LAPOSTE',-1,4,0.00000000,0.38500000,NULL,'445664',0.000,0.000,'0',0.000,'0',1.54000000,0.00000000,0.00000000,0.00000000,1.54000000,'2022-08-04',0,0,NULL,NULL,0.00000000,0.00000000,0.00000000,0.00000000,0,100105607,0,NULL,NULL,NULL),(104,31,NULL,17,0,NULL,'Facture_20220804_SAV_CEA_LAPOSTE',-1,1,0.00000000,6.00000000,NULL,'445664',0.000,0.000,'0',0.000,'0',6.00000000,0.00000000,0.00000000,0.00000000,6.00000000,'2022-08-04',0,0,NULL,NULL,0.00000000,0.00000000,0.00000000,0.00000000,0,100105607,0,NULL,NULL,NULL),(105,32,NULL,17,0,NULL,'La poste colis boitier bas la tolerie plastique',-1,1,0.00000000,4.95000000,NULL,'445664',0.000,0.000,'0',0.000,'0',4.95000000,0.00000000,0.00000000,0.00000000,4.95000000,'2022-08-23',0,0,NULL,NULL,0.00000000,0.00000000,0.00000000,0.00000000,0,100105607,0,NULL,'',2112),(106,33,NULL,2,0,NULL,'',-1,2,0.00000000,1.98000000,NULL,'445661',10.000,0.000,'0',0.000,'0',3.60000000,0.36000000,0.00000000,0.00000000,3.96000000,'2022-08-03',0,0,NULL,NULL,0.00000000,0.00000000,0.00000000,0.00000000,0,100105678,0,NULL,'',NULL),(107,33,NULL,2,0,NULL,'',-1,2,0.00000000,1.98000000,NULL,'445661',10.000,0.000,'0',0.000,'0',3.60000000,0.36000000,0.00000000,0.00000000,3.96000000,'2022-08-03',0,0,NULL,NULL,0.00000000,0.00000000,0.00000000,0.00000000,0,100105678,0,NULL,NULL,NULL),(108,33,NULL,2,0,NULL,'',-1,2,0.00000000,1.98000000,NULL,'445661',10.000,0.000,'0',0.000,'0',3.60000000,0.36000000,0.00000000,0.00000000,3.96000000,'2022-08-04',0,0,NULL,NULL,0.00000000,0.00000000,0.00000000,0.00000000,0,100105678,0,NULL,NULL,NULL),(109,33,NULL,2,0,NULL,'',-1,2,0.00000000,1.98000000,NULL,'445661',10.000,0.000,'0',0.000,'0',3.60000000,0.36000000,0.00000000,0.00000000,3.96000000,'2022-08-05',0,0,NULL,NULL,0.00000000,0.00000000,0.00000000,0.00000000,0,100105678,0,NULL,NULL,NULL),(110,33,NULL,2,0,NULL,'',-1,1,0.00000000,86.95400000,NULL,'445661',10.000,0.000,'0',0.000,'0',79.05000000,7.90000000,0.00000000,0.00000000,86.95000000,'2022-08-06',0,0,NULL,NULL,0.00000000,0.00000000,0.00000000,0.00000000,0,100105678,0,NULL,'',NULL),(111,34,NULL,1,0,7,'',-1,1,0.00000000,32.98800000,NULL,'44566',20.000,0.000,'0',0.000,'0',27.49000000,5.50000000,0.00000000,0.00000000,32.99000000,'2022-09-02',0,0,NULL,NULL,0.00000000,0.00000000,0.00000000,0.00000000,0,100105738,0,NULL,NULL,NULL),(112,35,NULL,1,0,7,'',-1,1,0.00000000,32.98800000,NULL,'44566',20.000,0.000,'0',0.000,'0',27.49000000,5.50000000,0.00000000,0.00000000,32.99000000,'2022-08-16',0,0,NULL,NULL,0.00000000,0.00000000,0.00000000,0.00000000,0,100105738,0,NULL,NULL,NULL),(113,35,NULL,1,0,7,'',-1,1,0.00000000,8.98800000,NULL,'44566',20.000,0.000,'0',0.000,'0',7.49000000,1.50000000,0.00000000,0.00000000,8.99000000,'2022-08-26',0,0,NULL,NULL,0.00000000,0.00000000,0.00000000,0.00000000,0,100105738,0,NULL,NULL,NULL),(114,34,NULL,1,0,7,'',-1,1,0.00000000,8.98800000,NULL,'44566',20.000,0.000,'0',0.000,'0',7.49000000,1.50000000,0.00000000,0.00000000,8.99000000,'2022-09-26',0,0,NULL,NULL,0.00000000,0.00000000,0.00000000,0.00000000,0,100105738,0,NULL,NULL,NULL),(115,36,NULL,2,0,117,'',-1,1,0.00000000,40.00000000,NULL,'445664',0.000,0.000,'0',0.000,'0',40.00000000,0.00000000,0.00000000,0.00000000,40.00000000,'2022-10-10',0,0,NULL,NULL,0.00000000,0.00000000,0.00000000,0.00000000,0,100105678,0,NULL,NULL,2288),(116,37,NULL,5,0,NULL,'',-1,1,0.00000000,9.59000000,NULL,'44566',20.000,0.000,'0',0.000,'0',7.99000000,1.60000000,0.00000000,0.00000000,9.59000000,'2022-09-30',0,0,NULL,NULL,0.00000000,0.00000000,0.00000000,0.00000000,0,100106000,0,NULL,NULL,2304),(117,38,NULL,8,0,NULL,'',-1,1,0.00000000,26.60000000,NULL,'44566',20.000,0.000,'0',0.000,'0',22.17000000,4.43000000,0.00000000,0.00000000,26.60000000,'2022-10-04',0,0,NULL,NULL,0.00000000,0.00000000,0.00000000,0.00000000,0,100105678,0,NULL,NULL,2314),(118,38,NULL,5,0,NULL,'',-1,1,0.00000000,17.84000000,NULL,'44566',20.000,0.000,'0',0.000,'0',14.87000000,2.97000000,0.00000000,0.00000000,17.84000000,'2022-10-04',0,0,NULL,NULL,0.00000000,0.00000000,0.00000000,0.00000000,0,100106000,0,NULL,NULL,2315),(119,38,NULL,8,0,NULL,'',-1,1,0.00000000,8.60000000,NULL,'44566',20.000,0.000,'0',0.000,'0',7.17000000,1.43000000,0.00000000,0.00000000,8.60000000,'2022-10-04',0,0,NULL,NULL,0.00000000,0.00000000,0.00000000,0.00000000,0,100105678,0,NULL,NULL,2316),(120,38,NULL,8,0,NULL,'',-1,1,0.00000000,2.00000000,NULL,'44566',20.000,0.000,'0',0.000,'0',1.67000000,0.33000000,0.00000000,0.00000000,2.00000000,'2022-10-04',0,0,NULL,NULL,0.00000000,0.00000000,0.00000000,0.00000000,0,100105678,0,NULL,NULL,2317),(121,38,NULL,8,0,NULL,'',-1,1,0.00000000,28.30000000,NULL,'44566',20.000,0.000,'0',0.000,'0',23.58000000,4.72000000,0.00000000,0.00000000,28.30000000,'2022-10-03',0,0,NULL,NULL,0.00000000,0.00000000,0.00000000,0.00000000,0,100105678,0,NULL,NULL,2318),(122,38,NULL,3,0,NULL,'Repas soir, taxe restaurant',-1,1,0.00000000,15.00000000,NULL,'445661',10.000,0.000,'0',0.000,'0',13.64000000,1.36000000,0.00000000,0.00000000,15.00000000,'2022-10-04',0,0,NULL,NULL,0.00000000,0.00000000,0.00000000,0.00000000,0,100105681,0,NULL,'',2319),(123,38,NULL,3,0,NULL,'repas midi',-1,1,0.00000000,5.20000000,NULL,'445662',5.500,0.000,'0',0.000,'0',4.93000000,0.27000000,0.00000000,0.00000000,5.20000000,'2022-10-04',0,0,NULL,NULL,0.00000000,0.00000000,0.00000000,0.00000000,0,100105681,0,NULL,NULL,2320),(124,38,NULL,3,0,NULL,'',-1,1,0.00000000,6.00000000,NULL,'44566',20.000,0.000,'0',0.000,'0',5.00000000,1.00000000,0.00000000,0.00000000,6.00000000,'2022-10-04',0,0,NULL,NULL,0.00000000,0.00000000,0.00000000,0.00000000,0,100105681,0,NULL,NULL,2319),(125,39,NULL,1,0,NULL,'élastique',-1,1,0.00000000,4.00000000,NULL,'44571',20.000,0.000,'1',0.000,'0',3.33000000,0.67000000,0.00000000,0.00000000,4.00000000,'2022-10-13',0,0,NULL,NULL,0.00000000,0.00000000,0.00000000,0.00000000,0,100105579,0,NULL,NULL,2350),(126,40,NULL,1,0,7,'',-1,1,0.00000000,32.98800000,NULL,'44566',20.000,0.000,'0',0.000,'0',27.49000000,5.50000000,0.00000000,0.00000000,32.99000000,'2022-10-17',0,0,NULL,NULL,0.00000000,0.00000000,0.00000000,0.00000000,0,100105738,0,NULL,NULL,NULL),(127,40,NULL,1,0,7,'',-1,1,0.00000000,8.98800000,NULL,'44566',20.000,0.000,'0',0.000,'0',7.49000000,1.50000000,0.00000000,0.00000000,8.99000000,'2022-10-26',0,0,NULL,NULL,0.00000000,0.00000000,0.00000000,0.00000000,0,100105738,0,NULL,'',NULL),(128,41,NULL,1,0,7,'',-1,1,0.00000000,32.98800000,NULL,'44566',20.000,0.000,'0',0.000,'0',27.49000000,5.50000000,0.00000000,0.00000000,32.99000000,'2022-11-02',0,0,NULL,NULL,0.00000000,0.00000000,0.00000000,0.00000000,0,100105738,0,NULL,NULL,NULL),(129,42,NULL,1,0,NULL,'PaintMarkers',-1,2,0.00000000,4.39000000,NULL,'44566',20.000,0.000,'0',0.000,'0',7.32000000,1.46000000,0.00000000,0.00000000,8.78000000,'2022-11-24',0,0,NULL,NULL,0.00000000,0.00000000,0.00000000,0.00000000,0,100105738,0,NULL,'',2382),(130,41,NULL,1,0,7,'',-1,1,0.00000000,8.98800000,NULL,'44566',20.000,0.000,'0',0.000,'0',7.49000000,1.50000000,0.00000000,0.00000000,8.99000000,'2022-11-26',0,0,NULL,NULL,0.00000000,0.00000000,0.00000000,0.00000000,0,100105738,0,NULL,'',NULL),(131,43,NULL,1,0,124,'Peinture',-1,1,0.00000000,155.80000000,NULL,'44566',20.000,0.000,'0',0.000,'0',129.83000000,25.97000000,0.00000000,0.00000000,155.80000000,'2022-11-28',0,0,NULL,NULL,0.00000000,0.00000000,0.00000000,0.00000000,0,100105579,0,NULL,NULL,NULL),(132,38,NULL,6,0,NULL,'Taxe de séjour',-1,1,0.00000000,0.75000000,NULL,'445664',0.000,0.000,'0',0.000,'0',0.75000000,0.00000000,0.00000000,0.00000000,0.75000000,'2022-10-04',0,0,NULL,NULL,0.00000000,0.00000000,0.00000000,0.00000000,0,100105680,0,NULL,NULL,2319),(133,44,NULL,1,0,124,'pot de peinture supplémentaire',-1,1,0.00000000,55.90000000,NULL,'44571',20.000,0.000,'1',0.000,'0',46.58000000,9.32000000,0.00000000,0.00000000,55.90000000,'2022-12-09',0,0,NULL,NULL,0.00000000,0.00000000,0.00000000,0.00000000,0,100105579,0,NULL,'',NULL),(134,44,NULL,8,0,124,'péages CEA',-1,1,0.00000000,72.30000000,NULL,'44571',20.000,0.000,'1',0.000,'0',60.25000000,12.05000000,0.00000000,0.00000000,72.30000000,'2022-12-12',0,0,NULL,NULL,0.00000000,0.00000000,0.00000000,0.00000000,0,100105678,0,NULL,NULL,NULL),(135,45,NULL,3,0,139,'eau gazeuse',-1,1,0.00000000,2.95000000,NULL,'445662',5.500,0.000,'0',0.000,'0',2.80000000,0.15000000,0.00000000,0.00000000,2.95000000,'2022-10-23',0,0,NULL,NULL,0.00000000,0.00000000,0.00000000,0.00000000,0,100105681,0,NULL,NULL,NULL),(136,45,NULL,3,0,139,'repas',-1,1,0.00000000,13.55000000,NULL,'445661',10.000,0.000,'0',0.000,'0',12.32000000,1.23000000,0.00000000,0.00000000,13.55000000,'2022-10-23',0,0,NULL,NULL,0.00000000,0.00000000,0.00000000,0.00000000,0,100105681,0,NULL,NULL,NULL),(137,46,NULL,1,0,7,'internet',-1,1,0.00000000,32.98800000,NULL,'44566',20.000,0.000,'0',0.000,'0',27.49000000,5.50000000,0.00000000,0.00000000,32.99000000,'2022-12-02',0,0,NULL,NULL,0.00000000,0.00000000,0.00000000,0.00000000,0,100105738,0,NULL,'',NULL),(138,46,NULL,1,0,7,'téléphone mobile',-1,1,0.00000000,8.98800000,NULL,'44566',20.000,0.000,'0',0.000,'0',7.49000000,1.50000000,0.00000000,0.00000000,8.99000000,'2022-12-26',0,0,NULL,NULL,0.00000000,0.00000000,0.00000000,0.00000000,0,100105738,0,NULL,NULL,NULL),(139,47,NULL,1,0,7,'téléphone mobile',-1,1,0.00000000,9.52800000,NULL,'44566',20.000,0.000,'0',0.000,'0',7.94000000,1.59000000,0.00000000,0.00000000,9.53000000,'2023-01-26',0,0,NULL,NULL,0.00000000,0.00000000,0.00000000,0.00000000,0,100105738,0,NULL,NULL,NULL),(140,47,NULL,1,0,7,'internet',-1,1,0.00000000,32.98800000,NULL,'44566',20.000,0.000,'0',0.000,'0',27.49000000,5.50000000,0.00000000,0.00000000,32.99000000,'2023-01-16',0,0,NULL,NULL,0.00000000,0.00000000,0.00000000,0.00000000,0,100105738,0,NULL,NULL,NULL),(141,48,NULL,1,0,7,'internet',-1,1,0.00000000,32.98800000,NULL,'44566',20.000,0.000,'0',0.000,'0',27.49000000,5.50000000,0.00000000,0.00000000,32.99000000,'2023-02-02',0,0,NULL,NULL,0.00000000,0.00000000,0.00000000,0.00000000,0,100105738,0,NULL,NULL,NULL),(142,48,NULL,1,0,7,'téléphone mobile',-1,1,0.00000000,8.98800000,NULL,'44566',20.000,0.000,'0',0.000,'0',7.49000000,1.50000000,0.00000000,0.00000000,8.99000000,'2023-02-26',0,0,NULL,NULL,0.00000000,0.00000000,0.00000000,0.00000000,0,100105738,0,NULL,'',NULL),(143,49,NULL,17,0,NULL,'Envoi vers Lille Quest 2',-1,1,0.00000000,21.05000000,NULL,'445664',0.000,0.000,'0',0.000,'0',21.05000000,0.00000000,0.00000000,0.00000000,21.05000000,'2023-02-15',0,0,NULL,NULL,0.00000000,0.00000000,0.00000000,0.00000000,0,100105607,0,NULL,'',2732),(144,50,NULL,1,0,7,'internet',-1,1,0.00000000,42.99000000,NULL,'44566',20.000,0.000,'0',0.000,'0',35.83000000,7.16000000,0.00000000,0.00000000,42.99000000,'2023-03-02',0,0,NULL,NULL,0.00000000,0.00000000,0.00000000,0.00000000,0,100105738,0,NULL,'',NULL),(145,50,NULL,1,0,7,'téléphone mobile',-1,1,0.00000000,8.98800000,NULL,'44566',20.000,0.000,'0',0.000,'0',7.49000000,1.50000000,0.00000000,0.00000000,8.99000000,'2023-03-26',0,0,NULL,NULL,0.00000000,0.00000000,0.00000000,0.00000000,0,100105738,0,NULL,NULL,NULL),(146,51,NULL,1,0,7,'internet',-1,1,0.00000000,42.99000000,NULL,'44566',20.000,0.000,'0',0.000,'0',35.83000000,7.16000000,0.00000000,0.00000000,42.99000000,'2023-04-02',0,0,NULL,NULL,0.00000000,0.00000000,0.00000000,0.00000000,0,100105738,0,NULL,'',NULL),(147,52,NULL,1,0,7,'Free 4G Lauriane',-1,1,0.00000000,9.99600000,NULL,'44566',20.000,0.000,'0',0.000,'0',8.33000000,1.67000000,0.00000000,0.00000000,10.00000000,'2023-07-08',0,0,NULL,NULL,0.00000000,0.00000000,0.00000000,0.00000000,0,100105738,0,NULL,'',NULL),(148,52,NULL,1,0,7,'Mise en place ligne ADSL + abonnement',-1,1,0.00000000,140.97600000,NULL,'44566',20.000,0.000,'0',0.000,'0',117.48000000,23.50000000,0.00000000,0.00000000,140.98000000,'2023-07-02',0,0,NULL,NULL,0.00000000,0.00000000,0.00000000,0.00000000,0,100105738,0,NULL,NULL,NULL),(149,52,NULL,1,0,7,'Téléphone',-1,1,0.00000000,8.98800000,NULL,'44566',20.000,0.000,'0',0.000,'0',7.49000000,1.50000000,0.00000000,0.00000000,8.99000000,'2023-07-26',0,0,NULL,NULL,0.00000000,0.00000000,0.00000000,0.00000000,0,100105738,0,NULL,NULL,NULL),(150,53,NULL,1,0,7,'Téléphone 4G',-1,1,0.00000000,9.99000000,NULL,'44566',20.000,0.000,'0',0.000,'0',8.33000000,1.66000000,0.00000000,0.00000000,9.99000000,'2023-08-08',0,0,NULL,NULL,0.00000000,0.00000000,0.00000000,0.00000000,0,100105738,0,NULL,'',NULL),(151,53,NULL,1,0,7,'Téléphone',-1,1,0.00000000,8.99000000,NULL,'44566',20.000,0.000,'0',0.000,'0',7.49000000,1.50000000,0.00000000,0.00000000,8.99000000,'2023-08-08',0,0,NULL,NULL,0.00000000,0.00000000,0.00000000,0.00000000,0,100105738,0,NULL,'',NULL),(152,53,NULL,1,0,7,'Internet',-1,1,0.00000000,29.99000000,NULL,'44566',20.000,0.000,'0',0.000,'0',24.99000000,5.00000000,0.00000000,0.00000000,29.99000000,'2023-08-02',0,0,NULL,NULL,0.00000000,0.00000000,0.00000000,0.00000000,0,100105738,0,NULL,'',NULL),(153,54,NULL,18,0,72,'',-1,1,0.00000000,9.87000000,NULL,'44566',20.000,0.000,'0',0.000,'0',8.23000000,1.64000000,0.00000000,0.00000000,9.87000000,'2023-09-08',0,0,NULL,NULL,0.00000000,0.00000000,0.00000000,0.00000000,0,100105632,0,NULL,NULL,3262),(154,55,NULL,1,0,121,'internet',-1,1,0.00000000,29.99000000,NULL,'44566',20.000,0.000,'0',0.000,'0',24.99000000,5.00000000,0.00000000,0.00000000,29.99000000,'2023-09-02',0,0,NULL,NULL,0.00000000,0.00000000,0.00000000,0.00000000,0,100105738,0,NULL,'',NULL),(155,55,NULL,1,0,121,'Téléphone',-1,1,0.00000000,8.99000000,NULL,'44566',20.000,0.000,'0',0.000,'0',7.49000000,1.50000000,0.00000000,0.00000000,8.99000000,'2023-09-08',0,0,NULL,NULL,0.00000000,0.00000000,0.00000000,0.00000000,0,100105738,0,NULL,'',NULL),(156,55,NULL,1,0,121,'Téléphone 4G',-1,1,0.00000000,9.99000000,NULL,'44566',20.000,0.000,'0',0.000,'0',8.33000000,1.66000000,0.00000000,0.00000000,9.99000000,'2023-10-26',0,0,NULL,NULL,0.00000000,0.00000000,0.00000000,0.00000000,0,100105738,0,NULL,NULL,NULL),(157,57,NULL,1,0,35,'Minicam Etanche',-1,1,0.00000000,23.70000000,NULL,'44566',20.000,0.000,'0',0.000,'0',19.75000000,3.95000000,0.00000000,0.00000000,23.70000000,'2023-10-11',0,0,NULL,NULL,0.00000000,0.00000000,0.00000000,0.00000000,0,100105738,0,NULL,'',3301),(158,58,NULL,1,0,121,'Téléphone 4G',-1,1,0.00000000,9.99000000,NULL,'44566',20.000,0.000,'0',0.000,'0',8.33000000,1.66000000,0.00000000,0.00000000,9.99000000,'2023-10-08',0,0,NULL,NULL,0.00000000,0.00000000,0.00000000,0.00000000,0,100105738,0,NULL,'',NULL),(159,59,NULL,1,0,35,'verre 4mmx500x500 x 2 Tronxy',-1,1,0.00000000,24.95000000,NULL,'44566',20.000,0.000,'0',0.000,'0',20.79000000,4.16000000,0.00000000,0.00000000,24.95000000,'2023-11-16',0,0,NULL,NULL,0.00000000,0.00000000,0.00000000,0.00000000,0,0,0,NULL,NULL,3523),(160,60,NULL,1,0,155,'Tuyau Leonard VR',-1,1,0.00000000,15.50000000,NULL,'44566',20.000,0.000,'0',0.000,'0',12.92000000,2.58000000,0.00000000,0.00000000,15.50000000,'2024-01-17',0,0,NULL,NULL,0.00000000,0.00000000,0.00000000,0.00000000,0,0,0,NULL,NULL,3748),(161,61,NULL,4,0,60,'Tomish Design au 8avenue de Bretagne à Lille 59000',-1,32,0.00000000,0.60600000,NULL,'445664',0.000,0.000,'0',0.000,'0',19.39000000,0.00000000,0.00000000,0.00000000,19.39000000,'2022-11-02',0,0,NULL,NULL,0.00000000,0.00000000,0.00000000,0.00000000,0,0,0,NULL,NULL,NULL),(162,61,NULL,4,0,60,'médecine du travail',-1,12,0.00000000,0.60600000,NULL,'445664',0.000,0.000,'0',0.000,'0',7.27000000,0.00000000,0.00000000,0.00000000,7.27000000,'2023-01-25',0,0,NULL,NULL,0.00000000,0.00000000,0.00000000,0.00000000,0,0,0,NULL,'',NULL),(163,61,NULL,4,0,60,'Resonance Films rue du Vertuquet à Neuville en Ferrain 59960',-1,23,0.00000000,0.60600000,NULL,'445664',0.000,0.000,'0',0.000,'0',13.94000000,0.00000000,0.00000000,0.00000000,13.94000000,'2023-01-25',0,0,NULL,NULL,0.00000000,0.00000000,0.00000000,0.00000000,0,0,0,NULL,NULL,NULL),(164,61,NULL,4,0,60,'Okeille Productions , 12 rue Raymond MONNET àLezennes 59260',-1,28,0.00000000,0.60600000,NULL,'445664',0.000,0.000,'0',0.000,'0',16.97000000,0.00000000,0.00000000,0.00000000,16.97000000,'2023-03-08',0,0,NULL,NULL,0.00000000,0.00000000,0.00000000,0.00000000,0,0,0,NULL,'',NULL),(165,61,NULL,4,0,60,'Gravity , 2 résidence André Dubois, rue de l\'Alène d\'Or à Orchies',-1,69,0.00000000,0.60600000,NULL,'445664',0.000,0.000,'0',0.000,'0',41.81000000,0.00000000,0.00000000,0.00000000,41.81000000,'2023-03-21',0,0,NULL,NULL,0.00000000,0.00000000,0.00000000,0.00000000,0,0,0,NULL,NULL,NULL),(166,61,NULL,4,0,60,'Génie architecture , 14 place Nouvelle Aventure à LILLE',-1,27,0.00000000,0.60600000,NULL,'445664',0.000,0.000,'0',0.000,'0',16.36000000,0.00000000,0.00000000,0.00000000,16.36000000,'2023-04-03',0,0,NULL,NULL,0.00000000,0.00000000,0.00000000,0.00000000,0,0,0,NULL,NULL,NULL);

--
-- Table structure for table `llx_expensereport_extrafields`
--

CREATE TABLE `llx_expensereport_extrafields` (
  `rowid` int(11) NOT NULL AUTO_INCREMENT,
  `tms` timestamp NULL DEFAULT NULL,
  `fk_object` int(11) NOT NULL,
  `import_key` varchar(14) DEFAULT NULL,
  PRIMARY KEY (`rowid`),
  KEY `idx_expensereport_extrafields` (`fk_object`)
) ENGINE=InnoDB DEFAULT CHARSET=latin1;

--
-- Dumping data for table `llx_expensereport_extrafields`
--


--
-- Table structure for table `llx_expensereport_ik`
--

CREATE TABLE `llx_expensereport_ik` (
  `rowid` int(11) NOT NULL AUTO_INCREMENT,
  `datec` datetime DEFAULT NULL,
  `tms` timestamp NULL DEFAULT NULL,
  `fk_c_exp_tax_cat` int(11) NOT NULL DEFAULT '0',
  `fk_range` int(11) NOT NULL DEFAULT '0',
  `coef` double NOT NULL DEFAULT '0',
  `ikoffset` double NOT NULL DEFAULT '0',
  `active` int(11) DEFAULT '1',
  PRIMARY KEY (`rowid`)
) ENGINE=InnoDB AUTO_INCREMENT=16 DEFAULT CHARSET=latin1;

--
-- Dumping data for table `llx_expensereport_ik`
--

INSERT INTO `llx_expensereport_ik` (`rowid`, `datec`, `tms`, `fk_c_exp_tax_cat`, `fk_range`, `coef`, `ikoffset`, `active`) VALUES (1,NULL,NULL,4,1,0.41,0,1),(2,NULL,NULL,4,2,0.244,824,1),(3,NULL,NULL,4,3,0.286,0,1),(4,NULL,NULL,5,4,0.493,0,1),(5,NULL,NULL,5,5,0.277,1082,1),(6,NULL,NULL,5,6,0.332,0,1),(7,NULL,NULL,6,7,0.543,0,1),(8,NULL,NULL,6,8,0.305,1180,1),(9,NULL,NULL,6,9,0.364,0,1),(10,NULL,NULL,7,10,0.568,0,1),(11,NULL,NULL,7,11,0.32,1244,1),(12,NULL,NULL,7,12,0.382,0,1),(13,NULL,NULL,8,13,0.595,0,1),(14,NULL,NULL,8,14,0.337,1288,1),(15,NULL,NULL,8,15,0.401,0,1);

--
-- Table structure for table `llx_expensereport_rules`
--

CREATE TABLE `llx_expensereport_rules` (
  `rowid` int(11) NOT NULL AUTO_INCREMENT,
  `datec` datetime DEFAULT NULL,
  `tms` timestamp NULL DEFAULT NULL,
  `dates` datetime NOT NULL,
  `datee` datetime NOT NULL,
  `amount` double(24,8) NOT NULL,
  `restrictive` tinyint(4) NOT NULL,
  `fk_user` int(11) DEFAULT NULL,
  `fk_usergroup` int(11) DEFAULT NULL,
  `fk_c_type_fees` int(11) NOT NULL,
  `code_expense_rules_type` varchar(50) NOT NULL,
  `is_for_all` tinyint(4) DEFAULT '0',
  `entity` int(11) DEFAULT '1',
  PRIMARY KEY (`rowid`)
) ENGINE=InnoDB DEFAULT CHARSET=latin1;

--
-- Dumping data for table `llx_expensereport_rules`
--


--
-- Table structure for table `llx_expensereportdet_user`
--

CREATE TABLE `llx_expensereportdet_user` (
  `rowid` int(11) NOT NULL AUTO_INCREMENT,
  `fk_user` int(11) DEFAULT NULL,
  `fk_expensereportdet` int(11) DEFAULT NULL,
  PRIMARY KEY (`rowid`)
) ENGINE=InnoDB DEFAULT CHARSET=latin1;

--
-- Dumping data for table `llx_expensereportdet_user`
--


--
-- Table structure for table `llx_export_compta`
--

CREATE TABLE `llx_export_compta` (
  `rowid` int(11) NOT NULL AUTO_INCREMENT,
  `ref` varchar(12) NOT NULL,
  `date_export` datetime NOT NULL,
  `fk_user` int(11) NOT NULL,
  `note` text,
  PRIMARY KEY (`rowid`)
) ENGINE=InnoDB DEFAULT CHARSET=latin1;

--
-- Dumping data for table `llx_export_compta`
--


--
-- Table structure for table `llx_export_model`
--

CREATE TABLE `llx_export_model` (
  `rowid` int(11) NOT NULL AUTO_INCREMENT,
  `fk_user` int(11) NOT NULL DEFAULT '0',
  `label` varchar(50) NOT NULL,
  `type` varchar(64) DEFAULT NULL,
  `field` text NOT NULL,
  `filter` text,
  `entity` int(11) NOT NULL DEFAULT '0',
  PRIMARY KEY (`rowid`),
  UNIQUE KEY `uk_export_model` (`label`,`type`)
) ENGINE=InnoDB AUTO_INCREMENT=2 DEFAULT CHARSET=latin1;

--
-- Dumping data for table `llx_export_model`
--

INSERT INTO `llx_export_model` (`rowid`, `fk_user`, `label`, `type`, `field`, `filter`, `entity`) VALUES (1,0,'Test','stock_emplacement_product','e.rowid,e.ref,p.fk_product_type,p.price,ps.reel,p.rowid','',0);

--
-- Table structure for table `llx_extrafields`
--

CREATE TABLE `llx_extrafields` (
  `rowid` int(11) NOT NULL AUTO_INCREMENT,
  `name` varchar(64) NOT NULL,
  `entity` int(11) NOT NULL DEFAULT '1',
  `elementtype` varchar(64) NOT NULL DEFAULT 'member',
  `label` varchar(255) NOT NULL,
  `type` varchar(8) DEFAULT NULL,
  `size` varchar(8) DEFAULT NULL,
  `fieldcomputed` text,
  `fielddefault` varchar(255) DEFAULT NULL,
  `fieldunique` int(11) DEFAULT '0',
  `fieldrequired` int(11) DEFAULT '0',
  `perms` varchar(255) DEFAULT NULL,
  `enabled` varchar(255) DEFAULT NULL,
  `pos` int(11) DEFAULT '0',
  `alwayseditable` int(11) DEFAULT '0',
  `param` text,
  `list` varchar(255) DEFAULT '1',
  `totalizable` tinyint(1) DEFAULT '0',
  `langs` varchar(64) DEFAULT NULL,
  `help` text,
  `fk_user_author` int(11) DEFAULT NULL,
  `fk_user_modif` int(11) DEFAULT NULL,
  `datec` datetime DEFAULT NULL,
  `tms` timestamp NULL DEFAULT NULL,
  `printable` int(11) DEFAULT '0',
  `css` varchar(128) DEFAULT NULL,
  `cssview` varchar(128) DEFAULT NULL,
  `csslist` varchar(128) DEFAULT NULL,
  PRIMARY KEY (`rowid`),
  UNIQUE KEY `uk_extrafields_name` (`name`,`entity`,`elementtype`)
) ENGINE=InnoDB AUTO_INCREMENT=39 DEFAULT CHARSET=latin1;

--
-- Dumping data for table `llx_extrafields`
--

INSERT INTO `llx_extrafields` (`rowid`, `name`, `entity`, `elementtype`, `label`, `type`, `size`, `fieldcomputed`, `fielddefault`, `fieldunique`, `fieldrequired`, `perms`, `enabled`, `pos`, `alwayseditable`, `param`, `list`, `totalizable`, `langs`, `help`, `fk_user_author`, `fk_user_modif`, `datec`, `tms`, `printable`, `css`, `cssview`, `csslist`) VALUES (4,'show_total_ht',1,'propaldet','Afficher le Total HT sur le sous-total','int','10',NULL,NULL,0,0,NULL,'1',0,0,'a:1:{s:7:\"options\";a:1:{s:0:\"\";N;}}','0',0,NULL,'1',3,3,'2020-11-29 12:05:56',NULL,0,NULL,NULL,NULL),(5,'show_reduc',1,'propaldet','Afficher la réduction sur le sous-total','int','10',NULL,NULL,0,0,NULL,'1',0,0,'a:1:{s:7:\"options\";a:1:{s:0:\"\";N;}}','0',0,NULL,'1',3,3,'2020-11-29 12:05:56',NULL,0,NULL,NULL,NULL),(6,'show_total_ht',1,'commandedet','Afficher le Total HT sur le sous-total','int','10',NULL,NULL,0,0,NULL,'1',0,0,'a:1:{s:7:\"options\";a:1:{s:0:\"\";N;}}','0',0,NULL,'1',3,3,'2020-11-29 12:05:56',NULL,0,NULL,NULL,NULL),(7,'show_reduc',1,'commandedet','Afficher la réduction sur le sous-total','int','10',NULL,NULL,0,0,NULL,'1',0,0,'a:1:{s:7:\"options\";a:1:{s:0:\"\";N;}}','0',0,NULL,'1',3,3,'2020-11-29 12:05:56',NULL,0,NULL,NULL,NULL),(8,'show_total_ht',1,'facturedet','Afficher le Total HT sur le sous-total','int','10',NULL,NULL,0,0,NULL,'1',0,0,'a:1:{s:7:\"options\";a:1:{s:0:\"\";N;}}','0',0,NULL,'1',3,3,'2020-11-29 12:05:56',NULL,0,NULL,NULL,NULL),(9,'show_reduc',1,'facturedet','Afficher la réduction sur le sous-total','int','10',NULL,NULL,0,0,NULL,'1',0,0,'a:1:{s:7:\"options\";a:1:{s:0:\"\";N;}}','0',0,NULL,'1',3,3,'2020-11-29 12:05:56',NULL,0,NULL,NULL,NULL),(10,'show_total_ht',1,'supplier_proposaldet','Afficher le Total HT sur le sous-total','int','10',NULL,NULL,0,0,NULL,'1',0,0,'a:1:{s:7:\"options\";a:1:{s:0:\"\";N;}}','0',0,NULL,'1',3,3,'2020-11-29 12:05:56',NULL,0,NULL,NULL,NULL),(11,'show_reduc',1,'supplier_proposaldet','Afficher la réduction sur le sous-total','int','10',NULL,NULL,0,0,NULL,'1',0,0,'a:1:{s:7:\"options\";a:1:{s:0:\"\";N;}}','0',0,NULL,'1',3,3,'2020-11-29 12:05:56',NULL,0,NULL,NULL,NULL),(12,'show_total_ht',1,'commande_fournisseurdet','Afficher le Total HT sur le sous-total','int','10',NULL,NULL,0,0,NULL,'1',0,0,'a:1:{s:7:\"options\";a:1:{s:0:\"\";N;}}','0',0,NULL,'1',3,3,'2020-11-29 12:05:56',NULL,0,NULL,NULL,NULL),(13,'show_reduc',1,'commande_fournisseurdet','Afficher la réduction sur le sous-total','int','10',NULL,NULL,0,0,NULL,'1',0,0,'a:1:{s:7:\"options\";a:1:{s:0:\"\";N;}}','0',0,NULL,'1',3,3,'2020-11-29 12:05:56',NULL,0,NULL,NULL,NULL),(14,'show_total_ht',1,'facture_fourn_det','Afficher le Total HT sur le sous-total','int','10',NULL,NULL,0,0,NULL,'1',0,0,'a:1:{s:7:\"options\";a:1:{s:0:\"\";N;}}','0',0,NULL,'1',3,3,'2020-11-29 12:05:56',NULL,0,NULL,NULL,NULL),(15,'show_reduc',1,'facture_fourn_det','Afficher la réduction sur le sous-total','int','10',NULL,NULL,0,0,NULL,'1',0,0,'a:1:{s:7:\"options\";a:1:{s:0:\"\";N;}}','0',0,NULL,'1',3,3,'2020-11-29 12:05:56',NULL,0,NULL,NULL,NULL),(16,'fk_service',0,'user','DefaultService','sellist','',NULL,NULL,0,0,'1','$conf->timesheet->enabled',1,1,'a:1:{s:7:\"options\";a:1:{s:59:\"product:ref|label:rowid::tosell=\'1\' AND fk_product_type=\'1\'\";s:1:\"N\";}}','3',0,'timesheet@ptimesheet',NULL,3,3,'2022-02-08 00:09:48',NULL,0,NULL,NULL,NULL),(17,'fk_service',0,'projet_task','DefaultService','sellist','',NULL,NULL,0,0,'1','$conf->timesheet->enabled',1,1,'a:1:{s:7:\"options\";a:1:{s:59:\"product:ref|label:rowid::tosell=\'1\' AND fk_product_type=\'1\'\";s:1:\"N\";}}','3',0,'timesheet@ptimesheet',NULL,3,3,'2022-02-08 00:09:48',NULL,0,NULL,NULL,NULL),(18,'invoiceable',0,'projet_task','Invoiceable','boolean','',NULL,NULL,0,0,'1','$conf->timesheet->enabled',1,1,'','1',0,'timesheet@timesheet',NULL,3,3,'2022-02-08 00:09:48',NULL,0,NULL,NULL,NULL),(19,'color',1,'projet','Couleur du projet','varchar','8',NULL,NULL,0,0,NULL,'1',1,0,'','-1',0,NULL,NULL,3,3,'2022-02-10 19:39:07',NULL,0,NULL,NULL,NULL),(20,'grid_use',1,'projet_task','Afficher sur la grille de planning','boolean','',NULL,NULL,0,0,NULL,'1',0,0,'','-1',0,NULL,NULL,3,3,'2022-02-10 19:39:07',NULL,0,NULL,NULL,NULL),(21,'needed_ressource',1,'projet_task','nb ressources nécessaires','int','',NULL,NULL,0,0,NULL,'1',0,0,'','-1',0,NULL,NULL,3,3,'2022-02-10 19:39:07',NULL,0,NULL,NULL,NULL),(22,'fk_workstation',1,'projet_task','Poste de charge','sellist','',NULL,NULL,0,0,NULL,'1',0,0,'a:1:{s:7:\"options\";a:1:{s:22:\"workstation:name:rowid\";N;}}','-1',0,NULL,NULL,3,3,'2022-02-10 19:39:07',NULL,0,NULL,NULL,NULL),(23,'fk_product',1,'projet_task','Produit à fabriquer','sellist','',NULL,NULL,0,0,NULL,'1',0,0,'a:1:{s:7:\"options\";a:1:{s:19:\"product:label:rowid\";N;}}','-1',0,NULL,NULL,3,3,'2022-02-10 19:39:07',NULL,0,NULL,NULL,NULL),(24,'fk_workstation',1,'actioncomm','Poste de charge immobilisé','sellist','',NULL,NULL,0,0,NULL,'1',0,0,'a:1:{s:7:\"options\";a:1:{s:22:\"workstation:name:rowid\";N;}}','-1',0,NULL,NULL,3,3,'2022-02-10 19:39:07',NULL,0,NULL,NULL,NULL),(25,'needed_ressource',1,'actioncomm','nb ressources immobilisées','int','',NULL,NULL,0,0,NULL,'1',0,0,'','-1',0,NULL,NULL,3,3,'2022-02-10 19:39:07',NULL,0,NULL,NULL,NULL),(26,'fk_gantt_parent_task',1,'projet_task','GanttParentTask','varchar','10',NULL,NULL,0,0,NULL,'1',1,0,'a:1:{s:7:\"options\";a:1:{s:0:\"\";N;}}','-1',0,NULL,NULL,3,3,'2022-02-10 22:54:50',NULL,0,NULL,NULL,NULL),(27,'color',1,'projet_task','Color','varchar','9',NULL,NULL,0,0,NULL,'1',1,0,'a:1:{s:7:\"options\";a:1:{s:0:\"\";N;}}','-1',0,NULL,NULL,3,3,'2022-02-10 22:54:50',NULL,0,NULL,NULL,NULL),(30,'date_start_prod',1,'projet','DateStartProd','date','0',NULL,NULL,0,0,NULL,'1',1,0,'','-1',0,NULL,NULL,3,3,'2022-02-10 22:54:50',NULL,0,NULL,NULL,NULL),(31,'isecheancier',0,'facture','Echéancier','boolean','1',NULL,NULL,0,0,NULL,'1',0,1,'','1',0,NULL,NULL,3,3,'2022-04-10 02:28:13',NULL,0,NULL,NULL,NULL),(32,'use_frais_de_port',1,'propal','Automatisation des frais de port','select','',NULL,NULL,0,0,NULL,'1',0,0,'a:1:{s:7:\"options\";a:2:{s:3:\"Oui\";s:3:\"Oui\";s:3:\"Non\";s:3:\"Non\";}}','-1',0,NULL,NULL,3,3,'2022-04-10 02:32:02',NULL,0,NULL,NULL,NULL),(33,'use_frais_de_port',1,'commande','Automatisation des frais de port','select','',NULL,NULL,0,0,NULL,'1',0,0,'a:1:{s:7:\"options\";a:2:{s:3:\"Oui\";s:3:\"Oui\";s:3:\"Non\";s:3:\"Non\";}}','-1',0,NULL,NULL,3,3,'2022-04-10 02:32:02',NULL,0,NULL,NULL,NULL),(34,'pv_force',1,'propaldet','Prix de vente forcé','boolean','',NULL,NULL,0,0,NULL,'1',0,0,'','0',0,NULL,'1',3,3,'2022-04-10 03:06:27',NULL,0,NULL,NULL,NULL),(37,'deposit',1,'propal','Acompte en %','double','24,8',NULL,NULL,0,0,NULL,'1',100,1,'a:1:{s:7:\"options\";a:1:{s:0:\"\";N;}}','1',0,NULL,'Acompte en %',2,2,'2023-11-17 12:48:09',NULL,2,NULL,NULL,NULL),(38,'deposit',1,'commande','Accompte en %','double','24,8',NULL,NULL,0,0,NULL,'1',100,1,'a:1:{s:7:\"options\";a:1:{s:0:\"\";N;}}','1',0,NULL,'Acompte en %',2,2,'2023-11-17 12:57:38',NULL,2,NULL,NULL,NULL);

--
-- Table structure for table `llx_facture`
--

CREATE TABLE `llx_facture` (
  `rowid` int(11) NOT NULL AUTO_INCREMENT,
  `ref` varchar(30) NOT NULL,
  `entity` int(11) NOT NULL DEFAULT '1',
  `ref_ext` varchar(255) DEFAULT NULL,
  `ref_int` varchar(255) DEFAULT NULL,
  `ref_client` varchar(255) DEFAULT NULL,
  `type` smallint(6) NOT NULL DEFAULT '0',
  `increment` varchar(10) DEFAULT NULL,
  `fk_soc` int(11) NOT NULL,
  `datec` datetime DEFAULT NULL,
  `datef` date DEFAULT NULL,
  `date_pointoftax` date DEFAULT NULL,
  `date_valid` datetime DEFAULT NULL,
  `date_closing` datetime DEFAULT NULL,
  `tms` timestamp NULL DEFAULT NULL,
  `paye` smallint(6) NOT NULL DEFAULT '0',
  `amount` double(24,8) NOT NULL DEFAULT '0.00000000',
  `remise_percent` double DEFAULT '0',
  `remise_absolue` double DEFAULT '0',
  `remise` double DEFAULT '0',
  `close_code` varchar(16) DEFAULT NULL,
  `close_note` varchar(128) DEFAULT NULL,
  `total_tva` double(24,8) DEFAULT '0.00000000',
  `localtax1` double(24,8) DEFAULT '0.00000000',
  `localtax2` double(24,8) DEFAULT '0.00000000',
  `revenuestamp` double(24,8) DEFAULT '0.00000000',
  `total_ht` double(24,8) DEFAULT '0.00000000',
  `total_ttc` double(24,8) DEFAULT '0.00000000',
  `fk_statut` smallint(6) NOT NULL DEFAULT '0',
  `fk_user_author` int(11) DEFAULT NULL,
  `fk_user_modif` int(11) DEFAULT NULL,
  `fk_user_valid` int(11) DEFAULT NULL,
  `fk_user_closing` int(11) DEFAULT NULL,
  `module_source` varchar(32) DEFAULT NULL,
  `pos_source` varchar(32) DEFAULT NULL,
  `fk_fac_rec_source` int(11) DEFAULT NULL,
  `fk_facture_source` int(11) DEFAULT NULL,
  `fk_projet` int(11) DEFAULT NULL,
  `fk_account` int(11) DEFAULT NULL,
  `fk_currency` varchar(3) DEFAULT NULL,
  `fk_cond_reglement` int(11) NOT NULL DEFAULT '1',
  `fk_mode_reglement` int(11) DEFAULT NULL,
  `date_lim_reglement` date DEFAULT NULL,
  `note_private` text,
  `note_public` text,
  `model_pdf` varchar(255) DEFAULT NULL,
  `last_main_doc` varchar(255) DEFAULT NULL,
  `fk_incoterms` int(11) DEFAULT NULL,
  `location_incoterms` varchar(255) DEFAULT NULL,
  `fk_transport_mode` int(11) DEFAULT NULL,
  `situation_cycle_ref` smallint(6) DEFAULT NULL,
  `situation_counter` smallint(6) DEFAULT NULL,
  `situation_final` smallint(6) DEFAULT NULL,
  `retained_warranty` double DEFAULT NULL,
  `retained_warranty_date_limit` date DEFAULT NULL,
  `retained_warranty_fk_cond_reglement` int(11) DEFAULT NULL,
  `import_key` varchar(14) DEFAULT NULL,
  `extraparams` varchar(255) DEFAULT NULL,
  `fk_multicurrency` int(11) DEFAULT NULL,
  `multicurrency_code` varchar(3) DEFAULT NULL,
  `multicurrency_tx` double(24,8) DEFAULT '1.00000000',
  `multicurrency_total_ht` double(24,8) DEFAULT '0.00000000',
  `multicurrency_total_tva` double(24,8) DEFAULT '0.00000000',
  `multicurrency_total_ttc` double(24,8) DEFAULT '0.00000000',
  PRIMARY KEY (`rowid`),
  UNIQUE KEY `uk_facture_ref` (`ref`,`entity`),
  KEY `idx_facture_fk_soc` (`fk_soc`),
  KEY `idx_facture_fk_user_author` (`fk_user_author`),
  KEY `idx_facture_fk_user_valid` (`fk_user_valid`),
  KEY `idx_facture_fk_facture_source` (`fk_facture_source`),
  KEY `idx_facture_fk_projet` (`fk_projet`),
  KEY `idx_facture_fk_account` (`fk_account`),
  KEY `idx_facture_fk_currency` (`fk_currency`),
  KEY `idx_facture_fk_statut` (`fk_statut`),
  KEY `idx_facture_datef` (`datef`),
  CONSTRAINT `fk_facture_fk_facture_source` FOREIGN KEY (`fk_facture_source`) REFERENCES `llx_facture` (`rowid`),
  CONSTRAINT `fk_facture_fk_projet` FOREIGN KEY (`fk_projet`) REFERENCES `llx_projet` (`rowid`),
  CONSTRAINT `fk_facture_fk_soc` FOREIGN KEY (`fk_soc`) REFERENCES `llx_societe` (`rowid`),
  CONSTRAINT `fk_facture_fk_user_author` FOREIGN KEY (`fk_user_author`) REFERENCES `llx_user` (`rowid`),
  CONSTRAINT `fk_facture_fk_user_valid` FOREIGN KEY (`fk_user_valid`) REFERENCES `llx_user` (`rowid`)
) ENGINE=InnoDB AUTO_INCREMENT=177 DEFAULT CHARSET=latin1;

--
-- Dumping data for table `llx_facture`
--

INSERT INTO `llx_facture` (`rowid`, `ref`, `entity`, `ref_ext`, `ref_int`, `ref_client`, `type`, `increment`, `fk_soc`, `datec`, `datef`, `date_pointoftax`, `date_valid`, `date_closing`, `tms`, `paye`, `amount`, `remise_percent`, `remise_absolue`, `remise`, `close_code`, `close_note`, `total_tva`, `localtax1`, `localtax2`, `revenuestamp`, `total_ht`, `total_ttc`, `fk_statut`, `fk_user_author`, `fk_user_modif`, `fk_user_valid`, `fk_user_closing`, `module_source`, `pos_source`, `fk_fac_rec_source`, `fk_facture_source`, `fk_projet`, `fk_account`, `fk_currency`, `fk_cond_reglement`, `fk_mode_reglement`, `date_lim_reglement`, `note_private`, `note_public`, `model_pdf`, `last_main_doc`, `fk_incoterms`, `location_incoterms`, `fk_transport_mode`, `situation_cycle_ref`, `situation_counter`, `situation_final`, `retained_warranty`, `retained_warranty_date_limit`, `retained_warranty_fk_cond_reglement`, `import_key`, `extraparams`, `fk_multicurrency`, `multicurrency_code`, `multicurrency_tx`, `multicurrency_total_ht`, `multicurrency_total_tva`, `multicurrency_total_ttc`) VALUES (1,'FA1907-0001',1,NULL,NULL,NULL,0,NULL,2,'2019-07-01 11:52:34','2019-07-01',NULL,'2019-08-13 00:00:00',NULL,NULL,1,0.00000000,NULL,NULL,0,NULL,NULL,0.00000000,0.00000000,0.00000000,0.00000000,6500.00000000,6500.00000000,2,2,2,2,NULL,NULL,NULL,NULL,NULL,2,2,NULL,1,2,'2019-07-08',NULL,'General R&D service for June - Part of The BlackTrax - QBranch agreement\r\n\r\nTVA non applicable article 44 –Directive 2006/112/CE','crabe','facture/FA1907-0001/FA1907-0001.pdf',0,'',NULL,NULL,NULL,0,NULL,NULL,NULL,NULL,NULL,1,'EUR',1.00000000,6500.00000000,0.00000000,6500.00000000),(2,'FA1907-0002',1,NULL,NULL,NULL,0,NULL,9,'2019-07-19 18:30:28','2019-07-17',NULL,'2019-07-23 00:00:00',NULL,NULL,1,0.00000000,NULL,NULL,0,NULL,NULL,900.00000000,0.00000000,0.00000000,0.00000000,4500.00000000,5400.00000000,2,2,1,2,NULL,NULL,NULL,NULL,NULL,4,1,NULL,13,2,'2019-09-30',NULL,'<b>Commande N° BC005097</b>\r\n<br><br>\r\nRefacturation des frais liés à la vente BlackTrax :\r\n<br>\r\n- Support sur site :\r\nTechnicien BlackTrax pour installation, configuration, calibration et formation\r\n<br>\r\n- Déplacement sur site : (A la charge du client)\r\nFrais de transport, repas/hébergement, transport sur place, frais journaliers.','crabe','facture/FA1907-0002/FA1907-0002.pdf',0,'',NULL,NULL,NULL,0,NULL,NULL,NULL,NULL,NULL,1,'EUR',1.00000000,4500.00000000,900.00000000,5400.00000000),(4,'FA1908-0003',1,NULL,NULL,NULL,0,NULL,2,'2019-08-06 15:39:27','2019-08-01',NULL,'2019-08-13 00:00:00',NULL,NULL,1,0.00000000,NULL,NULL,0,NULL,NULL,0.00000000,0.00000000,0.00000000,0.00000000,6500.00000000,6500.00000000,2,2,2,2,NULL,NULL,NULL,NULL,NULL,2,2,NULL,1,2,'2019-08-02',NULL,'General R&D service for July - Part of The BlackTrax - QBranch agreement\r\n\r\nTVA non applicable article 44 –Directive 2006/112/CE','crabe','facture/FA1908-0003/FA1908-0003.pdf',0,'',NULL,NULL,NULL,0,NULL,NULL,NULL,NULL,NULL,1,'EUR',1.00000000,6500.00000000,0.00000000,6500.00000000),(5,'FA1908-0004',1,NULL,NULL,NULL,0,NULL,2,'2019-08-06 16:23:32','2019-08-02',NULL,'2019-08-06 00:00:00',NULL,NULL,1,0.00000000,NULL,NULL,0,NULL,NULL,0.00000000,0.00000000,0.00000000,0.00000000,141.00000000,141.00000000,2,2,2,2,NULL,NULL,NULL,NULL,NULL,6,2,NULL,1,2,'2019-08-03',NULL,'Toronto CAST Visit + Apple Demo July 2019','crabe','facture/FA1908-0004/FA1908-0004.pdf',0,'',NULL,NULL,NULL,0,NULL,NULL,NULL,NULL,NULL,1,'EUR',1.00000000,141.00000000,0.00000000,141.00000000),(6,'FA1908-0005',1,NULL,NULL,NULL,0,NULL,2,'2019-08-06 16:27:28','2019-08-02',NULL,'2019-08-06 00:00:00','2022-10-17 13:49:43',NULL,0,0.00000000,NULL,NULL,0,'badcustomer',NULL,0.00000000,0.00000000,0.00000000,0.00000000,288.58000000,288.58000000,2,2,2,2,3,NULL,NULL,NULL,NULL,6,2,NULL,1,2,'2019-08-03',NULL,'Toronto CAST Visit + Apple Demo July 2019\r\n\r\n(Invoice in Canadian Dollars)','crabe','facture/FA1908-0005/FA1908-0005.pdf',0,'',NULL,NULL,NULL,0,NULL,NULL,NULL,NULL,NULL,1,'CAD',1.50722000,434.96000000,0.00000000,434.96000000),(7,'FA1908-0006',1,NULL,NULL,NULL,0,NULL,2,'2019-09-07 22:20:39','2019-08-29',NULL,'2019-10-06 00:00:00',NULL,NULL,1,0.00000000,NULL,NULL,0,NULL,NULL,0.00000000,0.00000000,0.00000000,0.00000000,1007.04000000,1007.04000000,2,2,2,2,NULL,NULL,NULL,NULL,NULL,2,2,NULL,1,2,'2019-08-30',NULL,'Additional equipment charged back to CAST for R&D purpose on CONVERG Software and Broadcast application\r\n+ Demo project in russia for DreamLaser','crabe','facture/FA1908-0006/FA1908-0006.pdf',0,'',NULL,NULL,NULL,0,NULL,NULL,NULL,NULL,NULL,1,'EUR',1.00000000,1007.04000000,0.00000000,1007.04000000),(8,'FA1909-0007',1,NULL,NULL,NULL,0,NULL,2,'2019-10-02 18:09:42','2019-09-01',NULL,'2019-10-02 00:00:00',NULL,NULL,1,0.00000000,NULL,NULL,0,NULL,NULL,0.00000000,0.00000000,0.00000000,0.00000000,6500.01000000,6500.01000000,2,2,NULL,2,NULL,NULL,NULL,NULL,NULL,2,2,NULL,1,2,'2019-09-02',NULL,'General R&D service for June - Part of The BlackTrax - QBranch agreement\r\n\r\nTVA non applicable article 44 –Directive 2006/112/CE','crabe','facture/FA1909-0007/FA1909-0007.pdf',0,'',NULL,NULL,NULL,0,NULL,NULL,NULL,NULL,NULL,1,'EUR',1.00000000,6500.01000000,0.00000000,6500.01000000),(9,'FA1910-0008',1,NULL,NULL,NULL,0,NULL,2,'2019-10-06 16:28:03','2019-10-01',NULL,'2019-10-06 00:00:00','2022-10-17 13:49:57',NULL,0,0.00000000,NULL,NULL,0,'badcustomer',NULL,0.00000000,0.00000000,0.00000000,0.00000000,6500.01000000,6500.01000000,2,2,NULL,2,3,NULL,NULL,NULL,NULL,2,2,NULL,1,2,'2019-10-07',NULL,'General R&D service for June - Part of The BlackTrax - QBranch agreement\r\n\r\nTVA non applicable article 44 –Directive 2006/112/CE','crabe','facture/FA1910-0008/FA1910-0008.pdf',0,'',NULL,NULL,NULL,0,NULL,NULL,NULL,NULL,NULL,1,'EUR',1.00000000,6500.01000000,0.00000000,6500.01000000),(10,'FA1910-0009',1,NULL,NULL,NULL,0,NULL,2,'2019-10-24 18:52:52','2019-10-24',NULL,'2019-10-24 00:00:00','2022-10-17 13:50:08',NULL,0,0.00000000,NULL,NULL,0,'badcustomer',NULL,0.00000000,0.00000000,0.00000000,0.00000000,1755.35000000,1755.35000000,2,2,NULL,2,3,NULL,NULL,NULL,NULL,14,2,NULL,1,2,'2019-10-25',NULL,'Invoice for the expense report linked to the tradeshow IBC2019 in September 2019\r\nPeriod : 08/09/2019 --- 19/09/2019\r\nPlace : Amsterdam, Netherlands','crabe','facture/FA1910-0009/FA1910-0009.pdf',0,'',NULL,NULL,NULL,0,NULL,NULL,NULL,NULL,NULL,1,'EUR',1.00000000,1755.35000000,0.00000000,1755.35000000),(11,'FA1910-0010',1,NULL,NULL,NULL,0,NULL,9,'2019-10-25 10:16:14','2019-10-25',NULL,'2019-10-31 00:00:00','2020-04-07 12:12:12',NULL,1,0.00000000,NULL,NULL,0,NULL,NULL,515.92000000,0.00000000,0.00000000,0.00000000,2579.57000000,3095.49000000,2,2,NULL,2,2,NULL,NULL,NULL,NULL,9,1,NULL,13,2,'2019-12-31',NULL,'Frais engagés pour l\'installation du système BlackTrax sur les périodes :\r\n- 22 au 25 Aout 2019\r\n- 01 au 03 Septembre 2019\r\n\r\n+Travail de développement sur mesure pour intégration costumes','crabe','facture/FA1910-0010/FA1910-0010.pdf',0,'',NULL,NULL,NULL,0,NULL,NULL,NULL,NULL,NULL,1,'EUR',1.00000000,2579.57000000,515.92000000,3095.49000000),(12,'FA1910-0011',1,NULL,NULL,NULL,0,NULL,9,'2019-10-25 11:27:00','2019-10-25',NULL,'2019-10-26 00:00:00','2020-04-07 12:13:27',NULL,1,0.00000000,NULL,NULL,0,NULL,NULL,254.00000000,0.00000000,0.00000000,0.00000000,1270.00000000,1524.00000000,2,2,NULL,2,2,NULL,NULL,NULL,NULL,9,1,NULL,13,2,'2019-12-31',NULL,'Fourniture de 5 systèmes à 3 Leds pour costuming supplémentaire','crabe','facture/FA1910-0011/FA1910-0011.pdf',0,'',NULL,NULL,NULL,0,NULL,NULL,NULL,NULL,NULL,1,'EUR',1.00000000,1270.00000000,254.00000000,1524.00000000),(13,'FA1912-0012',1,NULL,NULL,NULL,0,NULL,46,'2019-12-19 20:31:21','2019-12-19',NULL,'2019-12-19 00:00:00','2020-03-10 18:19:09',NULL,1,0.00000000,NULL,NULL,0,NULL,NULL,76.00000000,0.00000000,0.00000000,0.00000000,380.00000000,456.00000000,2,2,NULL,2,2,NULL,NULL,NULL,NULL,35,NULL,NULL,1,2,'2019-12-20',NULL,NULL,'crabe','facture/FA1912-0012/FA1912-0012.pdf',0,'',NULL,NULL,NULL,0,NULL,NULL,NULL,NULL,NULL,1,'EUR',1.00000000,380.00000000,76.00000000,456.00000000),(14,'FA1912-0013',1,NULL,NULL,NULL,0,NULL,52,'2019-12-19 23:54:53','2019-12-19',NULL,'2019-12-19 00:00:00','2020-04-07 12:11:20',NULL,1,0.00000000,NULL,NULL,0,NULL,NULL,600.00000000,0.00000000,0.00000000,0.00000000,3000.00000000,3600.00000000,2,2,NULL,2,2,NULL,NULL,NULL,NULL,10,1,NULL,1,0,'2019-12-20',NULL,NULL,'crabe','facture/FA1912-0013/FA1912-0013.pdf',0,'',NULL,NULL,NULL,0,NULL,NULL,NULL,NULL,NULL,1,'EUR',1.00000000,3000.00000000,600.00000000,3600.00000000),(15,'FA1912-0014',1,NULL,NULL,NULL,0,NULL,1,'2019-12-28 12:49:34','2019-12-28',NULL,'2019-12-28 00:00:00','2020-03-10 18:19:51',NULL,1,0.00000000,NULL,NULL,0,NULL,NULL,69.44000000,0.00000000,0.00000000,0.00000000,347.19000000,416.63000000,2,2,NULL,2,2,NULL,NULL,NULL,NULL,26,1,NULL,1,2,'2019-12-29',NULL,NULL,'crabe','facture/FA1912-0014/FA1912-0014.pdf',0,'',NULL,NULL,NULL,0,NULL,NULL,NULL,NULL,NULL,1,'EUR',1.00000000,347.19000000,69.44000000,416.63000000),(16,'FA1911-0015',1,NULL,NULL,NULL,0,NULL,2,'2020-01-07 15:23:10','2019-11-01',NULL,'2020-01-09 00:00:00','2020-03-09 20:42:58',NULL,1,0.00000000,NULL,NULL,0,NULL,NULL,0.00000000,0.00000000,0.00000000,0.00000000,6500.00000000,6500.00000000,2,2,2,2,2,NULL,NULL,NULL,NULL,2,2,NULL,1,2,'2019-11-02',NULL,'General R&D service for October - Part of The BlackTrax - QBranch agreement\r\n\r\nTVA non applicable article 44 –Directive 2006/112/CE','crabe','facture/FA1911-0015/FA1911-0015.pdf',0,'',NULL,NULL,NULL,0,NULL,NULL,NULL,NULL,NULL,1,'EUR',1.00000000,6500.00000000,0.00000000,6500.00000000),(17,'FA1912-0016',1,NULL,NULL,NULL,0,NULL,2,'2020-01-09 17:01:38','2019-12-01',NULL,'2020-01-09 00:00:00','2020-03-09 20:43:00',NULL,1,0.00000000,NULL,NULL,0,NULL,NULL,0.00000000,0.00000000,0.00000000,0.00000000,6500.00000000,6500.00000000,2,2,2,2,2,NULL,NULL,NULL,NULL,2,2,NULL,1,2,'2019-12-02',NULL,'General R&D service for November - Part of The BlackTrax - QBranch agreement\r\n\r\nTVA non applicable article 44 –Directive 2006/112/CE','crabe','facture/FA1912-0016/FA1912-0016.pdf',0,'',NULL,NULL,NULL,0,NULL,NULL,NULL,NULL,NULL,1,'EUR',1.00000000,6500.00000000,0.00000000,6500.00000000),(18,'FA2001-0017',1,NULL,NULL,NULL,0,NULL,2,'2020-01-09 19:07:07','2020-01-01',NULL,'2020-01-09 00:00:00','2022-10-17 13:50:17',NULL,0,0.00000000,NULL,NULL,0,'badcustomer',NULL,0.00000000,0.00000000,0.00000000,0.00000000,6500.01000000,6500.01000000,2,2,2,2,3,NULL,NULL,NULL,NULL,2,2,NULL,1,2,'2020-01-02',NULL,'General R&D service for December - Part of The BlackTrax - QBranch agreement\r\n\r\nTVA non applicable article 44 –Directive 2006/112/CE','crabe','facture/FA2001-0017/FA2001-0017.pdf',0,'',NULL,NULL,NULL,0,NULL,NULL,NULL,NULL,NULL,1,'EUR',1.00000000,6500.01000000,0.00000000,6500.01000000),(19,'FA2001-0018',1,NULL,NULL,NULL,0,NULL,2,'2020-01-24 19:55:25','2020-01-24',NULL,'2020-01-24 00:00:00','2020-03-10 19:20:45',NULL,1,0.00000000,NULL,NULL,0,NULL,NULL,0.00000000,0.00000000,0.00000000,0.00000000,361.93000000,361.93000000,2,2,2,2,2,NULL,NULL,NULL,NULL,21,2,NULL,1,2,'2020-01-25',NULL,'Invoice for the expense report linked to the tradeshow InterBee2019 in November 2019\r\nPeriod : 07/11/2019 --- 16/11/2019\r\nPlace : Tokyo, Japan','crabe','facture/FA2001-0018/FA2001-0018.pdf',0,'',NULL,NULL,NULL,0,NULL,NULL,NULL,NULL,NULL,1,'EUR',1.00000000,361.93000000,0.00000000,361.93000000),(20,'FA2001-0019',1,NULL,NULL,NULL,0,NULL,2,'2020-01-24 20:06:13','2020-01-24',NULL,'2020-01-24 00:00:00','2020-03-10 19:20:45',NULL,1,0.00000000,NULL,NULL,0,NULL,NULL,0.00000000,0.00000000,0.00000000,0.00000000,927.09000000,927.09000000,2,2,2,2,2,NULL,NULL,NULL,NULL,23,2,NULL,1,2,'2020-01-25',NULL,'Invoice for the expense report linked to the tradeshow LDI2019 in November 2019\r\nPeriod : 16/11/2019 --- 25/11/2019\r\nPlace : Las-Vegas, USA','crabe','facture/FA2001-0019/FA2001-0019.pdf',0,'',NULL,NULL,NULL,0,NULL,NULL,NULL,NULL,NULL,1,'EUR',1.00000000,927.09000000,0.00000000,927.09000000),(21,'FA2001-0020',1,NULL,NULL,NULL,0,NULL,2,'2020-01-24 20:12:25','2020-01-24',NULL,'2020-01-24 00:00:00','2022-10-17 13:50:29',NULL,0,0.00000000,NULL,NULL,0,'badcustomer',NULL,0.00000000,0.00000000,0.00000000,0.00000000,268.47000000,268.47000000,2,2,2,2,3,NULL,NULL,NULL,NULL,22,2,NULL,1,2,'2020-01-25',NULL,'Invoice for the expense report linked to the tradeshow JTSE2019 in November 2019\r\nPeriod : 26/11/2019 --- 28/11/2019\r\nPlace : Paris, France','crabe','facture/FA2001-0020/FA2001-0020.pdf',0,'',NULL,NULL,NULL,0,NULL,NULL,NULL,NULL,NULL,1,'EUR',1.00000000,268.47000000,0.00000000,268.47000000),(23,'FA2002-0021',1,NULL,NULL,NULL,0,NULL,2,'2020-02-27 18:39:01','2020-02-01',NULL,'2020-02-27 00:00:00','2022-10-17 13:50:40',NULL,0,0.00000000,NULL,NULL,0,'badcustomer',NULL,0.00000000,0.00000000,0.00000000,0.00000000,6500.00000000,6500.00000000,2,2,2,2,3,NULL,NULL,NULL,NULL,2,2,NULL,1,2,'2020-02-02',NULL,'General R&D service for January - Part of The BlackTrax - QBranch agreement\r\n\r\n+ Multiple trip in UK to WhiteLight HQ\r\n+ R&D and ISE 2020 preparation with Navdeep Hayer in France\r\n\r\nTVA non applicable article 44 –Directive 2006/112/CE','crabe','facture/FA2002-0021/FA2002-0021.pdf',0,'',NULL,NULL,NULL,0,NULL,NULL,NULL,NULL,NULL,1,'EUR',1.00000000,6500.00000000,0.00000000,6500.00000000),(24,'FA2001-0022',1,NULL,NULL,NULL,0,NULL,2,'2020-03-12 11:36:31','2020-01-13',NULL,'2020-03-12 00:00:00','2020-07-02 14:44:41',NULL,1,0.00000000,NULL,NULL,0,NULL,NULL,0.00000000,0.00000000,0.00000000,0.00000000,792.63000000,792.63000000,2,2,2,2,2,NULL,NULL,NULL,NULL,30,2,NULL,1,2,'2020-01-14',NULL,'Invoice for the expense report linked to the tech support in Disguise HQ in London in January 2020\r\nPeriod : 11/01/2020 --- 13/01/2020\r\nPlace : London, United Kingdom','crabe','facture/FA2001-0022/FA2001-0022.pdf',0,'',NULL,NULL,NULL,0,0,NULL,0,NULL,NULL,1,'EUR',1.00000000,792.63000000,0.00000000,792.63000000),(25,'FA2002-0023',1,NULL,NULL,NULL,0,NULL,2,'2020-03-12 11:47:53','2020-02-03',NULL,'2020-03-12 00:00:00','2020-07-02 14:44:43',NULL,1,0.00000000,NULL,NULL,0,NULL,NULL,0.00000000,0.00000000,0.00000000,0.00000000,717.08000000,717.08000000,2,2,2,2,2,NULL,NULL,NULL,NULL,29,2,NULL,1,2,'2020-02-04',NULL,'Invoice for the expense report linked to the R&D session in WhiteLight in London in January 2020, and hosting Navdeep Hayer in France before the ISE in January/February 2020\r\nPeriod : 26/01/2020 --- 03/02/2020\r\nPlace : London, United Kingdom / Louvigné, France','crabe','facture/FA2002-0023/FA2002-0023.pdf',0,'',NULL,NULL,NULL,0,0,NULL,0,NULL,NULL,1,'EUR',1.00000000,717.08000000,0.00000000,717.08000000),(26,'FA2003-0024',1,NULL,NULL,NULL,0,NULL,2,'2020-03-12 11:54:13','2020-03-20',NULL,'2020-03-12 00:00:00','2020-10-12 17:39:11',NULL,1,0.00000000,NULL,NULL,0,NULL,NULL,0.00000000,0.00000000,0.00000000,0.00000000,1991.53000000,1991.53000000,2,2,2,2,3,NULL,NULL,NULL,NULL,28,2,NULL,1,2,'2020-03-21',NULL,'Invoice for the expense report linked to the tradeshow ISE 2020 in February 2020\r\nPeriod : 03/02/2020 --- 20/02/2020\r\nPlace : Amsterdam, Netherland','crabe','facture/FA2003-0024/FA2003-0024.pdf',0,'',NULL,NULL,NULL,0,0,NULL,0,NULL,NULL,1,'EUR',1.00000000,1991.53000000,0.00000000,1991.53000000),(27,'FA2002-0025',1,NULL,NULL,NULL,0,NULL,2,'2020-03-12 12:15:22','2020-03-01',NULL,'2020-04-07 00:00:00','2020-10-12 17:37:38',NULL,1,0.00000000,NULL,NULL,0,NULL,NULL,0.00000000,0.00000000,0.00000000,0.00000000,7300.00000000,7300.00000000,2,2,2,2,3,NULL,NULL,NULL,NULL,2,2,NULL,1,2,'2020-03-02',NULL,'General R&D service for February- Part of The BlackTrax - QBranch agreement\r\n\r\n+ ISE 2020\r\n\r\nTVA non applicable article 44 –Directive 2006/112/CE\r\n\r\nNote : New hourly flat rate negociated during the ISE tradeshow, 5€/hours raise, next ones negociated in July 2020, February 2021 and July 2021','crabe','facture/FA2002-0025/FA2002-0025.pdf',0,'',NULL,NULL,NULL,0,0,NULL,0,NULL,NULL,1,'EUR',1.00000000,7300.00000000,0.00000000,7300.00000000),(28,'FA2004-0026',1,NULL,NULL,NULL,0,NULL,2,'2020-04-14 11:08:47','2020-03-31',NULL,'2020-04-27 00:00:00','2022-10-17 13:50:53',NULL,0,0.00000000,NULL,NULL,0,'badcustomer',NULL,0.00000000,0.00000000,0.00000000,0.00000000,4675.00000000,4675.00000000,2,2,2,2,3,NULL,NULL,NULL,NULL,2,2,NULL,1,2,'2020-04-03',NULL,'General R&D service for March- Part of The BlackTrax - QBranch agreement\r\n\r\nNote : COVID-19 : Due to exceptional health crisis, this invoice is only 75% of the month (120h) as the contract has been set on hold before the end of March.\r\n\r\nTVA non applicable article 44 –Directive 2006/112/CE\r\n\r\nNote : New hourly flat rate negociated during the ISE tradeshow, 5€/hours raise, next ones negociated in July 2020, February 2021 and July 2021','crabe','facture/FA2004-0026/FA2004-0026.pdf',0,'',NULL,NULL,NULL,0,0,NULL,0,NULL,NULL,1,'EUR',1.00000000,4675.00000000,0.00000000,4675.00000000),(29,'FA2004-0027',1,NULL,NULL,NULL,0,NULL,96,'2020-04-27 18:56:01','2020-04-01',NULL,'2020-04-27 00:00:00','2020-10-08 17:51:32',NULL,1,0.00000000,NULL,NULL,0,NULL,NULL,103.67000000,0.00000000,0.00000000,0.00000000,518.33000000,622.00000000,2,2,NULL,2,3,NULL,NULL,NULL,NULL,18,1,NULL,1,2,'2020-04-02',NULL,'Refacturation de l\'achat de machine à café négocié en commun (Vendeur Boulanger)','crabe','facture/FA2004-0027/FA2004-0027.pdf',0,'',NULL,NULL,NULL,0,0,NULL,0,NULL,NULL,1,'EUR',1.00000000,518.33000000,103.67000000,622.00000000),(30,'FA2005-0028',1,NULL,NULL,'1074385211',0,NULL,60,'2020-07-03 19:52:16','2020-05-12',NULL,'2020-07-03 00:00:00','2020-07-03 19:54:01',NULL,1,0.00000000,NULL,NULL,0,NULL,NULL,0.00000000,0.00000000,0.00000000,0.00000000,1500.00000000,1500.00000000,2,2,NULL,2,2,NULL,NULL,NULL,NULL,7,1,NULL,1,2,'2020-05-13',NULL,'Aide COVID','crabe','facture/FA2005-0028/FA2005-0028.pdf',0,'',NULL,NULL,NULL,0,0,NULL,0,NULL,NULL,1,'EUR',1.00000000,1500.00000000,0.00000000,1500.00000000),(31,'FA2006-0029',1,NULL,NULL,'1076827958',0,NULL,60,'2020-07-04 14:18:32','2020-06-05',NULL,'2020-07-04 00:00:00','2020-07-04 14:19:02',NULL,1,0.00000000,NULL,NULL,0,NULL,NULL,0.00000000,0.00000000,0.00000000,0.00000000,1500.00000000,1500.00000000,2,2,NULL,2,2,NULL,NULL,NULL,NULL,7,1,NULL,1,2,'2020-06-06',NULL,'Aide COVID','crabe','facture/FA2006-0029/FA2006-0029.pdf',0,'',NULL,NULL,NULL,0,0,NULL,0,NULL,NULL,1,'EUR',1.00000000,1500.00000000,0.00000000,1500.00000000),(33,'AC2008-0001',1,NULL,NULL,NULL,3,NULL,46,'2020-08-06 21:40:09','2020-09-07',NULL,'2020-10-06 00:00:00',NULL,NULL,0,0.00000000,NULL,NULL,0,'abandon','Erreur',400.00000000,0.00000000,0.00000000,0.00000000,2000.00000000,2400.00000000,3,1,NULL,3,NULL,NULL,NULL,NULL,NULL,35,1,NULL,1,2,'2020-09-08',NULL,NULL,'crabe','facture/AC2008-0001/AC2008-0001.pdf',0,'',NULL,NULL,NULL,0,0,NULL,0,NULL,NULL,1,'EUR',1.00000000,2000.00000000,400.00000000,2400.00000000),(34,'AC2009-0002',1,NULL,NULL,NULL,3,NULL,80,'2020-10-06 16:52:04','2020-09-01',NULL,'2020-10-06 00:00:00','2020-10-06 16:52:42',NULL,1,0.00000000,NULL,NULL,0,NULL,NULL,0.00000000,0.00000000,0.00000000,0.00000000,8400.00000000,8400.00000000,2,3,NULL,3,3,NULL,NULL,NULL,NULL,27,1,NULL,1,2,'2020-09-02',NULL,NULL,'crabe','facture/AC2009-0002/AC2009-0002.pdf',0,'',NULL,NULL,NULL,0,0,'2020-09-02',0,NULL,NULL,1,'EUR',1.00000000,8400.00000000,0.00000000,8400.00000000),(35,'FA2007-0030',1,NULL,NULL,NULL,0,NULL,60,'2020-10-06 16:59:18','2020-07-29',NULL,'2020-10-06 00:00:00','2020-10-06 17:01:11',NULL,1,0.00000000,NULL,NULL,0,NULL,NULL,0.00000000,0.00000000,0.00000000,0.00000000,1500.00000000,1500.00000000,2,3,NULL,3,3,NULL,NULL,NULL,NULL,7,1,NULL,1,2,'2020-07-30',NULL,NULL,'crabe','facture/FA2007-0030/FA2007-0030.pdf',0,'',NULL,NULL,NULL,0,0,'2020-07-30',0,NULL,NULL,1,'EUR',1.00000000,1500.00000000,0.00000000,1500.00000000),(36,'FA2009-0031',1,NULL,NULL,NULL,0,NULL,2,'2020-10-30 14:46:17','2020-09-30',NULL,'2020-11-17 00:00:00','2022-10-17 13:51:05',NULL,0,0.00000000,NULL,NULL,0,'badcustomer',NULL,0.00000000,0.00000000,0.00000000,0.00000000,1750.00000000,1750.00000000,2,3,NULL,3,3,NULL,NULL,NULL,NULL,2,2,NULL,0,0,'2020-11-10',NULL,NULL,'crabe','facture/FA2009-0031/FA2009-0031.pdf',0,'',NULL,NULL,NULL,0,0,NULL,0,NULL,NULL,0,'EUR',1.00000000,1750.00000000,0.00000000,1750.00000000),(37,'FA2011-0033',1,NULL,NULL,NULL,0,NULL,2,'2020-11-17 11:08:29','2020-11-30',NULL,'2020-11-30 00:00:00','2022-10-17 13:51:16',NULL,0,0.00000000,NULL,NULL,0,'badcustomer',NULL,0.00000000,0.00000000,0.00000000,0.00000000,3890.00000000,3890.00000000,2,3,NULL,3,3,NULL,NULL,NULL,NULL,2,2,NULL,9,2,'2020-12-10',NULL,NULL,'crabe','facture/FA2011-0033/FA2011-0033.pdf',0,'',NULL,NULL,NULL,0,0,'2020-12-10',0,NULL,NULL,1,'EUR',1.00000000,3890.00000000,0.00000000,3890.00000000),(38,'FA2011-0032',1,NULL,NULL,NULL,0,NULL,121,'2020-11-19 10:49:11','2020-11-19',NULL,'2020-11-19 00:00:00','2020-12-06 13:45:45',NULL,1,0.00000000,NULL,NULL,0,NULL,NULL,60.00000000,0.00000000,0.00000000,0.00000000,300.00000000,360.00000000,2,3,NULL,3,3,NULL,NULL,NULL,NULL,128,1,NULL,1,2,'2020-11-20',NULL,NULL,'crabe','facture/FA2011-0032/FA2011-0032.pdf',0,'',NULL,NULL,NULL,0,0,'2020-11-20',0,NULL,NULL,1,'EUR',1.00000000,300.00000000,60.00000000,360.00000000),(39,'FA2011-0034',1,NULL,NULL,NULL,0,NULL,46,'2020-11-30 09:43:36','2020-11-30',NULL,'2020-11-30 00:00:00','2021-01-18 15:34:26',NULL,1,0.00000000,NULL,NULL,0,NULL,NULL,1216.00000000,0.00000000,0.00000000,0.00000000,6080.00000000,7296.00000000,2,3,NULL,3,3,NULL,NULL,NULL,NULL,35,1,NULL,2,2,'2020-12-30',NULL,'BON de COMMANDE N° CSI202000724/F','crabe','facture/FA2011-0034/FA2011-0034.pdf',0,'',NULL,NULL,NULL,0,0,'2020-12-30',0,NULL,NULL,1,'EUR',1.00000000,6080.00000000,1216.00000000,7296.00000000),(40,'FA2011-0035',1,NULL,NULL,NULL,0,NULL,46,'2020-11-30 10:09:43','2020-11-30',NULL,'2020-11-30 00:00:00','2021-01-06 15:09:58',NULL,1,0.00000000,NULL,NULL,0,NULL,NULL,1080.00000000,0.00000000,0.00000000,0.00000000,5400.00000000,6480.00000000,2,3,NULL,3,3,NULL,NULL,NULL,NULL,36,1,NULL,2,2,'2020-12-30',NULL,'BON de COMMANDE N° CSI202000981/F','crabe','facture/FA2011-0035/FA2011-0035.pdf',0,'',NULL,NULL,NULL,0,0,'2020-12-30',0,NULL,NULL,1,'EUR',1.00000000,5400.00000000,1080.00000000,6480.00000000),(41,'FA2011-0036',1,NULL,NULL,NULL,0,NULL,46,'2020-11-30 10:13:28','2020-11-30',NULL,'2020-11-30 00:00:00','2021-01-06 15:10:00',NULL,1,0.00000000,NULL,NULL,0,NULL,NULL,2160.00000000,0.00000000,0.00000000,0.00000000,10800.00000000,12960.00000000,2,3,NULL,3,3,NULL,NULL,NULL,NULL,36,1,NULL,2,2,'2020-12-30',NULL,'BON de COMMANDE N° CSI202000981/F','crabe','facture/FA2011-0036/FA2011-0036.pdf',0,'',NULL,NULL,NULL,0,0,'2020-12-30',0,NULL,NULL,1,'EUR',1.00000000,10800.00000000,2160.00000000,12960.00000000),(42,'FA2011-0037',1,NULL,NULL,NULL,0,NULL,122,'2020-12-02 17:14:06','2020-11-30',NULL,'2020-12-02 00:00:00','2021-01-11 19:42:57',NULL,1,0.00000000,NULL,NULL,0,NULL,NULL,884.00000000,0.00000000,0.00000000,0.00000000,4420.00000000,5304.00000000,2,3,NULL,NULL,3,NULL,NULL,NULL,NULL,129,1,NULL,1,2,'2021-01-31',NULL,NULL,'crabe','facture/FA2011-0037/FA2011-0037.pdf',0,'',NULL,NULL,NULL,0,0,'2020-12-01',0,NULL,NULL,1,'EUR',1.00000000,4420.00000000,884.00000000,5304.00000000),(43,'FA2011-0038',1,NULL,NULL,NULL,0,NULL,2,'2021-01-04 16:51:57','2020-11-20',NULL,'2021-01-06 00:00:00','2022-01-14 15:16:41',NULL,1,0.00000000,NULL,NULL,0,NULL,NULL,0.00000000,0.00000000,0.00000000,0.00000000,2995.00000000,2995.00000000,2,3,NULL,3,3,NULL,NULL,NULL,NULL,2,NULL,NULL,0,0,'2021-01-30',NULL,NULL,'crabe','facture/FA2011-0038/FA2011-0038.pdf',0,'',NULL,NULL,NULL,0,0,NULL,0,NULL,NULL,0,'EUR',1.00000000,2995.00000000,0.00000000,2995.00000000),(44,'FA2010-0039',1,NULL,NULL,NULL,0,NULL,60,'2021-01-15 10:13:41','2020-10-31',NULL,'2021-01-15 00:00:00','2021-01-15 10:14:20',NULL,1,0.00000000,NULL,NULL,0,NULL,NULL,0.00000000,0.00000000,0.00000000,0.00000000,7263.00000000,7263.00000000,2,3,NULL,3,3,NULL,NULL,NULL,NULL,7,1,NULL,1,2,'2020-11-01',NULL,NULL,'crabe','facture/FA2010-0039/FA2010-0039.pdf',0,'',NULL,NULL,NULL,0,0,'2020-11-01',0,NULL,NULL,1,'EUR',1.00000000,7263.00000000,0.00000000,7263.00000000),(45,'FA2101-0040',1,NULL,NULL,NULL,0,NULL,60,'2021-01-18 17:25:37','2021-01-18',NULL,'2021-01-18 00:00:00','2021-01-18 17:29:17',NULL,1,0.00000000,NULL,NULL,0,NULL,NULL,0.00000000,0.00000000,0.00000000,0.00000000,393.00000000,393.00000000,2,2,NULL,2,2,NULL,NULL,NULL,NULL,7,1,NULL,1,2,'2021-01-19',NULL,NULL,'crabe','facture/FA2101-0040/FA2101-0040.pdf',0,'',NULL,NULL,NULL,0,0,'2021-01-19',0,NULL,NULL,1,'EUR',1.00000000,393.00000000,0.00000000,393.00000000),(46,'FA2012-0042',1,NULL,NULL,NULL,0,NULL,60,'2021-03-02 12:44:18','2020-12-31',NULL,'2021-03-16 00:00:00','2021-03-16 12:09:00',NULL,1,0.00000000,NULL,NULL,0,NULL,NULL,0.00000000,0.00000000,0.00000000,0.00000000,10000.00000000,10000.00000000,2,3,NULL,3,3,NULL,NULL,NULL,NULL,7,1,NULL,1,2,'2021-01-01',NULL,NULL,'crabe','facture/FA2012-0042/FA2012-0042.pdf',0,'',NULL,NULL,NULL,0,0,'2020-11-01',0,NULL,NULL,1,'EUR',1.00000000,10000.00000000,0.00000000,10000.00000000),(47,'FA2103-0041',1,NULL,NULL,NULL,0,NULL,123,'2021-03-15 11:58:19','2021-03-15',NULL,'2021-03-15 00:00:00','2021-04-05 18:24:06',NULL,1,0.00000000,NULL,NULL,0,NULL,NULL,100.00000000,0.00000000,0.00000000,0.00000000,500.00000000,600.00000000,2,3,NULL,3,3,NULL,NULL,NULL,NULL,130,1,NULL,1,2,'2021-03-16',NULL,NULL,'crabe','facture/FA2103-0041/FA2103-0041.pdf',0,'',NULL,NULL,NULL,0,0,'2021-03-16',0,NULL,NULL,1,'EUR',1.00000000,500.00000000,100.00000000,600.00000000),(48,'FA2101-0043',1,NULL,NULL,NULL,0,NULL,60,'2021-04-04 15:52:31','2021-01-31',NULL,'2021-04-04 00:00:00','2021-04-04 15:53:45',NULL,1,0.00000000,NULL,NULL,0,NULL,NULL,0.00000000,0.00000000,0.00000000,0.00000000,7236.00000000,7236.00000000,2,3,NULL,3,3,NULL,NULL,NULL,NULL,7,1,NULL,1,2,'2021-02-01',NULL,NULL,'crabe','facture/FA2101-0043/FA2101-0043.pdf',0,'',NULL,NULL,NULL,0,0,'2020-11-01',0,NULL,NULL,1,'EUR',1.00000000,7236.00000000,0.00000000,7236.00000000),(49,'FA2102-0044',1,NULL,NULL,NULL,0,NULL,60,'2021-04-04 15:53:54','2021-02-28',NULL,'2021-04-04 00:00:00','2021-04-04 15:54:21',NULL,1,0.00000000,NULL,NULL,0,NULL,NULL,0.00000000,0.00000000,0.00000000,0.00000000,7236.00000000,7236.00000000,2,3,NULL,3,3,NULL,NULL,NULL,NULL,7,1,NULL,1,2,'2021-03-01',NULL,NULL,'crabe','facture/FA2102-0044/FA2102-0044.pdf',0,'',NULL,NULL,NULL,0,0,'2020-11-01',0,NULL,NULL,1,'EUR',1.00000000,7236.00000000,0.00000000,7236.00000000),(50,'FA2104-0045',1,NULL,NULL,NULL,0,NULL,164,'2021-05-10 09:22:00','2021-04-08',NULL,'2021-05-11 00:00:00','2021-05-11 16:58:57',NULL,1,0.00000000,NULL,NULL,0,NULL,NULL,0.00000000,0.00000000,0.00000000,0.00000000,25500.00000000,25500.00000000,2,3,NULL,3,3,NULL,NULL,NULL,NULL,43,1,NULL,1,2,'2021-04-09',NULL,NULL,'crabe','facture/FA2104-0045/FA2104-0045.pdf',0,'',NULL,NULL,NULL,0,0,'2021-04-09',0,NULL,NULL,1,'EUR',1.00000000,25500.00000000,0.00000000,25500.00000000),(51,'FA2105-0046',1,NULL,NULL,NULL,0,NULL,60,'2021-05-11 17:28:44','2021-03-31',NULL,'2021-05-11 00:00:00','2021-05-11 17:30:09',NULL,1,0.00000000,NULL,NULL,0,NULL,NULL,0.00000000,0.00000000,0.00000000,0.00000000,6736.00000000,6736.00000000,2,3,NULL,3,3,NULL,NULL,NULL,NULL,7,1,NULL,1,2,'2021-05-12',NULL,NULL,'crabe','facture/FA2105-0046/FA2105-0046.pdf',0,'',NULL,NULL,NULL,0,0,'2020-11-01',0,NULL,NULL,1,'EUR',1.00000000,6736.00000000,0.00000000,6736.00000000),(53,'FA2104-0047',1,NULL,NULL,NULL,0,NULL,60,'2021-06-01 09:28:33','2021-04-30',NULL,'2021-06-01 00:00:00','2021-06-01 09:29:16',NULL,1,0.00000000,NULL,NULL,0,NULL,NULL,0.00000000,0.00000000,0.00000000,0.00000000,7236.00000000,7236.00000000,2,3,NULL,3,3,NULL,NULL,NULL,NULL,7,1,NULL,1,2,'2021-05-01',NULL,NULL,'crabe','facture/FA2104-0047/FA2104-0047.pdf',0,'',NULL,NULL,NULL,0,0,'2020-11-01',0,NULL,NULL,1,'EUR',1.00000000,7236.00000000,0.00000000,7236.00000000),(54,'FA2106-0048',1,NULL,NULL,NULL,0,NULL,46,'2021-06-24 09:59:29','2021-06-24',NULL,'2021-06-24 00:00:00','2022-02-17 15:06:56',NULL,1,0.00000000,NULL,NULL,0,NULL,NULL,6050.00000000,0.00000000,0.00000000,0.00000000,30250.00000000,36300.00000000,2,3,3,3,3,NULL,NULL,NULL,NULL,36,1,NULL,2,2,'2021-07-24',NULL,'Bon de Commande N°CAT202100112/I','crabe','facture/FA2106-0048/FA2106-0048.pdf',0,'',NULL,NULL,NULL,0,0,'2021-07-24',0,NULL,NULL,1,'EUR',1.00000000,30250.00000000,6050.00000000,36300.00000000),(55,'FA2106-0049',1,NULL,NULL,NULL,0,NULL,182,'2021-06-28 09:05:14','2021-06-28',NULL,'2021-06-28 00:00:00','2021-08-02 10:20:49',NULL,1,0.00000000,NULL,NULL,0,NULL,NULL,108.00000000,0.00000000,0.00000000,0.00000000,540.00000000,648.00000000,2,3,3,3,3,NULL,NULL,NULL,NULL,127,1,NULL,2,2,'2021-07-28',NULL,'20-21RENBV217','crabe','facture/FA2106-0049/FA2106-0049.pdf',0,'',NULL,NULL,NULL,0,0,'2021-07-28',0,NULL,NULL,1,'EUR',1.00000000,540.00000000,108.00000000,648.00000000),(56,'FA2106-0050',1,NULL,NULL,NULL,0,NULL,182,'2021-06-28 09:08:36','2021-06-28',NULL,'2021-06-28 00:00:00','2021-08-02 10:21:23',NULL,1,0.00000000,NULL,NULL,0,NULL,NULL,108.00000000,0.00000000,0.00000000,0.00000000,540.00000000,648.00000000,2,3,3,3,3,NULL,NULL,NULL,NULL,127,1,NULL,2,2,'2021-07-28',NULL,'20-21RENBV238','crabe','facture/FA2106-0050/FA2106-0050.pdf',0,'',NULL,NULL,NULL,0,0,'2021-07-28',0,NULL,NULL,1,'EUR',1.00000000,540.00000000,108.00000000,648.00000000),(57,'FA2106-0051',1,NULL,NULL,NULL,0,NULL,181,'2021-06-28 09:10:55','2021-06-28',NULL,'2021-06-28 00:00:00','2021-07-04 22:19:18',NULL,1,0.00000000,NULL,NULL,0,NULL,NULL,320.00000000,0.00000000,0.00000000,0.00000000,1600.00000000,1920.00000000,2,3,NULL,3,3,NULL,NULL,NULL,NULL,131,1,NULL,1,2,'2021-06-29',NULL,NULL,'crabe','facture/FA2106-0051/FA2106-0051.pdf',0,'',NULL,NULL,NULL,0,0,'2021-06-29',0,NULL,NULL,1,'EUR',1.00000000,1600.00000000,320.00000000,1920.00000000),(58,'FA2106-0052',1,NULL,NULL,NULL,0,NULL,151,'2021-06-28 09:12:51','2021-06-28',NULL,'2021-06-28 00:00:00','2021-08-02 10:34:47',NULL,1,0.00000000,NULL,NULL,0,NULL,NULL,180.00000000,0.00000000,0.00000000,0.00000000,900.00000000,1080.00000000,2,3,NULL,3,3,NULL,NULL,NULL,NULL,132,1,NULL,1,2,'2021-06-29',NULL,NULL,'crabe','facture/FA2106-0052/FA2106-0052.pdf',0,'',NULL,NULL,NULL,0,0,'2021-06-29',0,NULL,NULL,1,'EUR',1.00000000,900.00000000,180.00000000,1080.00000000),(59,'FA2106-0053',1,NULL,NULL,NULL,0,NULL,2,'2021-06-28 09:17:44','2021-06-28',NULL,'2021-06-28 00:00:00','2022-10-17 13:51:26',NULL,0,0.00000000,NULL,NULL,0,'badcustomer',NULL,0.00000000,0.00000000,0.00000000,0.00000000,2240.00000000,2240.00000000,2,3,NULL,3,3,NULL,NULL,NULL,NULL,2,NULL,NULL,0,0,'2021-06-28',NULL,NULL,NULL,'facture/FA2106-0053/FA2106-0053.pdf',0,'',NULL,NULL,NULL,0,0,NULL,0,NULL,NULL,0,'EUR',1.00000000,2240.00000000,0.00000000,2240.00000000),(60,'FA2106-0054',1,NULL,NULL,NULL,0,NULL,80,'2021-06-28 09:46:10','2021-06-28',NULL,'2021-06-28 00:00:00','2021-10-11 13:48:20',NULL,1,0.00000000,NULL,NULL,0,NULL,NULL,2800.00000000,0.00000000,0.00000000,0.00000000,5600.00000000,8400.00000000,2,3,NULL,3,3,NULL,NULL,NULL,NULL,27,1,NULL,1,2,'2021-06-29',NULL,NULL,'crabe','facture/FA2106-0054/FA2106-0054.pdf',0,'',NULL,NULL,NULL,0,0,'2021-06-29',0,NULL,NULL,1,'EUR',1.00000000,5600.00000000,2800.00000000,8400.00000000),(61,'FA2106-0055',1,NULL,NULL,NULL,0,NULL,122,'2021-06-28 10:31:37','2021-06-28',NULL,'2021-06-28 00:00:00','2021-07-28 09:39:07',NULL,1,0.00000000,NULL,NULL,0,NULL,NULL,200.00000000,0.00000000,0.00000000,0.00000000,1000.00000000,1200.00000000,2,3,NULL,3,3,NULL,NULL,NULL,NULL,137,1,NULL,2,2,'2021-07-28',NULL,NULL,'crabe','facture/FA2106-0055/FA2106-0055.pdf',0,'',NULL,NULL,NULL,0,0,'2021-07-28',0,NULL,NULL,1,'EUR',1.00000000,1000.00000000,200.00000000,1200.00000000),(62,'FA2107-0056',1,NULL,NULL,NULL,0,NULL,60,'2021-08-04 08:28:42','2021-07-29',NULL,'2021-08-04 00:00:00','2021-08-04 08:29:42',NULL,1,0.00000000,NULL,NULL,0,NULL,NULL,0.00000000,0.00000000,0.00000000,0.00000000,7236.00000000,7236.00000000,2,3,NULL,3,3,NULL,NULL,NULL,NULL,7,1,NULL,1,2,'2021-07-30',NULL,NULL,'crabe','facture/FA2107-0056/FA2107-0056.pdf',0,'',NULL,NULL,NULL,0,0,'2020-11-01',0,NULL,NULL,1,'EUR',1.00000000,7236.00000000,0.00000000,7236.00000000),(63,'FA2110-0057',1,NULL,NULL,NULL,0,NULL,184,'2021-10-04 17:24:35','2021-10-04',NULL,'2021-10-04 17:24:46','2021-11-19 20:51:45',NULL,1,0.00000000,NULL,NULL,0,NULL,NULL,300.00000000,0.00000000,0.00000000,0.00000000,1500.00000000,1800.00000000,2,3,NULL,3,3,NULL,NULL,NULL,NULL,136,1,NULL,1,2,'2021-10-05',NULL,NULL,'crabe','facture/FA2110-0057/FA2110-0057.pdf',0,'',NULL,NULL,NULL,0,0,'2021-10-05',0,NULL,NULL,1,'EUR',1.00000000,1500.00000000,300.00000000,1800.00000000),(64,'FA2110-0058',1,NULL,NULL,NULL,0,NULL,183,'2021-10-04 17:26:01','2021-10-04',NULL,'2021-10-04 17:26:07','2021-11-23 18:00:14',NULL,1,0.00000000,NULL,NULL,0,NULL,NULL,300.00000000,0.00000000,0.00000000,0.00000000,1500.00000000,1800.00000000,2,3,NULL,3,10,NULL,NULL,NULL,NULL,133,1,NULL,1,2,'2021-10-05',NULL,NULL,'crabe','facture/FA2110-0058/FA2110-0058.pdf',0,'',NULL,NULL,NULL,0,0,'2021-10-05',0,NULL,NULL,1,'EUR',1.00000000,1500.00000000,300.00000000,1800.00000000),(65,'FA2110-0059',1,NULL,NULL,NULL,0,NULL,183,'2021-10-04 17:27:34','2021-10-04',NULL,'2021-10-04 17:27:42','2021-11-23 18:00:15',NULL,1,0.00000000,NULL,NULL,0,NULL,NULL,1690.00000000,0.00000000,0.00000000,0.00000000,8450.00000000,10140.00000000,2,3,NULL,3,10,NULL,NULL,NULL,NULL,133,1,NULL,1,2,'2021-10-05',NULL,NULL,'crabe','facture/FA2110-0059/FA2110-0059.pdf',0,'',NULL,NULL,NULL,0,0,'2021-10-05',0,NULL,NULL,1,'EUR',1.00000000,8950.00000000,1790.00000000,10740.00000000),(66,'FA2110-0060',1,NULL,NULL,NULL,0,NULL,250,'2021-10-27 13:46:07','2021-10-27',NULL,'2021-10-27 13:46:16','2021-11-19 20:44:03',NULL,1,0.00000000,NULL,NULL,0,NULL,NULL,276.00000000,0.00000000,0.00000000,0.00000000,1380.00000000,1656.00000000,2,3,3,3,3,NULL,NULL,NULL,NULL,135,1,NULL,1,2,'2021-10-28',NULL,'Bon de commande N° 21-005162','crabe','facture/FA2110-0060/FA2110-0060.pdf',0,'',NULL,NULL,NULL,0,0,'2021-10-28',0,NULL,NULL,1,'EUR',1.00000000,1380.00000000,276.00000000,1656.00000000),(67,'FA2111-0061',1,NULL,NULL,'4000933602 - P303D',0,NULL,225,'2021-11-29 17:05:19','2021-11-29',NULL,'2021-11-29 17:05:28','2022-01-14 13:47:27',NULL,1,0.00000000,NULL,NULL,0,NULL,NULL,2740.00000000,0.00000000,0.00000000,0.00000000,13700.00000000,16440.00000000,2,3,NULL,3,3,NULL,NULL,NULL,NULL,48,1,NULL,2,2,'2021-12-29',NULL,'Numéro fournisseur : 1000077285\r\nFacture sur commande N°4000933602 - P303D\r\nSIRET Siège : 77568501900587\r\nCode service : CAD-C','crabe','facture/FA2111-0061/FA2111-0061.pdf',0,'',NULL,NULL,NULL,0,0,'2021-12-29',0,NULL,NULL,1,'EUR',1.00000000,13700.00000000,2740.00000000,16440.00000000),(68,'FA2112-0062',1,NULL,NULL,NULL,0,NULL,227,'2021-12-06 17:17:59','2021-12-06',NULL,'2021-12-06 17:18:08','2022-01-05 17:55:27',NULL,1,0.00000000,NULL,NULL,0,NULL,NULL,525.00000000,0.00000000,0.00000000,0.00000000,2625.00000000,3150.00000000,2,3,NULL,3,3,NULL,NULL,NULL,NULL,134,1,NULL,1,2,'2021-12-07',NULL,NULL,'crabe','facture/FA2112-0062/FA2112-0062.pdf',0,'',NULL,NULL,NULL,0,0,'2021-12-07',0,NULL,NULL,1,'EUR',1.00000000,2625.00000000,525.00000000,3150.00000000),(69,'FA2112-0063',1,NULL,NULL,NULL,0,NULL,121,'2021-12-10 11:38:38','2021-12-10',NULL,'2021-12-10 11:39:12','2023-01-02 10:01:57',NULL,1,0.00000000,NULL,NULL,0,NULL,NULL,300.00000000,0.00000000,0.00000000,0.00000000,1500.00000000,1800.00000000,2,3,NULL,3,3,NULL,NULL,NULL,NULL,128,1,NULL,1,2,'2021-12-11',NULL,NULL,'crabe','facture/FA2112-0063/FA2112-0063.pdf',0,'',NULL,NULL,NULL,0,0,'2021-12-11',0,NULL,NULL,1,'EUR',1.00000000,1500.00000000,300.00000000,1800.00000000),(72,'FA2112-0064',1,NULL,NULL,NULL,0,NULL,46,'2021-12-16 15:36:15','2021-12-16',NULL,'2021-12-16 15:36:25','2022-01-05 17:55:56',NULL,1,0.00000000,NULL,NULL,0,NULL,NULL,2020.00000000,0.00000000,0.00000000,0.00000000,10100.00000000,12120.00000000,2,3,NULL,3,3,NULL,NULL,NULL,NULL,36,1,NULL,1,2,'2022-01-12',NULL,NULL,'crabe','facture/FA2112-0064/FA2112-0064.pdf',0,'',NULL,NULL,NULL,0,0,'2021-12-17',0,NULL,NULL,1,'EUR',1.00000000,10100.00000000,2020.00000000,12120.00000000),(73,'FA2112-0065',1,NULL,NULL,NULL,0,NULL,249,'2021-12-23 10:58:34','2021-12-23',NULL,'2021-12-23 10:58:57','2022-02-09 16:19:44',NULL,1,0.00000000,NULL,NULL,0,NULL,NULL,1680.00000000,0.00000000,0.00000000,0.00000000,8400.00000000,10080.00000000,2,3,3,3,3,NULL,NULL,NULL,NULL,138,1,NULL,13,2,'2022-02-28',NULL,'Numéro de commande : 4502577412','crabe','facture/FA2112-0065/FA2112-0065.pdf',0,'',NULL,NULL,NULL,0,0,'2022-02-28',0,NULL,NULL,1,'EUR',1.00000000,8400.00000000,1680.00000000,10080.00000000),(74,'FA2112-0066',1,NULL,NULL,NULL,0,NULL,184,'2021-12-23 11:00:51','2021-12-23',NULL,'2021-12-23 11:01:01','2022-01-14 13:53:00',NULL,1,0.00000000,NULL,NULL,0,NULL,NULL,1230.00000000,0.00000000,0.00000000,0.00000000,6150.00000000,7380.00000000,2,3,NULL,3,3,NULL,NULL,NULL,NULL,136,1,NULL,7,2,'2021-12-24',NULL,NULL,'crabe','facture/FA2112-0066/FA2112-0066.pdf',0,'',NULL,NULL,NULL,0,0,'2021-12-24',0,NULL,NULL,1,'EUR',1.00000000,6650.00000000,1330.00000000,7980.00000000),(76,'FA2201-0067',1,NULL,NULL,NULL,0,NULL,122,'2022-01-18 18:16:21','2022-01-18',NULL,'2022-01-18 18:16:31','2022-04-15 23:13:28',NULL,1,0.00000000,NULL,NULL,0,NULL,NULL,800.00000000,0.00000000,0.00000000,0.00000000,4000.00000000,4800.00000000,2,3,NULL,3,2,NULL,NULL,NULL,NULL,129,1,NULL,3,2,'2022-02-28',NULL,NULL,'crabe','facture/FA2201-0067/FA2201-0067.pdf',0,'',NULL,NULL,NULL,0,0,'2022-02-28',0,NULL,NULL,1,'EUR',1.00000000,4000.00000000,800.00000000,4800.00000000),(77,'FA2201-0068',1,NULL,NULL,NULL,0,NULL,122,'2022-01-18 18:17:22','2022-01-18',NULL,'2022-01-18 18:17:28','2022-04-15 23:13:29',NULL,1,0.00000000,NULL,NULL,0,NULL,NULL,800.00000000,0.00000000,0.00000000,0.00000000,4000.00000000,4800.00000000,2,3,NULL,3,2,NULL,NULL,NULL,NULL,129,1,NULL,3,2,'2022-02-28',NULL,NULL,'crabe','facture/FA2201-0068/FA2201-0068.pdf',0,'',NULL,NULL,NULL,0,0,'2022-02-28',0,NULL,NULL,1,'EUR',1.00000000,4000.00000000,800.00000000,4800.00000000),(79,'FA2201-0069',1,NULL,NULL,NULL,0,NULL,295,'2022-01-31 10:08:10','2022-01-31',NULL,'2022-01-31 10:15:20','2022-05-05 09:15:35',NULL,1,0.00000000,NULL,NULL,0,NULL,NULL,399.00000000,0.00000000,0.00000000,0.00000000,1995.00000000,2394.00000000,2,3,3,3,3,NULL,NULL,NULL,NULL,144,1,NULL,1,2,'2022-02-01',NULL,'SIRET : 130005481 13153 (PAYS DE LA LOIRE)\r\nNuméro d\'engagement : 40A132110D80_AFPR_72','crabe','facture/FA2201-0069/FA2201-0069.pdf',0,'',NULL,NULL,NULL,0,0,'2022-02-01',0,NULL,NULL,1,'EUR',1.00000000,1995.00000000,399.00000000,2394.00000000),(80,'FA2202-0070',1,NULL,NULL,NULL,0,NULL,227,'2022-02-01 10:00:16','2022-02-01',NULL,'2022-02-01 10:00:43','2022-03-01 19:26:01',NULL,1,0.00000000,NULL,NULL,0,NULL,NULL,385.00000000,0.00000000,0.00000000,0.00000000,1925.00000000,2310.00000000,2,3,3,3,3,NULL,NULL,NULL,NULL,134,1,NULL,1,2,'2022-02-02',NULL,'A envoyer','crabe','facture/FA2202-0070/FA2202-0070.pdf',0,'',NULL,NULL,NULL,0,0,'2021-12-07',0,NULL,NULL,1,'EUR',1.00000000,1925.00000000,385.00000000,2310.00000000),(81,'FA2202-0071',1,NULL,NULL,NULL,0,NULL,276,'2022-02-09 12:22:20','2022-02-09',NULL,'2022-02-09 12:22:32','2022-02-24 09:13:25',NULL,1,0.00000000,NULL,NULL,0,NULL,NULL,700.00000000,0.00000000,0.00000000,0.00000000,3500.00000000,4200.00000000,2,3,NULL,3,3,NULL,NULL,NULL,NULL,51,1,NULL,7,2,'2022-02-10',NULL,NULL,'crabe','facture/FA2202-0071/FA2202-0071.pdf',0,'',NULL,NULL,NULL,0,0,'2022-02-10',0,NULL,NULL,1,'EUR',1.00000000,3500.00000000,700.00000000,4200.00000000),(82,'FA2203-0072',1,NULL,NULL,NULL,0,NULL,298,'2022-03-01 12:03:43','2022-03-01',NULL,'2022-03-01 12:06:02',NULL,NULL,0,0.00000000,NULL,NULL,0,NULL,NULL,0.00000000,0.00000000,0.00000000,0.00000000,0.00000000,0.00000000,0,2,NULL,2,NULL,NULL,NULL,NULL,NULL,52,1,NULL,1,2,'2022-03-02',NULL,'Refacturation baies de brassage et ballon d\'eau chaude','crabe','facture/FA2203-0072/FA2203-0072.pdf',0,'',NULL,NULL,NULL,0,0,'2022-03-02',0,NULL,NULL,1,'EUR',1.00000000,0.00000000,0.00000000,0.00000000),(83,'FA2203-0073',1,NULL,NULL,NULL,0,NULL,275,'2022-03-09 17:34:19','2022-03-01',NULL,'2022-03-09 17:35:35','2022-07-21 10:01:22',NULL,1,0.00000000,NULL,NULL,0,NULL,NULL,155.98000000,0.00000000,0.00000000,0.00000000,779.87000000,935.85000000,2,2,NULL,2,3,NULL,NULL,NULL,NULL,52,1,NULL,1,2,'2022-03-02',NULL,'Refacturation baies de brassage et ballon d\'eau chaude','crabe','facture/FA2203-0073/FA2203-0073.pdf',0,'',NULL,NULL,NULL,0,0,'2022-03-02',0,NULL,NULL,1,'EUR',1.00000000,779.87000000,155.98000000,935.85000000),(84,'AC2204-0003',1,NULL,NULL,NULL,3,NULL,296,'2022-04-05 09:43:28','2022-04-05',NULL,'2022-04-05 09:44:56','2022-04-19 10:41:58',NULL,1,0.00000000,NULL,NULL,0,NULL,NULL,2701.20000000,0.00000000,0.00000000,0.00000000,13506.00000000,16207.20000000,2,3,NULL,3,3,NULL,NULL,NULL,NULL,68,1,NULL,1,2,'2022-04-06',NULL,NULL,'crabe','facture/AC2204-0003/AC2204-0003.pdf',0,'',NULL,NULL,NULL,0,0,'2022-04-06',0,NULL,NULL,1,'EUR',1.00000000,13506.00000000,2701.20000000,16207.20000000),(86,'FA2204-0074',1,NULL,NULL,NULL,0,NULL,276,'2022-04-22 11:33:56','2022-04-22',NULL,'2022-04-22 11:34:38','2022-05-16 13:25:07',NULL,1,0.00000000,NULL,NULL,0,NULL,NULL,200.00000000,0.00000000,0.00000000,0.00000000,1000.00000000,1200.00000000,2,3,NULL,3,3,NULL,NULL,NULL,NULL,51,1,NULL,7,2,'2022-04-23',NULL,NULL,'crabe','facture/FA2204-0074/FA2204-0074.pdf',0,'',NULL,NULL,NULL,0,0,'2022-04-23',0,NULL,NULL,1,'EUR',1.00000000,1000.00000000,200.00000000,1200.00000000),(90,'AC2205-0004',1,NULL,NULL,'4000959687 - P7SD8',3,NULL,225,'2022-05-02 15:18:38','2022-05-02',NULL,'2022-05-02 15:19:03','2022-07-25 12:28:04',NULL,1,0.00000000,NULL,NULL,0,NULL,NULL,2100.00000000,0.00000000,0.00000000,0.00000000,10500.00000000,12600.00000000,2,3,NULL,3,3,NULL,NULL,NULL,NULL,110,1,NULL,1,2,'2022-05-03',NULL,'Code service SAC-C\r\nn°SIRET : 77568501900587','crabe','facture/AC2205-0004/AC2205-0004.pdf',0,'',NULL,NULL,NULL,0,0,'2022-05-03',0,NULL,NULL,1,'EUR',1.00000000,10500.00000000,2100.00000000,12600.00000000),(92,'AC2205-0005',1,NULL,NULL,NULL,3,NULL,276,'2022-05-04 09:40:05','2022-05-04',NULL,'2022-05-04 09:41:01','2022-05-16 13:25:08',NULL,1,0.00000000,NULL,NULL,0,NULL,NULL,2400.00000000,0.00000000,0.00000000,0.00000000,12000.00000000,14400.00000000,2,3,NULL,3,3,NULL,NULL,NULL,NULL,69,1,NULL,1,2,'2022-05-05',NULL,NULL,'crabe','facture/AC2205-0005/AC2205-0005.pdf',0,'',NULL,NULL,NULL,0,0,'2022-05-05',0,NULL,NULL,1,'EUR',1.00000000,12000.00000000,2400.00000000,14400.00000000),(95,'AV2205-0001',1,NULL,NULL,NULL,2,NULL,295,'2022-05-05 09:14:49','2022-05-05',NULL,'2022-05-05 09:14:56','2022-05-05 09:15:06',NULL,1,0.00000000,NULL,NULL,0,NULL,NULL,-399.00000000,0.00000000,0.00000000,0.00000000,-1995.00000000,-2394.00000000,2,3,NULL,3,3,NULL,NULL,NULL,79,144,1,NULL,0,2,'2022-05-05',NULL,NULL,'crabe','facture/AV2205-0001/AV2205-0001.pdf',0,'',NULL,NULL,NULL,0,0,NULL,0,NULL,NULL,1,'EUR',1.00000000,-1995.00000000,-399.00000000,-2394.00000000),(96,'FA2205-0075',1,NULL,NULL,NULL,0,NULL,295,'2022-05-05 09:15:59','2022-05-05',NULL,'2022-05-05 09:18:26','2022-10-17 13:46:58',NULL,1,0.00000000,NULL,NULL,0,NULL,NULL,332.50000000,0.00000000,0.00000000,0.00000000,1662.50000000,1995.00000000,2,3,3,3,3,NULL,NULL,NULL,NULL,144,1,NULL,1,3,'2022-05-06',NULL,'SIRET : 130005481 13153 (PAYS DE LA LOIRE)\r\nNuméro d\'engagement : 40A132110D80_AFPR_72','crabe','facture/FA2205-0075/FA2205-0075.pdf',0,'',NULL,NULL,NULL,0,0,'2022-05-06',0,NULL,NULL,1,'EUR',1.00000000,1662.50000000,332.50000000,1995.00000000),(99,'FA2206-0076',1,NULL,NULL,NULL,0,NULL,296,'2022-06-02 17:40:06','2022-06-02',NULL,'2022-06-02 18:01:28','2022-07-20 17:00:27',NULL,1,0.00000000,NULL,NULL,0,NULL,NULL,6302.80000000,0.00000000,0.00000000,0.00000000,31514.00000000,37816.80000000,2,3,NULL,3,3,NULL,NULL,NULL,NULL,68,1,NULL,2,2,'2022-07-02',NULL,NULL,'crabe','facture/FA2206-0076/FA2206-0076.pdf',0,'',NULL,NULL,NULL,0,0,'2022-07-02',0,NULL,NULL,1,'EUR',1.00000000,31514.00000000,6302.80000000,37816.80000000),(100,'FA2206-0077',1,NULL,NULL,NULL,0,NULL,296,'2022-06-02 17:45:17','2022-06-02',NULL,'2022-06-02 17:47:58','2022-07-20 17:00:03',NULL,1,0.00000000,NULL,NULL,0,NULL,NULL,816.00000000,0.00000000,0.00000000,0.00000000,4080.00000000,4896.00000000,2,3,NULL,3,3,NULL,NULL,NULL,NULL,68,1,NULL,2,2,'2022-07-02',NULL,NULL,'crabe','facture/FA2206-0077/FA2206-0077.pdf',0,'',NULL,NULL,NULL,0,0,'2022-07-02',0,NULL,NULL,1,'EUR',1.00000000,4080.00000000,816.00000000,4896.00000000),(101,'FA2206-0078',1,NULL,NULL,'4000959687 - P7SD8',0,NULL,225,'2022-06-07 13:59:11','2022-06-07',NULL,'2022-06-07 15:30:21','2022-10-17 13:44:46',NULL,1,0.00000000,NULL,NULL,0,NULL,NULL,7000.00000000,0.00000000,0.00000000,0.00000000,35000.00000000,42000.00000000,2,3,NULL,3,3,NULL,NULL,NULL,NULL,167,1,NULL,7,2,'2022-06-08',NULL,'Code service SAC-C\r\nn°SIRET : 77568501900587','crabe','facture/FA2206-0078/FA2206-0078.pdf',0,'',NULL,NULL,NULL,0,0,'2022-06-08',0,NULL,NULL,1,'EUR',1.00000000,35000.00000000,7000.00000000,42000.00000000),(102,'FA2206-0079',1,NULL,NULL,'4000966705 - P7SD8',0,NULL,225,'2022-06-20 13:35:00','2022-06-20',NULL,'2022-06-20 13:35:10','2022-08-31 14:42:08',NULL,1,0.00000000,NULL,NULL,0,NULL,NULL,240.00000000,0.00000000,0.00000000,0.00000000,1200.00000000,1440.00000000,2,3,3,3,3,NULL,NULL,NULL,NULL,110,1,NULL,7,2,'2022-06-21',NULL,'SIRET :  77568501900587\r\n\r\nCode Service : SAC-C\r\n\r\nCommande : 4000966705','crabe','facture/FA2206-0079/FA2206-0079.pdf',0,'',NULL,NULL,NULL,0,0,'2022-06-21',0,NULL,NULL,1,'EUR',1.00000000,1200.00000000,240.00000000,1440.00000000),(103,'FA2207-0080',1,NULL,NULL,NULL,0,NULL,276,'2022-07-01 15:13:26','2022-07-01',NULL,'2022-07-01 15:13:57','2022-07-25 12:27:15',NULL,1,0.00000000,NULL,NULL,0,NULL,NULL,2800.00000000,0.00000000,0.00000000,0.00000000,14000.00000000,16800.00000000,2,3,NULL,3,3,NULL,NULL,NULL,NULL,69,1,NULL,7,2,'2022-07-02',NULL,NULL,'crabe','facture/FA2207-0080/FA2207-0080.pdf',0,'',NULL,NULL,NULL,0,0,'2022-07-02',0,NULL,NULL,1,'EUR',1.00000000,14000.00000000,2800.00000000,16800.00000000),(104,'FA2204-0081',1,NULL,NULL,NULL,0,NULL,275,'2022-07-21 17:46:27','2022-04-15',NULL,'2022-07-21 17:47:41','2022-07-21 17:47:59',NULL,1,0.00000000,NULL,NULL,0,NULL,NULL,140.00000000,0.00000000,0.00000000,0.00000000,0.00000000,140.00000000,2,2,NULL,2,2,NULL,NULL,NULL,NULL,5,1,NULL,1,7,'2022-04-16',NULL,'Remboursement de la TVA sur le dépot de garantie (erreur de facturation du fournisseur)','crabe','facture/FA2204-0081/FA2204-0081.pdf',0,'',NULL,NULL,NULL,0,0,'2022-04-16',0,NULL,NULL,1,'EUR',1.00000000,0.00000000,140.00000000,140.00000000),(105,'FA2205-0082',1,NULL,NULL,NULL,0,NULL,147,'2022-07-21 17:50:57','2022-05-12',NULL,'2022-07-21 17:51:25','2022-07-21 17:51:41',NULL,1,0.00000000,NULL,NULL,0,NULL,NULL,0.00000000,0.00000000,0.00000000,0.00000000,68.00000000,68.00000000,2,2,NULL,2,2,NULL,NULL,NULL,NULL,7,1,NULL,1,7,'2022-05-13',NULL,'Remboursement prorata des prestations d\'assurances pour déménagement','crabe','facture/FA2205-0082/FA2205-0082.pdf',0,'',NULL,NULL,NULL,0,0,'2022-05-13',0,NULL,NULL,1,'EUR',1.00000000,68.00000000,0.00000000,68.00000000),(106,'FA2207-0083',1,NULL,NULL,'4000959687 - P7SD8',0,NULL,225,'2022-07-25 12:24:48','2022-07-25',NULL,'2022-07-25 12:33:09','2022-08-31 14:40:34',NULL,1,0.00000000,NULL,NULL,0,NULL,NULL,4900.00000000,0.00000000,0.00000000,0.00000000,24500.00000000,29400.00000000,2,3,3,3,3,NULL,NULL,NULL,NULL,110,1,NULL,7,2,'2022-07-26',NULL,'Code service SAC-C\r\nn°SIRET : 77568501900587\r\nN°engagement : 4000959687','crabe','facture/FA2207-0083/FA2207-0083.pdf',0,'',NULL,NULL,NULL,0,0,'2022-06-08',0,NULL,NULL,1,'EUR',1.00000000,24500.00000000,4900.00000000,29400.00000000),(107,'FA2208-0084',1,NULL,NULL,NULL,0,NULL,316,'2022-08-01 09:19:42','2022-08-01',NULL,'2022-08-01 09:20:33','2022-09-19 09:50:37',NULL,1,0.00000000,NULL,NULL,0,NULL,NULL,1440.00000000,0.00000000,0.00000000,0.00000000,7200.00000000,8640.00000000,2,3,3,3,3,NULL,NULL,NULL,NULL,112,1,NULL,7,2,'2022-08-02',NULL,'Campus: ENSAM LAVAL - Laboratoire: LAMPA - Dossier: 29-00178 - Bon de Commande: 22-AN-011521 ','crabe','facture/FA2208-0084/FA2208-0084.pdf',0,'',NULL,NULL,NULL,0,0,'2022-08-02',0,NULL,NULL,1,'EUR',1.00000000,7200.00000000,1440.00000000,8640.00000000),(108,'FA2208-0085',1,NULL,NULL,'CAT202200175/I',0,NULL,46,'2022-08-17 06:38:16','2022-08-17',NULL,'2022-08-17 06:41:36','2022-09-15 07:15:21',NULL,1,0.00000000,NULL,NULL,0,NULL,NULL,1600.00000000,0.00000000,0.00000000,0.00000000,8000.00000000,9600.00000000,2,3,NULL,3,3,NULL,NULL,NULL,NULL,113,1,NULL,2,2,'2022-09-16',NULL,'Bon de Commande N°CAT202200175/I','crabe','facture/FA2208-0085/FA2208-0085.pdf',0,'',NULL,NULL,NULL,0,0,'2022-09-16',0,NULL,NULL,1,'EUR',1.00000000,8000.00000000,1600.00000000,9600.00000000),(109,'FA2208-0086',1,NULL,NULL,NULL,0,NULL,295,'2022-08-22 08:25:49','2022-08-22',NULL,'2022-08-22 08:26:51','2022-11-14 13:19:11',NULL,1,0.00000000,NULL,NULL,0,NULL,NULL,0.00000000,0.00000000,0.00000000,0.00000000,1995.00000000,1995.00000000,2,3,3,3,3,NULL,NULL,NULL,NULL,144,1,NULL,1,3,'2022-08-23',NULL,'399h de formation mme Leboulanger Alexandra\r\nIdentifiant : 78587288\r\nN de dossier : 40A132110D80','crabe','facture/FA2208-0086/FA2208-0086.pdf',0,'',NULL,NULL,NULL,0,0,'2022-08-23',0,NULL,NULL,1,'EUR',1.00000000,1995.00000000,0.00000000,1995.00000000),(110,'FA2208-0087',1,NULL,NULL,NULL,0,NULL,46,'2022-08-31 09:39:47','2022-08-31',NULL,'2022-08-31 09:43:21','2022-11-14 13:19:43',NULL,1,0.00000000,NULL,NULL,0,NULL,NULL,7400.00000000,0.00000000,0.00000000,0.00000000,37000.00000000,44400.00000000,2,3,3,3,3,NULL,NULL,NULL,NULL,113,1,NULL,2,2,'2022-09-30','Facture à envoyer','Basée sur le bon de commande : CAT202200182/I','crabe','facture/FA2208-0087/FA2208-0087.pdf',0,'',NULL,NULL,NULL,0,0,'2022-09-30',0,NULL,NULL,1,'EUR',1.00000000,37000.00000000,7400.00000000,44400.00000000),(112,'FA2209-0088',1,NULL,NULL,NULL,0,NULL,276,'2022-09-01 23:44:08','2022-09-01',NULL,'2022-09-01 23:44:34','2022-09-13 10:59:20',NULL,1,0.00000000,NULL,NULL,0,NULL,NULL,1400.00000000,0.00000000,0.00000000,0.00000000,7000.00000000,8400.00000000,2,3,NULL,3,3,NULL,NULL,NULL,NULL,69,1,NULL,7,2,'2022-09-02',NULL,NULL,'crabe','facture/FA2209-0088/FA2209-0088.pdf',0,'',NULL,NULL,NULL,0,0,'2022-09-02',0,NULL,NULL,1,'EUR',1.00000000,7000.00000000,1400.00000000,8400.00000000),(113,'FA2209-0089',1,NULL,NULL,'4000974817 - P7SD8',0,NULL,225,'2022-09-12 16:30:25','2022-09-12',NULL,'2022-09-12 16:31:40','2022-11-14 13:21:27',NULL,1,0.00000000,NULL,NULL,0,NULL,NULL,5979.00000000,0.00000000,0.00000000,0.00000000,29895.00000000,35874.00000000,2,3,NULL,3,3,NULL,NULL,NULL,NULL,124,1,NULL,2,2,'2022-10-21',NULL,'code service SAC-C\r\nn°SIRET: 77568501900587\r\nCOMMANDE N°4000974817 - P7SD8','crabe','facture/FA2209-0089/FA2209-0089.pdf',0,'',NULL,NULL,NULL,0,0,'2022-10-12',0,NULL,NULL,1,'EUR',1.00000000,29895.00000000,5979.00000000,35874.00000000),(114,'FA2210-0090',1,NULL,NULL,NULL,0,NULL,363,'2022-10-06 14:12:07','2022-10-06',NULL,'2022-10-06 14:12:17','2022-11-14 13:22:03',NULL,1,0.00000000,NULL,NULL,0,NULL,NULL,420.00000000,0.00000000,0.00000000,0.00000000,2100.00000000,2520.00000000,2,3,NULL,3,3,NULL,NULL,NULL,NULL,69,1,NULL,7,2,'2022-10-07',NULL,NULL,'crabe','facture/FA2210-0090/FA2210-0090.pdf',0,'',NULL,NULL,NULL,0,0,'2022-10-07',0,NULL,NULL,1,'EUR',1.00000000,2100.00000000,420.00000000,2520.00000000),(115,'FA2210-0091',1,NULL,NULL,NULL,0,NULL,273,'2022-10-14 07:20:42','2022-10-14',NULL,'2022-10-16 22:02:35','2023-10-24 10:01:29',NULL,0,0.00000000,NULL,NULL,0,'bankcharge',NULL,0.00000000,0.00000000,0.00000000,0.00000000,22350.00000000,22350.00000000,2,3,3,3,2,NULL,NULL,NULL,NULL,117,1,NULL,1,2,'2022-10-15',NULL,'QUOTE REF: Veolia x QBranch \'Testbed Mockup Project\' (ALEXIS PACCOU)\r\nVNS REQ REF: VNS-1002-PRF-0150-A (SARAH BANFIELD)\r\nManufacturer Item Code R214PR05050300\r\nAccount Number 1030600047.605200.22000000\r\n\r\nOrder Number 13003348 HD 01030','crabe','facture/FA2210-0091/FA2210-0091.pdf',0,'',NULL,NULL,NULL,0,0,'2022-10-15',0,NULL,NULL,1,'EUR',1.00000000,22350.00000000,0.00000000,22350.00000000),(116,'FA2210-0092',1,NULL,NULL,NULL,0,NULL,273,'2022-10-14 07:26:25','2022-10-14',NULL,'2022-11-22 09:27:54','2023-10-24 10:02:21',NULL,0,0.00000000,NULL,NULL,0,'bankcharge',NULL,0.00000000,0.00000000,0.00000000,0.00000000,1054.98000000,1054.98000000,2,3,NULL,3,2,NULL,NULL,NULL,NULL,117,1,NULL,1,2,'2022-10-15',NULL,NULL,'crabe','facture/FA2210-0092/FA2210-0092.pdf',0,'',NULL,NULL,NULL,0,0,'2022-10-15',0,NULL,NULL,1,'EUR',1.00000000,1054.98000000,0.00000000,1054.98000000),(117,'AV2210-0002',1,NULL,NULL,'Abandon / 4000959687 - P7SD8',2,NULL,225,'2022-10-17 13:43:38','2022-10-17',NULL,'2022-10-17 13:43:51','2022-10-17 13:44:37',NULL,1,0.00000000,NULL,NULL,0,NULL,NULL,-7000.00000000,0.00000000,0.00000000,0.00000000,-35000.00000000,-42000.00000000,2,3,NULL,3,3,NULL,NULL,NULL,101,167,1,NULL,0,2,'2022-10-17',NULL,NULL,'crabe','facture/AV2210-0002/AV2210-0002.pdf',0,'',NULL,NULL,NULL,0,0,NULL,0,NULL,NULL,1,'EUR',1.00000000,-35000.00000000,-7000.00000000,-42000.00000000),(118,'AV2210-0003',1,NULL,NULL,NULL,2,NULL,295,'2022-10-17 13:46:28','2022-10-17',NULL,'2022-10-17 13:46:36','2022-10-17 13:46:49',NULL,1,0.00000000,NULL,NULL,0,NULL,NULL,-332.50000000,0.00000000,0.00000000,0.00000000,-1662.50000000,-1995.00000000,2,3,NULL,3,3,NULL,NULL,NULL,96,144,1,NULL,0,0,'2022-10-17',NULL,NULL,'crabe','facture/AV2210-0003/AV2210-0003.pdf',0,'',NULL,NULL,NULL,0,0,NULL,0,NULL,NULL,1,'EUR',1.00000000,-1662.50000000,-332.50000000,-1995.00000000),(119,'FA2211-0093',1,NULL,NULL,'0000129720',0,NULL,338,'2022-11-08 09:53:22','2022-11-08',NULL,'2022-11-08 09:54:05','2022-12-20 09:57:03',NULL,1,0.00000000,NULL,NULL,0,NULL,NULL,460.00000000,0.00000000,0.00000000,0.00000000,2300.00000000,2760.00000000,2,3,3,3,3,NULL,NULL,NULL,NULL,139,1,NULL,6,2,'2022-11-09',NULL,'Relance faite le 13/12','crabe','facture/FA2211-0093/FA2211-0093.pdf',0,'',NULL,NULL,NULL,0,0,'2022-11-09',0,NULL,NULL,1,'EUR',1.00000000,2300.00000000,460.00000000,2760.00000000),(122,'FA2211-0094',1,NULL,NULL,NULL,0,NULL,273,'2022-11-25 10:18:21','2022-12-01',NULL,'2022-12-01 15:21:40','2023-10-24 10:04:23',NULL,0,0.00000000,NULL,NULL,0,'bankcharge',NULL,0.00000000,0.00000000,0.00000000,0.00000000,16935.00000000,16935.00000000,2,3,NULL,3,2,NULL,NULL,NULL,NULL,117,1,NULL,2,2,'2022-12-31',NULL,NULL,'crabe','facture/FA2211-0094/FA2211-0094.pdf',0,'',NULL,NULL,NULL,0,0,'2022-11-26',0,NULL,NULL,1,'EUR',1.00000000,16935.00000000,0.00000000,16935.00000000),(123,'FA2212-0095',1,NULL,NULL,'4000979676 - P7SD8',0,NULL,225,'2022-12-15 14:05:20','2022-12-15',NULL,'2022-12-15 14:07:21','2023-01-18 13:21:08',NULL,1,0.00000000,NULL,NULL,0,NULL,NULL,4643.20000000,0.00000000,0.00000000,0.00000000,23216.00000000,27859.20000000,2,3,2,3,3,NULL,NULL,NULL,NULL,124,1,NULL,1,2,'2022-12-16','Les télévisions de la VR-Room','Code service SAC-C\r\nn°SIRET : 77568501900587\r\n\r\nCommande CEA : N°4000979676 - P7SD8','crabe','facture/FA2212-0095/FA2212-0095.pdf',0,'',NULL,NULL,NULL,0,0,'2022-12-16',0,NULL,NULL,1,'EUR',1.00000000,23216.00000000,4643.20000000,27859.20000000),(124,'FA2301-0096',1,NULL,NULL,NULL,0,NULL,336,'2023-01-04 14:22:12','2023-01-10',NULL,'2023-01-10 16:21:19','2023-01-25 09:31:50',NULL,1,0.00000000,NULL,NULL,0,NULL,NULL,450.00000000,0.00000000,0.00000000,0.00000000,2250.00000000,2700.00000000,2,10,2,2,3,NULL,NULL,NULL,NULL,118,1,NULL,9,2,'2023-01-20',NULL,'Refonte de l\'UI du menu de l\'application d\'Alphanov\r\n\r\n(Livrable sous forme d\'un \"Unity package\" au format \".prefab\", non compris, offert)','crabe','facture/FA2301-0096/FA2301-0096.pdf',0,'',NULL,NULL,NULL,0,0,'2023-01-05',0,NULL,NULL,1,'EUR',1.00000000,2250.00000000,450.00000000,2700.00000000),(125,'FA2301-0097',1,NULL,NULL,NULL,0,NULL,391,'2023-01-10 17:08:08','2023-01-27',NULL,'2023-01-27 10:44:17','2023-10-20 10:01:19',NULL,1,0.00000000,NULL,NULL,0,NULL,NULL,301.60000000,0.00000000,0.00000000,0.00000000,1508.00000000,1809.60000000,2,10,NULL,10,2,NULL,NULL,NULL,NULL,140,1,NULL,1,0,'2023-02-15',NULL,NULL,'crabe','facture/FA2301-0097/FA2301-0097.pdf',0,'',NULL,NULL,NULL,0,0,'2023-01-11',0,NULL,NULL,1,'EUR',1.00000000,1508.00000000,301.60000000,1809.60000000),(126,'FA2301-0098',1,NULL,NULL,'Abandon / 4000990028 - P7SD8',0,NULL,225,'2023-02-02 19:16:08','2023-01-15',NULL,'2023-04-04 16:55:21','2023-10-22 15:19:29',NULL,1,0.00000000,NULL,NULL,0,NULL,NULL,2600.00000000,0.00000000,0.00000000,0.00000000,13000.00000000,15600.00000000,2,2,2,2,2,NULL,NULL,NULL,NULL,167,1,NULL,1,2,'2023-01-16',NULL,'Code service SAC-C\r\nn°SIRET : 77568501900587\r\n\r\nFourniture de pattern de tracking dans la VR-Room','crabe','facture/FA2301-0098/FA2301-0098.pdf',0,'',NULL,NULL,NULL,0,0,'2023-01-16',0,NULL,NULL,1,'EUR',1.00000000,13000.00000000,2600.00000000,15600.00000000),(127,'FA2301-0099',1,NULL,NULL,'4000992862 - P7SD8',0,NULL,225,'2023-02-02 19:16:50','2023-01-15',NULL,'2023-02-02 19:29:45','2023-07-14 17:17:20',NULL,1,0.00000000,NULL,NULL,0,NULL,NULL,590.00000000,0.00000000,0.00000000,0.00000000,2950.00000000,3540.00000000,2,2,2,2,2,NULL,NULL,NULL,NULL,142,1,NULL,1,2,'2023-01-16',NULL,'Code service SAC-C\r\nn°SIRET : 77568501900587\r\n\r\nFourniture d\'un background mobile de photogramétrie pour prise de vue dans des vignes','crabe','facture/FA2301-0099/FA2301-0099.pdf',0,'',NULL,NULL,NULL,0,0,'2023-01-16',0,NULL,NULL,1,'EUR',1.00000000,2950.00000000,590.00000000,3540.00000000),(128,'FA2301-0100',1,NULL,NULL,'4000993890 - P7SD8',0,NULL,225,'2023-02-02 19:17:20','2023-01-15',NULL,'2023-02-02 19:17:31','2023-07-14 17:17:48',NULL,1,0.00000000,NULL,NULL,0,NULL,NULL,3500.00000000,0.00000000,0.00000000,0.00000000,17500.00000000,21000.00000000,2,2,2,2,2,NULL,NULL,NULL,NULL,143,1,NULL,3,2,'2023-02-28',NULL,'Code service SAC-C\r\nn°SIRET : 77568501900587\r\n\r\nAmélioration et poursuite du projet de \"perche tangible\" pour adaptation haptique','crabe','facture/FA2301-0100/FA2301-0100.pdf',0,'',NULL,NULL,NULL,0,0,'2023-02-28',0,NULL,NULL,1,'EUR',1.00000000,17500.00000000,3500.00000000,21000.00000000),(129,'FA2303-0101',1,NULL,NULL,NULL,0,NULL,340,'2023-03-07 12:45:29','2023-03-07',NULL,'2023-03-07 12:45:55','2023-10-24 10:14:19',NULL,1,0.00000000,NULL,NULL,0,NULL,NULL,320.00000000,0.00000000,0.00000000,0.00000000,1600.00000000,1920.00000000,2,2,NULL,2,2,NULL,NULL,NULL,NULL,114,NULL,NULL,7,2,'2023-03-08',NULL,NULL,'crabe','facture/FA2303-0101/FA2303-0101.pdf',0,'',NULL,NULL,NULL,0,0,'2023-03-08',0,NULL,NULL,1,'EUR',1.00000000,1600.00000000,320.00000000,1920.00000000),(130,'FA2301-0102',1,NULL,NULL,'4000990028 - P7SD8',0,NULL,225,'2023-04-04 16:53:31','2023-01-15',NULL,'2023-04-04 16:53:45','2023-07-14 17:18:16',NULL,1,0.00000000,NULL,NULL,0,NULL,NULL,2600.00000000,0.00000000,0.00000000,0.00000000,13000.00000000,15600.00000000,2,2,NULL,2,2,NULL,NULL,NULL,NULL,124,1,NULL,1,2,'2023-01-16',NULL,'Code service SAC-C\r\nn°SIRET : 77568501900587\r\n\r\nFourniture de pattern de tracking dans la VR-Room','crabe','facture/FA2301-0102/FA2301-0102.pdf',0,'',NULL,NULL,NULL,0,0,'2023-01-16',0,NULL,NULL,1,'EUR',1.00000000,13000.00000000,2600.00000000,15600.00000000),(131,'FA2301-0103',1,NULL,NULL,'183607',0,NULL,8,'2023-04-06 19:27:26','2023-01-19',NULL,'2023-04-06 19:28:50','2023-04-06 19:36:32',NULL,1,0.00000000,NULL,NULL,0,NULL,NULL,0.00000000,0.00000000,0.00000000,0.00000000,1.34000000,1.34000000,2,2,NULL,2,2,NULL,NULL,NULL,NULL,7,2,NULL,1,2,'2023-01-20',NULL,'Intérets Comptes transferwise','crabe','facture/FA2301-0103/FA2301-0103.pdf',0,'',NULL,NULL,NULL,0,0,'2023-01-20',0,NULL,NULL,1,'EUR',1.00000000,1.34000000,0.00000000,1.34000000),(132,'FA2302-0104',1,NULL,NULL,'1213178',0,NULL,8,'2023-04-06 19:29:33','2023-02-03',NULL,'2023-04-06 19:30:21','2023-04-06 19:37:55',NULL,1,0.00000000,NULL,NULL,0,NULL,NULL,0.00000000,0.00000000,0.00000000,0.00000000,2.04000000,2.04000000,2,2,NULL,2,2,NULL,NULL,NULL,NULL,7,2,NULL,1,2,'2023-02-04',NULL,'Intérets Comptes transferwise','crabe','facture/FA2302-0104/FA2302-0104.pdf',0,'',NULL,NULL,NULL,0,0,'2023-01-20',0,NULL,NULL,1,'EUR',1.00000000,2.04000000,0.00000000,2.04000000),(133,'FA2303-0105',1,NULL,NULL,'1563746',0,NULL,8,'2023-04-06 19:31:04','2023-03-02',NULL,'2023-04-06 19:31:52','2023-04-06 19:38:54',NULL,1,0.00000000,NULL,NULL,0,NULL,NULL,0.00000000,0.00000000,0.00000000,0.00000000,2.09000000,2.09000000,2,2,NULL,2,2,NULL,NULL,NULL,NULL,7,2,NULL,1,2,'2023-03-03',NULL,'Intérets Comptes transferwise','crabe','facture/FA2303-0105/FA2303-0105.pdf',0,'',NULL,NULL,NULL,0,0,'2023-01-20',0,NULL,NULL,1,'EUR',1.00000000,2.09000000,0.00000000,2.09000000),(134,'FA2304-0106',1,NULL,NULL,'2495171',0,NULL,8,'2023-04-06 19:32:13','2023-04-03',NULL,'2023-04-06 19:32:51','2023-10-24 09:59:16',NULL,1,0.00000000,NULL,NULL,0,NULL,NULL,0.00000000,0.00000000,0.00000000,0.00000000,3.28000000,3.28000000,2,2,NULL,2,2,NULL,NULL,NULL,NULL,7,2,NULL,1,2,'2023-04-04',NULL,'Intérets Comptes transferwise','crabe','facture/FA2304-0106/FA2304-0106.pdf',0,'',NULL,NULL,NULL,0,0,'2023-01-20',0,NULL,NULL,1,'EUR',1.00000000,3.28000000,0.00000000,3.28000000),(135,'FA2306-0107',1,NULL,NULL,NULL,0,NULL,165,'2023-06-28 15:45:11','2023-06-28',NULL,'2023-06-28 15:56:32','2023-07-27 09:23:54',NULL,1,0.00000000,NULL,NULL,0,NULL,NULL,150.00000000,0.00000000,0.00000000,0.00000000,750.00000000,900.00000000,2,10,10,10,2,NULL,NULL,NULL,NULL,145,1,NULL,1,2,'2023-06-29','facturation retopo UR20','Adaptation 3D temps réel de la CAO du bras robotisé UR20','crabe','facture/FA2306-0107/FA2306-0107.pdf',0,'',NULL,NULL,NULL,0,0,'2023-06-29',0,NULL,NULL,1,'EUR',1.00000000,750.00000000,150.00000000,900.00000000),(136,'FA2306-0108',1,NULL,NULL,'CAT202300135/F',0,NULL,46,'2023-07-06 10:08:16','2023-06-27',NULL,'2023-07-06 10:08:28','2023-10-16 11:28:02',NULL,1,0.00000000,NULL,NULL,0,NULL,NULL,972.00000000,0.00000000,0.00000000,0.00000000,4860.00000000,5832.00000000,2,2,NULL,2,2,NULL,NULL,NULL,NULL,113,1,NULL,1,2,'2023-06-28',NULL,'R&D de compatibilité sur routeur CISCO et upgrade d\'une partie du parc de QBox de l\'Agence France Presse','crabe','facture/FA2306-0108/FA2306-0108.pdf',0,'',NULL,NULL,NULL,0,0,'2023-06-28',0,NULL,NULL,1,'EUR',1.00000000,4860.00000000,972.00000000,5832.00000000),(137,'FA2305-0109',1,NULL,NULL,NULL,0,NULL,172,'2023-07-14 18:12:35','2023-05-31',NULL,'2023-07-14 18:15:31','2023-07-14 18:28:29',NULL,1,0.00000000,NULL,NULL,0,NULL,NULL,1350.00000000,0.00000000,0.00000000,0.00000000,6750.00000000,8100.00000000,2,2,NULL,2,2,NULL,NULL,NULL,NULL,158,1,NULL,7,6,'2023-06-01',NULL,'Facture de la première prestation de Mai','crabe','facture/FA2305-0109/FA2305-0109.pdf',0,'',NULL,NULL,NULL,0,0,'2023-06-01',0,NULL,NULL,1,'EUR',1.00000000,6750.00000000,1350.00000000,8100.00000000),(138,'FA2306-0110',1,NULL,NULL,NULL,0,NULL,172,'2023-07-14 18:15:55','2023-06-22',NULL,'2023-07-14 18:16:39','2023-10-15 11:27:23',NULL,1,0.00000000,NULL,NULL,0,NULL,NULL,450.00000000,0.00000000,0.00000000,0.00000000,2250.00000000,2700.00000000,2,2,2,2,2,NULL,NULL,NULL,NULL,158,1,NULL,7,6,'2023-06-23',NULL,'Facture de la deuxième prestation de Juin','crabe','facture/FA2306-0110/FA2306-0110.pdf',0,'',NULL,NULL,NULL,0,0,'2023-06-01',0,NULL,NULL,1,'EUR',1.00000000,2250.00000000,450.00000000,2700.00000000),(140,'FA2307-0111',1,NULL,NULL,'CAT202300156',0,NULL,46,'2023-07-28 14:04:17','2023-07-15',NULL,'2023-07-31 12:54:50','2023-10-16 23:35:23',NULL,1,0.00000000,NULL,NULL,0,NULL,NULL,2070.00000000,0.00000000,0.00000000,0.00000000,10350.00000000,12420.00000000,2,2,NULL,2,2,NULL,NULL,NULL,NULL,113,1,NULL,1,2,'2023-07-16',NULL,'Fin d\'upgrade d\'une partie du parc de QBox de l\'Agence France Presse pour compatibilité CISCO\r\nR&D additionnelle pour optimisation de l\'extraction d\'énergie et optimisation des tensions de sortie pour appareil photo Nikon Z9\r\nModification Z9 en conséquence sur 36 QBox de l\'Agence France Presse','crabe','facture/FA2307-0111/FA2307-0111.pdf',0,'',NULL,NULL,NULL,0,0,'2023-07-16',0,NULL,NULL,1,'EUR',1.00000000,10350.00000000,2070.00000000,12420.00000000),(141,'FA2308-0112',1,NULL,NULL,'4001016586 - P7SD8',0,NULL,225,'2023-08-11 22:16:33','2023-08-11',NULL,'2023-08-11 22:17:12','2023-10-16 23:34:55',NULL,1,0.00000000,NULL,NULL,0,NULL,NULL,330.00000000,0.00000000,0.00000000,0.00000000,1650.00000000,1980.00000000,2,2,NULL,2,2,NULL,NULL,NULL,NULL,143,1,NULL,7,2,'2023-08-12',NULL,'Code Service SAC-C\r\n\r\nn°SIRET 77568501900587\r\n\r\nAdaptation du système de barrière existant sur le précédent prototype + modification de l\'agencement en \"L\" avec ajout de deux barrières supplémentaires','crabe','facture/FA2308-0112/FA2308-0112.pdf',0,'',NULL,NULL,NULL,0,0,'2023-08-12',0,NULL,NULL,1,'EUR',1.00000000,1650.00000000,330.00000000,1980.00000000),(142,'FA2308-0113',1,NULL,NULL,'4001016584 - P7SD8',0,NULL,225,'2023-08-11 22:18:06','2023-08-11',NULL,'2023-08-11 22:18:13','2023-10-16 23:34:18',NULL,1,0.00000000,NULL,NULL,0,NULL,NULL,574.00000000,0.00000000,0.00000000,0.00000000,2870.00000000,3444.00000000,2,2,NULL,2,2,NULL,NULL,NULL,NULL,160,1,NULL,7,2,'2023-08-12',NULL,'Code Service SAC-C\r\n\r\nn°SIRET 77568501900587\r\n\r\nLivraison de matériel réseau et divers accessoires de câblage électriques','crabe','facture/FA2308-0113/FA2308-0113.pdf',0,'',NULL,NULL,NULL,0,0,'2023-08-12',0,NULL,NULL,1,'EUR',1.00000000,2870.00000000,574.00000000,3444.00000000),(143,'FA2308-0114',1,NULL,NULL,NULL,0,NULL,445,'2023-08-23 08:55:29','2023-08-23',NULL,'2023-08-23 08:55:37','2023-10-24 10:13:01',NULL,1,0.00000000,NULL,NULL,0,NULL,NULL,0.00000000,0.00000000,0.00000000,0.00000000,1000.00000000,1000.00000000,2,10,NULL,10,2,NULL,NULL,NULL,NULL,162,1,NULL,1,2,'2023-08-24',NULL,NULL,'crabe','facture/FA2308-0114/FA2308-0114.pdf',0,'',NULL,NULL,NULL,0,0,'2023-08-24',0,NULL,NULL,1,'EUR',1.00000000,1000.00000000,0.00000000,1000.00000000),(144,'FA2309-0115',1,NULL,NULL,'CAT202300177/F',0,NULL,46,'2023-09-04 12:55:14','2023-09-01',NULL,'2023-09-04 12:56:22','2023-10-24 10:18:46',NULL,1,0.00000000,NULL,NULL,0,NULL,NULL,4100.00000000,0.00000000,0.00000000,0.00000000,20500.00000000,24600.00000000,2,2,NULL,2,2,NULL,NULL,NULL,NULL,113,NULL,NULL,1,2,'2023-09-02',NULL,'Upgrade du parc de QBox de l\'Agence France Presse pour passage de l\'électronique interne et des Firmwares en V1.0\r\nPrise en compte de l\'ensemble des améliorations et besoins additionnels sur la saison d\'exploitation des premières versions (2022/2023)\r\nChangement de carte mère avec système de monitoring et de maintenance préventive intégré\r\nPrise en compte de la possibilité de remplacement rapide des composants à durée de vie limitée\r\nSystème de gestion d\'énergie réglable par opérateur pour adaptabilité aux différentes réalités du terrain et évolutivité dans le temps des boitiers d\'appareil photo\r\n(Autres améliorations non listées, voir note de version)','crabe','facture/FA2309-0115/FA2309-0115.pdf',0,'',NULL,NULL,NULL,0,0,'2023-09-02',0,NULL,NULL,1,'EUR',1.00000000,20500.00000000,4100.00000000,24600.00000000),(145,'FA2306-0116',1,NULL,NULL,'4001010680 - P303D',0,NULL,420,'2023-09-04 13:07:21','2023-06-20',NULL,'2023-09-04 13:07:40','2023-10-22 14:27:58',NULL,1,0.00000000,NULL,NULL,0,NULL,NULL,1600.00000000,0.00000000,0.00000000,0.00000000,8000.00000000,9600.00000000,2,2,2,2,2,NULL,NULL,NULL,NULL,150,1,NULL,3,2,'2023-07-31',NULL,'Code Service CAD-C\r\n\r\nn°SIRET 77568501900587\r\n\r\nConception d’outils fictifs destinés à l’apprentissage de procédure par un robot dans une maquette.','crabe','facture/FA2306-0116/FA2306-0116.pdf',0,'',NULL,NULL,NULL,0,0,'2023-07-31',0,NULL,NULL,1,'EUR',1.00000000,8000.00000000,1600.00000000,9600.00000000),(146,'FA2309-0117',1,NULL,NULL,'CAT202300174/I',0,NULL,46,'2023-09-05 21:07:41','2023-09-04',NULL,'2023-09-05 21:07:48','2023-10-24 10:19:24',NULL,1,0.00000000,NULL,NULL,0,NULL,NULL,9707.00000000,0.00000000,0.00000000,0.00000000,48535.00000000,58242.00000000,2,2,NULL,2,2,NULL,NULL,NULL,NULL,35,1,NULL,1,2,'2023-09-05',NULL,'10 \"MiniCam-Pro\" avec lentilles diverses, systèmes de montage divers dont kits \"Netcam\" et une version étanche','crabe','facture/FA2309-0117/FA2309-0117.pdf',0,'',NULL,NULL,NULL,0,0,'2023-09-05',0,NULL,NULL,1,'EUR',1.00000000,48535.00000000,9707.00000000,58242.00000000),(153,'AV2301-0004',1,NULL,NULL,NULL,2,NULL,225,'2023-10-22 15:18:58','2023-01-15',NULL,'2023-10-22 15:19:10','2023-10-22 15:19:17',NULL,1,0.00000000,NULL,NULL,0,NULL,NULL,-2600.00000000,0.00000000,0.00000000,0.00000000,-13000.00000000,-15600.00000000,2,2,NULL,2,2,NULL,NULL,NULL,126,167,1,NULL,0,2,'2023-01-15',NULL,'Erreur de facturation suite à difficultés sur la plateforme chorus','crabe','facture/AV2301-0004/AV2301-0004.pdf',0,'',NULL,NULL,NULL,0,0,NULL,0,NULL,NULL,1,'EUR',1.00000000,-13000.00000000,-2600.00000000,-15600.00000000),(154,'FA2306-0118',1,NULL,NULL,NULL,0,NULL,391,'2023-10-22 15:26:50','2023-06-01',NULL,'2023-10-22 15:30:49','2023-12-27 01:56:13',NULL,1,0.00000000,NULL,NULL,0,NULL,NULL,374.40000000,0.00000000,0.00000000,0.00000000,1872.00000000,2246.40000000,2,2,NULL,2,10,NULL,NULL,NULL,NULL,140,1,NULL,1,2,'2023-06-02',NULL,'Cours d\'infographie 3D Licence 1 - Année 2022/2023 - Enseignante Cauchon Lauriane\r\nSemestre 2\r\nNote : Trop perçu sur précédente facture (suite à paiement en doublon) intégré sur le total actuel','crabe','facture/FA2306-0118/FA2306-0118.pdf',0,'',NULL,NULL,NULL,0,0,'2023-06-02',0,NULL,NULL,1,'EUR',1.00000000,1872.00000000,374.40000000,2246.40000000),(156,'AV2310-0005',1,NULL,NULL,NULL,2,NULL,8,'2023-10-24 09:58:33','2023-10-24',NULL,'2023-10-24 09:58:40','2023-10-24 09:58:45',NULL,1,0.00000000,NULL,NULL,0,NULL,NULL,0.00000000,0.00000000,0.00000000,0.00000000,-3.28000000,-3.28000000,2,2,NULL,2,2,NULL,NULL,NULL,134,7,1,NULL,0,2,'2023-10-24',NULL,'Annulation de la facture suite à gestion différente du cashback de transferwise (intégré en paiment divers et non en facturation client)','crabe','facture/AV2310-0005/AV2310-0005.pdf',0,'',NULL,NULL,NULL,0,0,NULL,0,NULL,NULL,1,'EUR',1.00000000,-3.28000000,0.00000000,-3.28000000),(157,'FA2310-0119',1,NULL,NULL,'4001024910 - P7SD8',0,NULL,225,'2023-11-07 19:50:15','2023-10-27',NULL,'2023-11-07 19:50:57','2023-12-28 16:57:58',NULL,1,0.00000000,NULL,NULL,0,NULL,NULL,151.00000000,0.00000000,0.00000000,0.00000000,755.00000000,906.00000000,2,2,NULL,2,10,NULL,NULL,NULL,NULL,160,1,NULL,1,2,'2023-10-28',NULL,'Evolution du démonstrateur de perche haptique','crabe','facture/FA2310-0119/FA2310-0119.pdf',0,'',NULL,NULL,NULL,0,0,'2023-10-28',0,NULL,NULL,1,'EUR',1.00000000,755.00000000,151.00000000,906.00000000),(158,'FA2312-0120',1,NULL,NULL,'Radar - Piste-Moto',0,NULL,450,'2023-12-01 19:31:56','2023-12-01',NULL,'2023-12-01 19:32:15','2024-01-03 15:38:19',NULL,1,0.00000000,NULL,NULL,0,NULL,NULL,2000.00000000,0.00000000,0.00000000,0.00000000,10000.00000000,12000.00000000,2,2,NULL,2,2,NULL,NULL,NULL,NULL,116,1,NULL,6,2,'2023-12-02',NULL,'Etude de faisabilité d\'un système de détection de vitesse nomade avec affichage déporté.\r\nAnalyse du besoin à des fins pédagogiques pour plateau de formation à la conduite moto avec développement d\'une preuve de concept.','crabe','facture/FA2312-0120/FA2312-0120.pdf',0,'',NULL,NULL,NULL,0,0,'2023-12-02',0,NULL,NULL,1,'EUR',1.00000000,10000.00000000,2000.00000000,12000.00000000),(163,'AC2312-0006',1,NULL,NULL,NULL,3,NULL,445,'2023-12-05 15:48:24','2023-12-05',NULL,'2023-12-05 16:01:04','2023-12-28 16:56:35',NULL,1,0.00000000,NULL,NULL,0,NULL,NULL,0.00000000,0.00000000,0.00000000,0.00000000,4500.00000000,4500.00000000,2,10,NULL,10,10,NULL,NULL,NULL,NULL,162,1,NULL,1,2,'2023-12-06',NULL,NULL,'crabe','facture/AC2312-0006/AC2312-0006.pdf',0,'',NULL,NULL,NULL,0,0,'2023-12-06',0,NULL,NULL,1,'EUR',1.00000000,4500.00000000,0.00000000,4500.00000000),(164,'FA2312-0121',1,NULL,NULL,NULL,0,NULL,220,'2023-12-05 18:12:10','2023-12-05',NULL,'2023-12-15 15:14:32',NULL,NULL,0,0.00000000,NULL,NULL,0,NULL,NULL,4690.00000000,0.00000000,0.00000000,0.00000000,23450.00000000,28140.00000000,1,2,NULL,2,NULL,NULL,NULL,NULL,NULL,155,1,NULL,1,2,'2023-12-06',NULL,'QBRanch SAS est agréé CII. Ce dispositif permet à nos clients de bénéficier d\'un crédit d\'impôts relatif au coût du projet innovant sous traité à QBranch.','crabe','facture/FA2312-0121/FA2312-0121.pdf',0,'',NULL,NULL,NULL,0,0,'2023-12-06',0,NULL,NULL,1,'EUR',1.00000000,23450.00000000,4690.00000000,28140.00000000),(165,'AC2312-0007',1,NULL,NULL,NULL,3,NULL,220,'2023-12-05 18:13:02','2023-12-05',NULL,'2023-12-05 18:16:30','2023-12-15 15:13:22',NULL,1,0.00000000,NULL,NULL,0,NULL,NULL,2010.00000000,0.00000000,0.00000000,0.00000000,10050.00000000,12060.00000000,2,2,2,2,2,NULL,NULL,NULL,NULL,155,1,NULL,1,2,'2023-12-06',NULL,'Facture d\'acompte de 30% du projet VR-Brush (Facture impactée : FA2312-0121)\r\n\r\nQBRanch SAS est agréé CII. Ce dispositif permet à nos clients de bénéficier d\'un crédit d\'impôts relatif au coût du projet innovant sous traité à QBranch.','crabe','facture/AC2312-0007/AC2312-0007.pdf',0,'',NULL,NULL,NULL,0,0,'2023-12-06',0,NULL,NULL,1,'EUR',1.00000000,10050.00000000,2010.00000000,12060.00000000),(166,'FA2312-0122',1,NULL,NULL,NULL,0,NULL,273,'2023-12-15 15:07:26','2023-12-01',NULL,'2023-12-19 13:58:19',NULL,NULL,0,0.00000000,NULL,NULL,0,NULL,NULL,0.00000000,0.00000000,0.00000000,0.00000000,47750.00000000,47750.00000000,1,2,NULL,2,NULL,NULL,NULL,NULL,NULL,117,1,NULL,1,2,'2023-12-02',NULL,'Augmented reality improvement for video feedback on a tele-operated robotic solution, for demonstration purpose on a simulation system.','crabe','facture/FA2312-0122/FA2312-0122.pdf',0,'',NULL,NULL,NULL,0,0,'2023-12-02',0,NULL,NULL,1,'EUR',1.00000000,47750.00000000,0.00000000,47750.00000000),(168,'AC2312-0008',1,NULL,NULL,NULL,3,NULL,273,'2023-12-15 15:11:03','2023-12-15',NULL,'2023-12-19 13:58:54',NULL,NULL,0,0.00000000,NULL,NULL,0,NULL,NULL,0.00000000,0.00000000,0.00000000,0.00000000,8250.00000000,8250.00000000,1,2,2,2,NULL,NULL,NULL,NULL,NULL,117,1,NULL,1,2,'2023-12-16',NULL,'Augmented reality improvement for video feedback on a tele-operated robotic solution, for demonstration purpose on a simulation system.\r\n\r\nPartial invoice, linked to Milestone 1','crabe','facture/AC2312-0008/AC2312-0008.pdf',0,'',NULL,NULL,NULL,0,0,'2023-12-16',0,NULL,NULL,1,'EUR',1.00000000,8250.00000000,0.00000000,8250.00000000),(169,'FA2312-0123',1,NULL,NULL,'0000143936',0,NULL,338,'2023-12-20 14:32:22','2023-12-11',NULL,'2023-12-20 14:34:02',NULL,NULL,0,0.00000000,NULL,NULL,0,NULL,NULL,260.00000000,0.00000000,0.00000000,0.00000000,1300.00000000,1560.00000000,1,2,NULL,2,NULL,NULL,NULL,NULL,NULL,164,1,NULL,6,2,'2023-12-12',NULL,'Prestation de location du système robotisé QBot pour l\'évènement \"Rolex Paris Masters\" sur l\'Accor Arena.\r\nPrestation incluant livraison en main propre, Montage/démontage/configuration/formation et sécurisation du système','crabe','facture/FA2312-0123/FA2312-0123.pdf',0,'',NULL,NULL,NULL,0,0,'2023-12-12',0,NULL,NULL,1,'EUR',1.00000000,1300.00000000,260.00000000,1560.00000000),(170,'FA2312-0124',1,NULL,NULL,NULL,0,NULL,391,'2023-12-22 16:37:40','2023-12-22',NULL,'2023-12-22 16:43:17',NULL,NULL,0,0.00000000,NULL,NULL,0,NULL,NULL,280.80000000,0.00000000,0.00000000,0.00000000,1404.00000000,1684.80000000,1,10,10,10,NULL,NULL,NULL,NULL,NULL,140,1,NULL,1,2,'2023-12-23',NULL,'cours Animation 3D  Semestre 1 2023 - Formateur : Cauchon Lauriane','crabe','facture/FA2312-0124/FA2312-0124.pdf',0,'',NULL,NULL,NULL,0,0,'2023-12-23',0,NULL,NULL,1,'EUR',1.00000000,1404.00000000,280.80000000,1684.80000000),(171,'FA2312-0125',1,NULL,NULL,'53462',0,NULL,472,'2023-12-26 15:56:49','2023-12-26',NULL,'2023-12-26 15:56:56',NULL,NULL,0,0.00000000,NULL,NULL,0,NULL,NULL,11543.49000000,0.00000000,0.00000000,0.00000000,57717.45000000,69260.94000000,1,2,NULL,2,NULL,NULL,NULL,NULL,NULL,156,1,NULL,1,2,'2023-12-27',NULL,'Fourniture des premiers exemplaires de QBot V1.0 à destination de l\'Agence France Presse','crabe','facture/FA2312-0125/FA2312-0125.pdf',0,'',NULL,NULL,NULL,0,0,'2023-12-27',0,NULL,NULL,1,'EUR',1.00000000,57717.45000000,11543.49000000,69260.94000000),(172,'FA2401-0126',1,NULL,NULL,'4001026426 - P7SD8',0,NULL,225,'2024-01-03 22:01:11','2024-01-03',NULL,'2024-01-03 22:10:25',NULL,NULL,0,0.00000000,NULL,NULL,0,NULL,NULL,10400.00000000,0.00000000,0.00000000,0.00000000,52000.00000000,62400.00000000,1,2,NULL,2,NULL,NULL,NULL,NULL,NULL,172,1,NULL,2,2,'2024-02-02',NULL,'Acquisition de 3 prototypes VR\r\nMarché n° 4001026426\r\n\r\nCode Service SAC-C\r\n\r\nn°SIRET 77568501900587','crabe','facture/FA2401-0126/FA2401-0126.pdf',0,'',NULL,NULL,NULL,0,0,'2024-02-02',0,NULL,NULL,1,'EUR',1.00000000,52000.00000000,10400.00000000,62400.00000000),(176,'AC2312-0009',1,NULL,NULL,'YM3-4502366316',3,NULL,426,'2024-01-18 08:31:49','2023-12-20',NULL,'2024-01-18 08:31:59',NULL,NULL,0,0.00000000,NULL,NULL,0,NULL,NULL,761.40000000,0.00000000,0.00000000,0.00000000,3807.00000000,4568.40000000,1,10,NULL,10,NULL,NULL,NULL,NULL,NULL,152,1,NULL,1,2,'2023-12-21',NULL,'Acompte de 30% à la commande pour la prestation de mise en valeur des produits de la société Moldtech (sur 32 jours)','crabe','facture/AC2312-0009/AC2312-0009.pdf',0,'',NULL,NULL,NULL,0,0,'2023-12-21',0,NULL,NULL,1,'EUR',1.00000000,3807.00000000,761.40000000,4568.40000000);

--
-- Table structure for table `llx_facture_extrafields`
--

CREATE TABLE `llx_facture_extrafields` (
  `rowid` int(11) NOT NULL AUTO_INCREMENT,
  `tms` timestamp NULL DEFAULT NULL,
  `fk_object` int(11) NOT NULL,
  `import_key` varchar(14) DEFAULT NULL,
  `isecheancier` int(1) DEFAULT NULL,
  PRIMARY KEY (`rowid`),
  KEY `idx_facture_extrafields` (`fk_object`)
) ENGINE=InnoDB AUTO_INCREMENT=105 DEFAULT CHARSET=latin1;

--
-- Dumping data for table `llx_facture_extrafields`
--

INSERT INTO `llx_facture_extrafields` (`rowid`, `tms`, `fk_object`, `import_key`, `isecheancier`) VALUES (1,NULL,86,NULL,NULL),(5,NULL,90,NULL,NULL),(7,NULL,92,NULL,NULL),(10,NULL,95,NULL,NULL),(11,NULL,96,NULL,NULL),(14,NULL,99,NULL,NULL),(15,NULL,100,NULL,NULL),(16,NULL,101,NULL,NULL),(17,NULL,102,NULL,NULL),(18,NULL,103,NULL,NULL),(19,NULL,104,NULL,NULL),(20,NULL,105,NULL,NULL),(22,NULL,106,NULL,NULL),(23,NULL,107,NULL,NULL),(24,NULL,108,NULL,NULL),(25,NULL,109,NULL,NULL),(26,NULL,110,NULL,NULL),(27,NULL,112,NULL,NULL),(31,NULL,113,NULL,NULL),(32,NULL,114,NULL,NULL),(33,NULL,115,NULL,NULL),(34,NULL,116,NULL,NULL),(35,NULL,117,NULL,NULL),(36,NULL,118,NULL,NULL),(37,NULL,119,NULL,NULL),(42,NULL,122,NULL,NULL),(43,NULL,123,NULL,NULL),(46,NULL,124,NULL,NULL),(50,NULL,125,NULL,NULL),(51,NULL,126,NULL,NULL),(52,NULL,127,NULL,NULL),(53,NULL,128,NULL,NULL),(54,NULL,129,NULL,NULL),(55,NULL,130,NULL,NULL),(56,NULL,131,NULL,NULL),(57,NULL,132,NULL,NULL),(58,NULL,133,NULL,NULL),(59,NULL,134,NULL,NULL),(60,NULL,135,NULL,NULL),(61,NULL,136,NULL,NULL),(62,NULL,137,NULL,NULL),(63,NULL,138,NULL,NULL),(65,NULL,140,NULL,NULL),(66,NULL,141,NULL,NULL),(67,NULL,142,NULL,NULL),(68,NULL,143,NULL,NULL),(69,NULL,144,NULL,NULL),(70,NULL,145,NULL,NULL),(71,NULL,146,NULL,NULL),(80,NULL,153,NULL,NULL),(81,NULL,154,NULL,NULL),(83,NULL,156,NULL,NULL),(84,NULL,157,NULL,NULL),(85,NULL,158,NULL,NULL),(91,NULL,163,NULL,NULL),(92,NULL,164,NULL,NULL),(93,NULL,165,NULL,NULL),(94,NULL,166,NULL,NULL),(96,NULL,168,NULL,NULL),(97,NULL,169,NULL,NULL),(98,NULL,170,NULL,NULL),(99,NULL,171,NULL,NULL),(100,NULL,172,NULL,NULL),(104,NULL,176,NULL,NULL);

--
